CREATE TABLE `role` (   `rid` int(10) unsigned NOT NULL AUTO_INCREMENT,   `name` varchar(64) NOT NULL DEFAULT '',   PRIMARY KEY (`rid`),   UNIQUE KEY `name` (`name`) ) ENGINE=InnoDB AUTO_INCREMENT=5 DEFAULT CHARSET=utf8 AUTO_INCREMENT=5;
INSERT INTO `role` VALUES ('1','anonymous user');
INSERT INTO `role` VALUES ('2','authenticated user');
INSERT INTO `role` VALUES ('3','付费会员');
INSERT INTO `role` VALUES ('4','网站管理员');
CREATE TABLE `search_dataset` (   `sid` int(10) unsigned NOT NULL DEFAULT '0',   `type` varchar(16) DEFAULT NULL,   `data` longtext NOT NULL,   KEY `sid_type` (`sid`,`type`) ) ENGINE=InnoDB DEFAULT CHARSET=utf8;
INSERT INTO `search_dataset` VALUES ('30','node',' 钢琴 课堂 测试 06中 石化 解释 北京 汽 柴油 零售 基准 价 单独 上调 原因   北京 怎么 此时 单独 涨价 涨 017元 升 是 高 是 低 昨天 针对 近日 市民 的 种种 质疑 中 石化 方面 表示 北京 单独 调价 是 6月 全国 调价 时 已确定 的 国际 油价 暴跌 到 目前 国内外 油价 持平 至于 北京 为 何 此时 单独 调价 中国 石化 销售 有限公司 副经理 夏世祥 表示 6月 19日 全国 汽 柴油 价 调整 时 国家 发改委 已 允许 这 一价 格 补偿 北京市 已 执行 欧 排放 标准 为 补偿 增加 的 成本 北京市 汽 柴油 零售 基准 价 每吨 分别 再提 高 200元 和 290元 当时 北京市 政府 综合 考虑 各种 因素 要求 将 额外 涨价 的 政策 推迟 到 奥运会 后 执行 而 事实上 早在 1月 北京 开始 供应 符合 欧 排放 标准 的 油品 时 相关 部门 已 表示 增加 的 成本 考虑到 在 随后 的 调价 中 符合 欧 排放 标准 的 油品 到底 比欧 成本 增多 少 据测 算 汽油 成本 每吨 增加 46213元 折 035元 升 柴油 53656元 折 047元 升 而 此次 上调 只有 每吨 200元 和 290元 每升 而言 以 汽油 为例 仅涨 017元 升 左右 中 石化 方面 给 记者 算了 一笔 账 欧 排放 标准 要求 汽 柴油 的 硫 含量 从 欧 标准 的 150ppm 和 350ppm 降到 50ppm 炼油 企业 需 对 炼油 设备 技术 以及 原 辅料 新增 投入 销售 环节 要 对 储运 设施 进行 改造 和 清洗 等 有关 炼厂 为此 投资 约 43 亿元 按此 测算 汽油 成本 每吨 增 32213元 柴油 增 49656元 此外 销售 环节 每吨 增加 成本 40元 之所以 此次 调价 没有 完全 上调 夏世祥 解释 目前 国内 的 油价 调整 机制 在 兼顾 国际 油价 的 同时 必须 考虑 其他 相关 因素 不过 业 内人 士 表示 人们 质疑 声音 比较 大 的 根本 原因 是 北京市 提高 油价 的 时机 不好 最近 国际 油价 正 暴跌 然而 中 石化 方面 解释 目前 下跌 到 90 美元 桶 左右 的 国际 油价 相当于 国内外 油价 持平 的 水平 甚至 国内 还 低 一点 贝 多而 卡斯特罗 1235 阿尔泰  购买  7800元   广仁课件  ');
INSERT INTO `search_dataset` VALUES ('68','node',' 贡艳玲   中国 名学 创始人 品牌 管理 专家 文化 经济学 者 易 道管 理 理论 创建 人 中国 易 道学 院 香港 执行 院长 亚洲 经济 联合会 品牌 中心 主任 亚太 城市 发展 研究会 副秘书长 中国 生产力 学会 策划 专家 委员会 专家 委员 北京 大学 清华大学 客座 教授 中国 国学 易 道管 理 讲师 名人 轩 策划 机构 董事长 他 幼承廷训 精通 儒 释 道 禅 易经 等中 国 传统文化 1g92年 创办 ldquo 名人 轩 rdquo 以 ldquo 用 我们 非凡 的 设计 创造 您 成功 的 奇迹 rdquo 为 宗旨 首次 在国际上 提出 ldquo 五变五术 rdquo 策划 系统 擅长 公司 产品 个人 品牌 命名 品牌 策划 环境 策划 宅地 策划 景观 设计 文化 创意 文化 营销 知产 管理 企业管理 等 咨询服务 其事 迹 被 浙江 卫视 专题 报道 并 著有 畅销书 取名 策划 名利双收 好家旺宅 等十余部 作品 2000 年度 被评为 全国 品牌 专家 2001 年度 被评为 全国 十大 策划 人 2003 年度 获 国际 营销 节 品牌 金奖 2005年获 全国 商标 论坛 第一名 地区 吉林 用户 id 2  联盟 教师  ');
INSERT INTO `search_dataset` VALUES ('71','node',' 韩静  韩静4岁开始学琴 2004年毕业于山西大学音乐学院2008年 经培训顺利的成为北京周广仁钢琴艺 a href yktownnet asd a 地区 北京 用户id 2  联盟教师  ');
INSERT INTO `search_dataset` VALUES ('74','node',' 贝伦斯钢琴练习曲 61012  贝伦斯钢琴练习曲 61012 周广仁 主讲人链接 about intro 经珠 谢天健 0036 贝伦斯钢琴练习曲61  广仁课件  ');
INSERT INTO `search_dataset` VALUES ('46','node',' 网友视频 网友视频四一 阿尔泰 贝多而 卡斯特罗 137  ');
INSERT INTO `search_dataset` VALUES ('45','node',' 网友视频 网友视频四二 阿尔泰 贝多而 卡斯特罗 218  ');
INSERT INTO `search_dataset` VALUES ('44','node',' 网友视频 网友视频4 阿尔泰 贝多而 卡斯特罗 357  ');
INSERT INTO `search_dataset` VALUES ('43','node',' 网友视频 网友视频三一 阿尔泰 贝多而 卡斯特罗 241  ');
INSERT INTO `search_dataset` VALUES ('59','node',' 轮转广告1 链接地址 http wwwzgrchinacom node 110 广告图  ');
INSERT INTO `search_dataset` VALUES ('60','node',' 轮转广告2 链接地址 http wwwzgrchinacom node 7 广告图  ');
INSERT INTO `search_dataset` VALUES ('96','node',' 轮转广告3 轮转广告2 链接地址 http wwwzgrchinacom node 7 广告图  ');
INSERT INTO `search_dataset` VALUES ('40','node',' 网友视频六 网友视频六 阿尔泰 贝多而 卡斯特罗 203  网友视频  ');
INSERT INTO `search_dataset` VALUES ('39','node',' 网友视频二三 网友视频二三 135  网友视频  ');
INSERT INTO `search_dataset` VALUES ('37','node',' 网友视频二二 网友视频二二 115 钢琴课堂测试06中石化解释北京汽柴油  网友视频  ');
INSERT INTO `search_dataset` VALUES ('42','node',' 网友视频三一 网友视频三一 阿尔泰 贝多而 卡斯特罗 202  网友视频  ');
INSERT INTO `search_dataset` VALUES ('41','node',' 网友视频二一 网友视频二一 阿尔泰 贝多而 卡斯特罗 202  网友视频  ');
INSERT INTO `search_dataset` VALUES ('1266','node',' 27610 info1 逄勃 0317 收费 费类 类型 1  逄勃 勃教 教学 学视 视频  ');
INSERT INTO `search_dataset` VALUES ('1269','node',' 27611 info1 逄勃 0112 收费 费类 类型 1  逄勃 勃教 教学 学视 视频  ');
INSERT INTO `search_dataset` VALUES ('1264','node',' 27612 info1 逄勃 0324 收费 费类 类型 1  逄勃 勃教 教学 学视 视频  ');
INSERT INTO `search_dataset` VALUES ('1263','node',' 27613 info1 逄勃 0255 收费 费类 类型 1  逄勃 勃教 教学 学视 视频  ');
INSERT INTO `search_dataset` VALUES ('1262','node',' 27614 info1 逄勃 0207 收费 费类 类型 1  逄勃 勃教 教学 学视 视频  ');
INSERT INTO `search_dataset` VALUES ('1261','node',' 27615 info1 逄勃 0153 收费 费类 类型 1  逄勃 勃教 教学 学视 视频  ');
INSERT INTO `search_dataset` VALUES ('1260','node',' 27616 info1 逄勃 0217 收费 费类 类型 1  逄勃 勃教 教学 学视 视频  ');
INSERT INTO `search_dataset` VALUES ('1259','node',' 27617 info1 逄勃 0203 收费 费类 类型 1  逄勃 勃教 教学 学视 视频  ');
INSERT INTO `search_dataset` VALUES ('1258','node',' 27618 info1 逄勃 0510 收费 费类 类型 1  逄勃 勃教 教学 学视 视频  ');
INSERT INTO `search_dataset` VALUES ('1257','node',' 27619 info1 逄勃 0047 收费 费类 类型 1  逄勃 勃教 教学 学视 视频  ');
INSERT INTO `search_dataset` VALUES ('1256','node',' 27620 info1 逄勃 0325 收费 费类 类型 1  逄勃 勃教 教学 学视 视频  ');
INSERT INTO `search_dataset` VALUES ('1425','node','  狂欢 欢曲 op9 选段   曲目 狂欢 欢曲 op9 选段 作曲 舒曼 演奏 徐晓 晓金 此视 视频 频为 为第 第四 四届   周广 广仁   钢琴 琴夏 夏季 季学 学院 院徐 徐晓 晓金 金独 独奏 奏会 会选 选段 3 1239  徐晓 晓金 金独 独奏 奏会  ');
INSERT INTO `search_dataset` VALUES ('1424','node',' c 大调 调钢 钢琴 琴协 协奏 奏曲 hob50 xvi 第三 三章   曲目 c 大调 调钢 钢琴 琴协 协奏 奏曲 hob50 xvi 第三 三章 作曲 海顿 演奏 徐晓 晓金 此视 视频 频为 为第 第四 四届   周广 广仁   钢琴 琴夏 夏季 季学 学院 院徐 徐晓 晓金 金独 独奏 奏会 会选 选段 1 0250  徐晓 晓金 金独 独奏 奏会  ');
INSERT INTO `search_dataset` VALUES ('1414','node','  超级 级练 练习 习曲 曲第 第十 十二 二首 雪花   曲目 超级 级练 练习 习曲 曲第 第十 十二 二首 雪花 作曲 李斯 斯特 演奏 徐晓 晓金 此视 视频 频为 2010 年第 第四 四届   周广 广仁   钢琴 琴夏 夏季 季学 学院 大连 徐晓 晓金 金独 独奏 奏会 会选 选段 2 0552  徐晓 晓金 金独 独奏 奏会  ');
INSERT INTO `search_dataset` VALUES ('1268','node',' 27608 info1 逄勃 0357 收费 费类 类型 1  希望 望逄 逄老 老师 师的 的课 课增 增加   希望 望逄 逄老 老师 师的 的课 课增 增加 加晚 晚上 上播 播出 出时 时段 谢谢 琪琪   每周 周二 二晚 晚上 20 点至 22 点   每周 周二 二晚 晚上 20 点至 22 点播 播出   逄勃 勃教 教学 学视 视频  ');
INSERT INTO `search_dataset` VALUES ('2146','node',' 2012 周广 广仁 仁钢 钢琴 琴新 新人 人艺 艺术 术奖 奖轮 轮转 转图   链接 接地 地址 http wwwzgrchinacom ypa 2012 广告 告图  ');
INSERT INTO `search_dataset` VALUES ('1267','node',' 2769 info1 逄勃 0637 收费 费类 类型 1  挺好 好的   挺好 好的   逄勃 勃教 教学 学视 视频  ');
INSERT INTO `search_dataset` VALUES ('1214','node','  杜维 维诺 诺依 依手 手指 指快 快速 速预 预备 备练 练习 op27607 info1 逄勃 收费 费类 类型 1  逄勃 勃教 教学 学视 视频  ');
INSERT INTO `search_dataset` VALUES ('1215','node','  杜维 维诺 诺依 依手 手指 指快 快速 速预 预备 备练 练习 op27606 info1 逄勃 收费 费类 类型 1  逄勃 勃教 教学 学视 视频  ');
INSERT INTO `search_dataset` VALUES ('1216','node','  杜维 维诺 诺依 依手 手指 指快 快速 速预 预备 备练 练习 op27605 info1 逄勃 收费 费类 类型 1  逄勃 勃教 教学 学视 视频  ');
INSERT INTO `search_dataset` VALUES ('1217','node','  杜维 维诺 诺依 依手 手指 指快 快速 速预 预备 备练 练习 op27604 info1 逄勃 收费 费类 类型 1  逄勃 勃教 教学 学视 视频  ');
INSERT INTO `search_dataset` VALUES ('1218','node','  杜维 维诺 诺依 依手 手指 指快 快速 速预 预备 备练 练习 op27603 info1 逄勃 收费 费类 类型 1  逄勃 勃教 教学 学视 视频  ');
INSERT INTO `search_dataset` VALUES ('1219','node','  杜维 维诺 诺依 依手 手指 指快 快速 速预 预备 备练 练习 op27602 info1 逄勃 收费 费类 类型 1  逄勃 勃教 教学 学视 视频  ');
INSERT INTO `search_dataset` VALUES ('1220','node','  杜维 维诺 诺依 依手 手指 指快 快速 速预 预备 备练 练习 op27601 info1 逄勃 收费 费类 类型 1  请问 问小 小巴 巴赫 赫在 176 的多   请问 问小 小巴 巴赫 赫在 176 的多 多少 少课 课加 加进 进来 来呢 谢谢   学生 生学 学习 习杜 杜维 维诺 诺伊 176  学生 生学 学习 习杜 杜维 维诺 诺伊 176 第八 八条 条以 以后 后便 便可 可开 开始 始进 进入 入小 小巴 巴赫 赫教 教材 材了   逄勃 勃教 教学 学视 视频  ');
INSERT INTO `search_dataset` VALUES ('75','node','   ');
INSERT INTO `search_dataset` VALUES ('64','node','   ');
INSERT INTO `search_dataset` VALUES ('77','node','    ');
INSERT INTO `search_dataset` VALUES ('101','node','    ');
INSERT INTO `search_dataset` VALUES ('103','node','    ');
INSERT INTO `search_dataset` VALUES ('66','node','    ');
INSERT INTO `search_dataset` VALUES ('163','node','  ');
INSERT INTO `search_dataset` VALUES ('55','node','   ');
INSERT INTO `search_dataset` VALUES ('69','node','    ');
INSERT INTO `search_dataset` VALUES ('93','node','    ');
INSERT INTO `search_dataset` VALUES ('161','node','    ');
INSERT INTO `search_dataset` VALUES ('7','node','        ');
INSERT INTO `search_dataset` VALUES ('3','node','    ');
INSERT INTO `search_dataset` VALUES ('8','node','                              ');
INSERT INTO `search_dataset` VALUES ('187','node','    ');
INSERT INTO `search_dataset` VALUES ('189','node','    ');
INSERT INTO `search_dataset` VALUES ('196','node','    ');
INSERT INTO `search_dataset` VALUES ('201','node','    ');
INSERT INTO `search_dataset` VALUES ('202','node','    ');
INSERT INTO `search_dataset` VALUES ('110','node','    ');
INSERT INTO `search_dataset` VALUES ('203','node','   ');
INSERT INTO `search_dataset` VALUES ('215','node','    ');
INSERT INTO `search_dataset` VALUES ('230','node','  ');
INSERT INTO `search_dataset` VALUES ('199','node','        ');
INSERT INTO `search_dataset` VALUES ('383','node','   ');
INSERT INTO `search_dataset` VALUES ('390','node','        ');
INSERT INTO `search_dataset` VALUES ('121','node','                          ');
INSERT INTO `search_dataset` VALUES ('386','node','                 ');
INSERT INTO `search_dataset` VALUES ('340','node','              ');
INSERT INTO `search_dataset` VALUES ('358','node','    ');
INSERT INTO `search_dataset` VALUES ('388','node','           ');
INSERT INTO `search_dataset` VALUES ('408','node','   ');
INSERT INTO `search_dataset` VALUES ('49','node','        ');
INSERT INTO `search_dataset` VALUES ('403','node','    ');
INSERT INTO `search_dataset` VALUES ('414','node','   ');
INSERT INTO `search_dataset` VALUES ('415','node','   ');
INSERT INTO `search_dataset` VALUES ('416','node','   ');
INSERT INTO `search_dataset` VALUES ('417','node','   ');
INSERT INTO `search_dataset` VALUES ('418','node','   ');
INSERT INTO `search_dataset` VALUES ('419','node','   ');
INSERT INTO `search_dataset` VALUES ('420','node','   ');
INSERT INTO `search_dataset` VALUES ('421','node','   ');
INSERT INTO `search_dataset` VALUES ('422','node','   ');
INSERT INTO `search_dataset` VALUES ('423','node','   ');
INSERT INTO `search_dataset` VALUES ('424','node','   ');
INSERT INTO `search_dataset` VALUES ('407','node','   ');
INSERT INTO `search_dataset` VALUES ('406','node','   ');
INSERT INTO `search_dataset` VALUES ('405','node','   ');
INSERT INTO `search_dataset` VALUES ('404','node','   ');
INSERT INTO `search_dataset` VALUES ('412','node','   ');
INSERT INTO `search_dataset` VALUES ('413','node','   ');
INSERT INTO `search_dataset` VALUES ('70','node','    ');
INSERT INTO `search_dataset` VALUES ('467','node','        ');
INSERT INTO `search_dataset` VALUES ('484','node','        ');
INSERT INTO `search_dataset` VALUES ('263','node','        ');
INSERT INTO `search_dataset` VALUES ('494','node','        ');
INSERT INTO `search_dataset` VALUES ('505','node','        ');
INSERT INTO `search_dataset` VALUES ('145','node','    ');
INSERT INTO `search_dataset` VALUES ('523','node','        ');
INSERT INTO `search_dataset` VALUES ('536','node','        ');
INSERT INTO `search_dataset` VALUES ('184','node','            ');
INSERT INTO `search_dataset` VALUES ('562','node','   ');
INSERT INTO `search_dataset` VALUES ('563','node','    ');
INSERT INTO `search_dataset` VALUES ('565','node','        ');
INSERT INTO `search_dataset` VALUES ('572','node','    ');
INSERT INTO `search_dataset` VALUES ('575','node','   ');
INSERT INTO `search_dataset` VALUES ('576','node','   ');
INSERT INTO `search_dataset` VALUES ('580','node','   ');
INSERT INTO `search_dataset` VALUES ('581','node','   ');
INSERT INTO `search_dataset` VALUES ('578','node','   ');
INSERT INTO `search_dataset` VALUES ('577','node','   ');
INSERT INTO `search_dataset` VALUES ('574','node','   ');
INSERT INTO `search_dataset` VALUES ('579','node','   ');
INSERT INTO `search_dataset` VALUES ('10','node','       ');
INSERT INTO `search_dataset` VALUES ('78','node','   ');
INSERT INTO `search_dataset` VALUES ('593','node','   ');
INSERT INTO `search_dataset` VALUES ('185','node','      ');
INSERT INTO `search_dataset` VALUES ('142','node','    ');
INSERT INTO `search_dataset` VALUES ('58','node','       ');
INSERT INTO `search_dataset` VALUES ('666','node','          ');
INSERT INTO `search_dataset` VALUES ('673','node','         ');
INSERT INTO `search_dataset` VALUES ('200','node','                            ');
INSERT INTO `search_dataset` VALUES ('281','node','              ');
INSERT INTO `search_dataset` VALUES ('162','node','            ');
INSERT INTO `search_dataset` VALUES ('687','node','        ');
INSERT INTO `search_dataset` VALUES ('693','node','   ');
INSERT INTO `search_dataset` VALUES ('600','node','         ');
INSERT INTO `search_dataset` VALUES ('601','node','         ');
INSERT INTO `search_dataset` VALUES ('699','node','        ');
INSERT INTO `search_dataset` VALUES ('704','node','    ');
INSERT INTO `search_dataset` VALUES ('714','node','           ');
INSERT INTO `search_dataset` VALUES ('689','node','         ');
INSERT INTO `search_dataset` VALUES ('686','node','     ');
INSERT INTO `search_dataset` VALUES ('680','node','   ');
INSERT INTO `search_dataset` VALUES ('513','node','  ');
INSERT INTO `search_dataset` VALUES ('514','node','  ');
INSERT INTO `search_dataset` VALUES ('677','node','                         ');
INSERT INTO `search_dataset` VALUES ('676','node','   ');
INSERT INTO `search_dataset` VALUES ('518','node','      ');
INSERT INTO `search_dataset` VALUES ('520','node','         ');
INSERT INTO `search_dataset` VALUES ('671','node','   ');
INSERT INTO `search_dataset` VALUES ('524','node','  ');
INSERT INTO `search_dataset` VALUES ('668','node','       ');
INSERT INTO `search_dataset` VALUES ('526','node','      ');
INSERT INTO `search_dataset` VALUES ('664','node','       ');
INSERT INTO `search_dataset` VALUES ('521','node','  ');
INSERT INTO `search_dataset` VALUES ('546','node','           ');
INSERT INTO `search_dataset` VALUES ('663','node','          ');
INSERT INTO `search_dataset` VALUES ('662','node','           ');
INSERT INTO `search_dataset` VALUES ('550','node','           ');
INSERT INTO `search_dataset` VALUES ('654','node','      ');
INSERT INTO `search_dataset` VALUES ('653','node','                  ');
INSERT INTO `search_dataset` VALUES ('554','node','           ');
INSERT INTO `search_dataset` VALUES ('556','node','             ');
INSERT INTO `search_dataset` VALUES ('652','node','                      ');
INSERT INTO `search_dataset` VALUES ('560','node','         ');
INSERT INTO `search_dataset` VALUES ('647','node','                                        ');
INSERT INTO `search_dataset` VALUES ('566','node','                 ');
INSERT INTO `search_dataset` VALUES ('569','node','           ');
INSERT INTO `search_dataset` VALUES ('570','node','         ');
INSERT INTO `search_dataset` VALUES ('631','node','             ');
INSERT INTO `search_dataset` VALUES ('582','node','                               ');
INSERT INTO `search_dataset` VALUES ('626','node','             ');
INSERT INTO `search_dataset` VALUES ('588','node','  ');
INSERT INTO `search_dataset` VALUES ('625','node','           ');
INSERT INTO `search_dataset` VALUES ('591','node','             ');
INSERT INTO `search_dataset` VALUES ('623','node','      ');
INSERT INTO `search_dataset` VALUES ('594','node','   ');
INSERT INTO `search_dataset` VALUES ('612','node','                     ');
INSERT INTO `search_dataset` VALUES ('595','node','     ');
INSERT INTO `search_dataset` VALUES ('608','node','            ');
INSERT INTO `search_dataset` VALUES ('604','node','             ');
INSERT INTO `search_dataset` VALUES ('606','node','       ');
INSERT INTO `search_dataset` VALUES ('147','node','       ');
INSERT INTO `search_dataset` VALUES ('509','node','   ');
INSERT INTO `search_dataset` VALUES ('148','node','           ');
INSERT INTO `search_dataset` VALUES ('149','node','               ');
INSERT INTO `search_dataset` VALUES ('394','node','       ');
INSERT INTO `search_dataset` VALUES ('152','node','               ');
INSERT INTO `search_dataset` VALUES ('401','node','           ');
INSERT INTO `search_dataset` VALUES ('153','node','           ');
INSERT INTO `search_dataset` VALUES ('441','node','                   ');
INSERT INTO `search_dataset` VALUES ('154','node','                      ');
INSERT INTO `search_dataset` VALUES ('443','node','         ');
INSERT INTO `search_dataset` VALUES ('446','node','                        ');
INSERT INTO `search_dataset` VALUES ('448','node','         ');
INSERT INTO `search_dataset` VALUES ('165','node','         ');
INSERT INTO `search_dataset` VALUES ('166','node','     ');
INSERT INTO `search_dataset` VALUES ('167','node','     ');
INSERT INTO `search_dataset` VALUES ('169','node','     ');
INSERT INTO `search_dataset` VALUES ('173','node','                                                                                                                                                                                                                                                         ');
INSERT INTO `search_dataset` VALUES ('174','node','                                                                                                                                                                                                                              ');
INSERT INTO `search_dataset` VALUES ('175','node','                                                                                                                                  ');
INSERT INTO `search_dataset` VALUES ('176','node','               ');
INSERT INTO `search_dataset` VALUES ('178','node','       ');
INSERT INTO `search_dataset` VALUES ('181','node','       ');
INSERT INTO `search_dataset` VALUES ('182','node','                   ');
INSERT INTO `search_dataset` VALUES ('179','node','         ');
INSERT INTO `search_dataset` VALUES ('468','node','     ');
INSERT INTO `search_dataset` VALUES ('198','node','         ');
INSERT INTO `search_dataset` VALUES ('470','node','         ');
INSERT INTO `search_dataset` VALUES ('226','node','       ');
INSERT INTO `search_dataset` VALUES ('476','node','   ');
INSERT INTO `search_dataset` VALUES ('231','node','   ');
INSERT INTO `search_dataset` VALUES ('478','node','       ');
INSERT INTO `search_dataset` VALUES ('232','node','           ');
INSERT INTO `search_dataset` VALUES ('233','node','                             ');
INSERT INTO `search_dataset` VALUES ('234','node','           ');
INSERT INTO `search_dataset` VALUES ('480','node','      ');
INSERT INTO `search_dataset` VALUES ('235','node','        ');
INSERT INTO `search_dataset` VALUES ('485','node','    ');
INSERT INTO `search_dataset` VALUES ('236','node','   ');
INSERT INTO `search_dataset` VALUES ('488','node','        ');
INSERT INTO `search_dataset` VALUES ('495','node','   ');
INSERT INTO `search_dataset` VALUES ('238','node','      ');
INSERT INTO `search_dataset` VALUES ('500','node','   ');
INSERT INTO `search_dataset` VALUES ('507','node','   ');
INSERT INTO `search_dataset` VALUES ('239','node','         ');
INSERT INTO `search_dataset` VALUES ('508','node','     ');
INSERT INTO `search_dataset` VALUES ('241','node','      ');
INSERT INTO `search_dataset` VALUES ('362','node','                     ');
INSERT INTO `search_dataset` VALUES ('243','node','          ');
INSERT INTO `search_dataset` VALUES ('364','node','                     ');
INSERT INTO `search_dataset` VALUES ('244','node','    ');
INSERT INTO `search_dataset` VALUES ('367','node','   ');
INSERT INTO `search_dataset` VALUES ('245','node','    ');
INSERT INTO `search_dataset` VALUES ('369','node','   ');
INSERT INTO `search_dataset` VALUES ('246','node','                           ');
INSERT INTO `search_dataset` VALUES ('361','node','                          ');
INSERT INTO `search_dataset` VALUES ('247','node','               ');
INSERT INTO `search_dataset` VALUES ('378','node','       ');
INSERT INTO `search_dataset` VALUES ('248','node','    ');
INSERT INTO `search_dataset` VALUES ('379','node','                       ');
INSERT INTO `search_dataset` VALUES ('249','node','    ');
INSERT INTO `search_dataset` VALUES ('387','node','                    ');
INSERT INTO `search_dataset` VALUES ('250','node','    ');
INSERT INTO `search_dataset` VALUES ('252','node','                 ');
INSERT INTO `search_dataset` VALUES ('287','node','             ');
INSERT INTO `search_dataset` VALUES ('393','node','   ');
INSERT INTO `search_dataset` VALUES ('253','node','       ');
INSERT INTO `search_dataset` VALUES ('398','node','     ');
INSERT INTO `search_dataset` VALUES ('254','node','      ');
INSERT INTO `search_dataset` VALUES ('442','node','       ');
INSERT INTO `search_dataset` VALUES ('255','node','     ');
INSERT INTO `search_dataset` VALUES ('256','node','         ');
INSERT INTO `search_dataset` VALUES ('447','node','                     ');
INSERT INTO `search_dataset` VALUES ('257','node','                                        ');
INSERT INTO `search_dataset` VALUES ('453','node','        ');
INSERT INTO `search_dataset` VALUES ('258','node','              ');
INSERT INTO `search_dataset` VALUES ('259','node','                ');
INSERT INTO `search_dataset` VALUES ('455','node','         ');
INSERT INTO `search_dataset` VALUES ('450','node','             ');
INSERT INTO `search_dataset` VALUES ('260','node','    ');
INSERT INTO `search_dataset` VALUES ('261','node','                             ');
INSERT INTO `search_dataset` VALUES ('461','node','         ');
INSERT INTO `search_dataset` VALUES ('262','node','                        ');
INSERT INTO `search_dataset` VALUES ('465','node','    ');
INSERT INTO `search_dataset` VALUES ('266','node','                                                                                                                                                                                                                                                                                                                                                                                                                                                       ');
INSERT INTO `search_dataset` VALUES ('469','node','     ');
INSERT INTO `search_dataset` VALUES ('267','node','      ');
INSERT INTO `search_dataset` VALUES ('477','node','       ');
INSERT INTO `search_dataset` VALUES ('268','node','      ');
INSERT INTO `search_dataset` VALUES ('481','node','    ');
INSERT INTO `search_dataset` VALUES ('483','node','   ');
INSERT INTO `search_dataset` VALUES ('269','node','          ');
INSERT INTO `search_dataset` VALUES ('489','node','      ');
INSERT INTO `search_dataset` VALUES ('270','node','       ');
INSERT INTO `search_dataset` VALUES ('498','node','                           ');
INSERT INTO `search_dataset` VALUES ('272','node','      ');
INSERT INTO `search_dataset` VALUES ('273','node','       ');
INSERT INTO `search_dataset` VALUES ('326','node','                         ');
INSERT INTO `search_dataset` VALUES ('274','node','     ');
INSERT INTO `search_dataset` VALUES ('331','node','                        ');
INSERT INTO `search_dataset` VALUES ('275','node','   ');
INSERT INTO `search_dataset` VALUES ('333','node','                          ');
INSERT INTO `search_dataset` VALUES ('336','node','                     ');
INSERT INTO `search_dataset` VALUES ('276','node','      ');
INSERT INTO `search_dataset` VALUES ('337','node','       ');
INSERT INTO `search_dataset` VALUES ('277','node','                 ');
INSERT INTO `search_dataset` VALUES ('339','node','                 ');
INSERT INTO `search_dataset` VALUES ('278','node','       ');
INSERT INTO `search_dataset` VALUES ('342','node','               ');
INSERT INTO `search_dataset` VALUES ('280','node','           ');
INSERT INTO `search_dataset` VALUES ('345','node','      ');
INSERT INTO `search_dataset` VALUES ('271','node','     ');
INSERT INTO `search_dataset` VALUES ('349','node','                   ');
INSERT INTO `search_dataset` VALUES ('282','node','      ');
INSERT INTO `search_dataset` VALUES ('350','node','       ');
INSERT INTO `search_dataset` VALUES ('283','node','           ');
INSERT INTO `search_dataset` VALUES ('352','node','     ');
INSERT INTO `search_dataset` VALUES ('284','node','   ');
INSERT INTO `search_dataset` VALUES ('354','node','             ');
INSERT INTO `search_dataset` VALUES ('285','node','       ');
INSERT INTO `search_dataset` VALUES ('357','node','           ');
INSERT INTO `search_dataset` VALUES ('286','node','       ');
INSERT INTO `search_dataset` VALUES ('365','node','                  ');
INSERT INTO `search_dataset` VALUES ('288','node','        ');
INSERT INTO `search_dataset` VALUES ('370','node','         ');
INSERT INTO `search_dataset` VALUES ('289','node','         ');
INSERT INTO `search_dataset` VALUES ('371','node','                           ');
INSERT INTO `search_dataset` VALUES ('290','node','   ');
INSERT INTO `search_dataset` VALUES ('389','node','               ');
INSERT INTO `search_dataset` VALUES ('392','node','               ');
INSERT INTO `search_dataset` VALUES ('440','node','   ');
INSERT INTO `search_dataset` VALUES ('444','node','     ');
INSERT INTO `search_dataset` VALUES ('291','node','      ');
INSERT INTO `search_dataset` VALUES ('292','node','     ');
INSERT INTO `search_dataset` VALUES ('449','node','       ');
INSERT INTO `search_dataset` VALUES ('454','node','        ');
INSERT INTO `search_dataset` VALUES ('237','node','     ');
INSERT INTO `search_dataset` VALUES ('460','node','       ');
INSERT INTO `search_dataset` VALUES ('298','node','   ');
INSERT INTO `search_dataset` VALUES ('466','node','  ');
INSERT INTO `search_dataset` VALUES ('297','node','     ');
INSERT INTO `search_dataset` VALUES ('479','node','                   ');
INSERT INTO `search_dataset` VALUES ('296','node','   ');
INSERT INTO `search_dataset` VALUES ('486','node','         ');
INSERT INTO `search_dataset` VALUES ('295','node','   ');
INSERT INTO `search_dataset` VALUES ('482','node','       ');
INSERT INTO `search_dataset` VALUES ('293','node','   ');
INSERT INTO `search_dataset` VALUES ('301','node','                                                                                                                                                                         ');
INSERT INTO `search_dataset` VALUES ('302','node','                   ');
INSERT INTO `search_dataset` VALUES ('462','node','     ');
INSERT INTO `search_dataset` VALUES ('303','node','      ');
INSERT INTO `search_dataset` VALUES ('456','node','           ');
INSERT INTO `search_dataset` VALUES ('304','node','         ');
INSERT INTO `search_dataset` VALUES ('452','node','     ');
INSERT INTO `search_dataset` VALUES ('305','node','         ');
INSERT INTO `search_dataset` VALUES ('306','node','                                             ');
INSERT INTO `search_dataset` VALUES ('307','node','           ');
INSERT INTO `search_dataset` VALUES ('374','node','       ');
INSERT INTO `search_dataset` VALUES ('308','node','       ');
INSERT INTO `search_dataset` VALUES ('368','node','     ');
INSERT INTO `search_dataset` VALUES ('309','node','                                ');
INSERT INTO `search_dataset` VALUES ('356','node','                       ');
INSERT INTO `search_dataset` VALUES ('310','node','                   ');
INSERT INTO `search_dataset` VALUES ('363','node','         ');
INSERT INTO `search_dataset` VALUES ('311','node','     ');
INSERT INTO `search_dataset` VALUES ('353','node','               ');
INSERT INTO `search_dataset` VALUES ('312','node','                                     ');
INSERT INTO `search_dataset` VALUES ('313','node','     ');
INSERT INTO `search_dataset` VALUES ('351','node','                       ');
INSERT INTO `search_dataset` VALUES ('314','node','     ');
INSERT INTO `search_dataset` VALUES ('347','node','              ');
INSERT INTO `search_dataset` VALUES ('315','node','   ');
INSERT INTO `search_dataset` VALUES ('346','node','         ');
INSERT INTO `search_dataset` VALUES ('316','node','                           ');
INSERT INTO `search_dataset` VALUES ('344','node','         ');
INSERT INTO `search_dataset` VALUES ('317','node','                   ');
INSERT INTO `search_dataset` VALUES ('341','node','           ');
INSERT INTO `search_dataset` VALUES ('318','node','         ');
INSERT INTO `search_dataset` VALUES ('338','node','           ');
INSERT INTO `search_dataset` VALUES ('319','node','     ');
INSERT INTO `search_dataset` VALUES ('334','node','              ');
INSERT INTO `search_dataset` VALUES ('321','node','             ');
INSERT INTO `search_dataset` VALUES ('322','node','                   ');
INSERT INTO `search_dataset` VALUES ('299','node','                                        ');
INSERT INTO `search_dataset` VALUES ('328','node','         ');
INSERT INTO `search_dataset` VALUES ('323','node','       ');
INSERT INTO `search_dataset` VALUES ('324','node','             ');
INSERT INTO `search_dataset` VALUES ('144','node','                                                         ');
INSERT INTO `search_dataset` VALUES ('141','node','             ');
INSERT INTO `search_dataset` VALUES ('140','node','         ');
INSERT INTO `search_dataset` VALUES ('139','node','         ');
INSERT INTO `search_dataset` VALUES ('137','node','                              ');
INSERT INTO `search_dataset` VALUES ('136','node','        ');
INSERT INTO `search_dataset` VALUES ('134','node','             ');
INSERT INTO `search_dataset` VALUES ('126','node','                                 ');
INSERT INTO `search_dataset` VALUES ('125','node','           ');
INSERT INTO `search_dataset` VALUES ('124','node','             ');
INSERT INTO `search_dataset` VALUES ('119','node','         ');
INSERT INTO `search_dataset` VALUES ('158','node','          ');
INSERT INTO `search_dataset` VALUES ('717','node','           ');
INSERT INTO `search_dataset` VALUES ('724','node','   ');
INSERT INTO `search_dataset` VALUES ('729','node','   ');
INSERT INTO `search_dataset` VALUES ('728','node','   ');
INSERT INTO `search_dataset` VALUES ('727','node','   ');
INSERT INTO `search_dataset` VALUES ('726','node','   ');
INSERT INTO `search_dataset` VALUES ('730','node','   ');
INSERT INTO `search_dataset` VALUES ('731','node','   ');
INSERT INTO `search_dataset` VALUES ('732','node','   ');
INSERT INTO `search_dataset` VALUES ('734','node','   ');
INSERT INTO `search_dataset` VALUES ('735','node','   ');
INSERT INTO `search_dataset` VALUES ('737','node','   ');
INSERT INTO `search_dataset` VALUES ('738','node','   ');
INSERT INTO `search_dataset` VALUES ('741','node','   ');
INSERT INTO `search_dataset` VALUES ('742','node','   ');
INSERT INTO `search_dataset` VALUES ('743','node','   ');
INSERT INTO `search_dataset` VALUES ('632','node','               ');
INSERT INTO `search_dataset` VALUES ('746','node','   ');
INSERT INTO `search_dataset` VALUES ('749','node','   ');
INSERT INTO `search_dataset` VALUES ('747','node','   ');
INSERT INTO `search_dataset` VALUES ('748','node','   ');
INSERT INTO `search_dataset` VALUES ('750','node','   ');
INSERT INTO `search_dataset` VALUES ('752','node','  ');
INSERT INTO `search_dataset` VALUES ('755','node','   ');
INSERT INTO `search_dataset` VALUES ('754','node','   ');
INSERT INTO `search_dataset` VALUES ('740','node','   ');
INSERT INTO `search_dataset` VALUES ('753','node','   ');
INSERT INTO `search_dataset` VALUES ('89','node','   ');
INSERT INTO `search_dataset` VALUES ('90','node','   ');
INSERT INTO `search_dataset` VALUES ('88','node','   ');
INSERT INTO `search_dataset` VALUES ('79','node','   ');
INSERT INTO `search_dataset` VALUES ('92','node','   ');
INSERT INTO `search_dataset` VALUES ('91','node','   ');
INSERT INTO `search_dataset` VALUES ('191','node','   ');
INSERT INTO `search_dataset` VALUES ('192','node','   ');
INSERT INTO `search_dataset` VALUES ('193','node','   ');
INSERT INTO `search_dataset` VALUES ('194','node','   ');
INSERT INTO `search_dataset` VALUES ('751','node','   ');
INSERT INTO `search_dataset` VALUES ('733','node','   ');
INSERT INTO `search_dataset` VALUES ('739','node','   ');
INSERT INTO `search_dataset` VALUES ('736','node','   ');
INSERT INTO `search_dataset` VALUES ('170','node','        ');
INSERT INTO `search_dataset` VALUES ('211','node','   ');
INSERT INTO `search_dataset` VALUES ('212','node','   ');
INSERT INTO `search_dataset` VALUES ('213','node','   ');
INSERT INTO `search_dataset` VALUES ('214','node','   ');
INSERT INTO `search_dataset` VALUES ('758','node','   ');
INSERT INTO `search_dataset` VALUES ('759','node','   ');
INSERT INTO `search_dataset` VALUES ('760','node','   ');
INSERT INTO `search_dataset` VALUES ('761','node','   ');
INSERT INTO `search_dataset` VALUES ('762','node','   ');
INSERT INTO `search_dataset` VALUES ('763','node','   ');
INSERT INTO `search_dataset` VALUES ('764','node','   ');
INSERT INTO `search_dataset` VALUES ('765','node','   ');
INSERT INTO `search_dataset` VALUES ('766','node','   ');
INSERT INTO `search_dataset` VALUES ('767','node','   ');
INSERT INTO `search_dataset` VALUES ('204','node','   ');
INSERT INTO `search_dataset` VALUES ('205','node','   ');
INSERT INTO `search_dataset` VALUES ('206','node','   ');
INSERT INTO `search_dataset` VALUES ('207','node','   ');
INSERT INTO `search_dataset` VALUES ('208','node','   ');
INSERT INTO `search_dataset` VALUES ('769','node','   ');
INSERT INTO `search_dataset` VALUES ('770','node','   ');
INSERT INTO `search_dataset` VALUES ('771','node','   ');
INSERT INTO `search_dataset` VALUES ('772','node','   ');
INSERT INTO `search_dataset` VALUES ('773','node','   ');
INSERT INTO `search_dataset` VALUES ('774','node','   ');
INSERT INTO `search_dataset` VALUES ('775','node','   ');
INSERT INTO `search_dataset` VALUES ('776','node','   ');
INSERT INTO `search_dataset` VALUES ('777','node','   ');
INSERT INTO `search_dataset` VALUES ('778','node','   ');
INSERT INTO `search_dataset` VALUES ('779','node','   ');
INSERT INTO `search_dataset` VALUES ('780','node','   ');
INSERT INTO `search_dataset` VALUES ('781','node','   ');
INSERT INTO `search_dataset` VALUES ('782','node','   ');
INSERT INTO `search_dataset` VALUES ('783','node','   ');
INSERT INTO `search_dataset` VALUES ('784','node','   ');
INSERT INTO `search_dataset` VALUES ('785','node','   ');
INSERT INTO `search_dataset` VALUES ('786','node','   ');
INSERT INTO `search_dataset` VALUES ('787','node','   ');
INSERT INTO `search_dataset` VALUES ('788','node','   ');
INSERT INTO `search_dataset` VALUES ('789','node','   ');
INSERT INTO `search_dataset` VALUES ('790','node','   ');
INSERT INTO `search_dataset` VALUES ('791','node','   ');
INSERT INTO `search_dataset` VALUES ('792','node','   ');
INSERT INTO `search_dataset` VALUES ('793','node','   ');
INSERT INTO `search_dataset` VALUES ('794','node','   ');
INSERT INTO `search_dataset` VALUES ('795','node','   ');
INSERT INTO `search_dataset` VALUES ('796','node','  ');
INSERT INTO `search_dataset` VALUES ('797','node','   ');
INSERT INTO `search_dataset` VALUES ('799','node','   ');
INSERT INTO `search_dataset` VALUES ('798','node','   ');
INSERT INTO `search_dataset` VALUES ('800','node','   ');
INSERT INTO `search_dataset` VALUES ('801','node','   ');
INSERT INTO `search_dataset` VALUES ('802','node','   ');
INSERT INTO `search_dataset` VALUES ('803','node','   ');
INSERT INTO `search_dataset` VALUES ('216','node','   ');
INSERT INTO `search_dataset` VALUES ('217','node','   ');
INSERT INTO `search_dataset` VALUES ('218','node','   ');
INSERT INTO `search_dataset` VALUES ('219','node','   ');
INSERT INTO `search_dataset` VALUES ('395','node','   ');
INSERT INTO `search_dataset` VALUES ('396','node','   ');
INSERT INTO `search_dataset` VALUES ('805','node','   ');
INSERT INTO `search_dataset` VALUES ('397','node','   ');
INSERT INTO `search_dataset` VALUES ('806','node','   ');
INSERT INTO `search_dataset` VALUES ('807','node','   ');
INSERT INTO `search_dataset` VALUES ('808','node','   ');
INSERT INTO `search_dataset` VALUES ('756','node','           ');
INSERT INTO `search_dataset` VALUES ('809','node','           ');
INSERT INTO `search_dataset` VALUES ('828','node','    ');
INSERT INTO `search_dataset` VALUES ('830','node','    ');
INSERT INTO `search_dataset` VALUES ('831','node','    ');
INSERT INTO `search_dataset` VALUES ('812','node','   ');
INSERT INTO `search_dataset` VALUES ('811','node','   ');
INSERT INTO `search_dataset` VALUES ('813','node','   ');
INSERT INTO `search_dataset` VALUES ('814','node','   ');
INSERT INTO `search_dataset` VALUES ('815','node','   ');
INSERT INTO `search_dataset` VALUES ('816','node','   ');
INSERT INTO `search_dataset` VALUES ('817','node','   ');
INSERT INTO `search_dataset` VALUES ('818','node','   ');
INSERT INTO `search_dataset` VALUES ('819','node','   ');
INSERT INTO `search_dataset` VALUES ('820','node','   ');
INSERT INTO `search_dataset` VALUES ('821','node','   ');
INSERT INTO `search_dataset` VALUES ('822','node','   ');
INSERT INTO `search_dataset` VALUES ('823','node','   ');
INSERT INTO `search_dataset` VALUES ('824','node','   ');
INSERT INTO `search_dataset` VALUES ('825','node','   ');
INSERT INTO `search_dataset` VALUES ('826','node','   ');
INSERT INTO `search_dataset` VALUES ('224','node','   ');
INSERT INTO `search_dataset` VALUES ('221','node','   ');
INSERT INTO `search_dataset` VALUES ('222','node','   ');
INSERT INTO `search_dataset` VALUES ('223','node','   ');
INSERT INTO `search_dataset` VALUES ('835','node','   ');
INSERT INTO `search_dataset` VALUES ('129','node','                     ');
INSERT INTO `search_dataset` VALUES ('852','node','   ');
INSERT INTO `search_dataset` VALUES ('854','node','   ');
INSERT INTO `search_dataset` VALUES ('853','node','   ');
INSERT INTO `search_dataset` VALUES ('848','node','   ');
INSERT INTO `search_dataset` VALUES ('849','node','   ');
INSERT INTO `search_dataset` VALUES ('694','node','        ');
INSERT INTO `search_dataset` VALUES ('624','node','        ');
INSERT INTO `search_dataset` VALUES ('703','node','                  ');
INSERT INTO `search_dataset` VALUES ('850','node','   ');
INSERT INTO `search_dataset` VALUES ('851','node','   ');
INSERT INTO `search_dataset` VALUES ('857','node','   ');
INSERT INTO `search_dataset` VALUES ('858','node','   ');
INSERT INTO `search_dataset` VALUES ('859','node','   ');
INSERT INTO `search_dataset` VALUES ('861','node','   ');
INSERT INTO `search_dataset` VALUES ('862','node','   ');
INSERT INTO `search_dataset` VALUES ('863','node','   ');
INSERT INTO `search_dataset` VALUES ('864','node','   ');
INSERT INTO `search_dataset` VALUES ('865','node','   ');
INSERT INTO `search_dataset` VALUES ('866','node','   ');
INSERT INTO `search_dataset` VALUES ('867','node','   ');
INSERT INTO `search_dataset` VALUES ('868','node','   ');
INSERT INTO `search_dataset` VALUES ('869','node','   ');
INSERT INTO `search_dataset` VALUES ('870','node','   ');
INSERT INTO `search_dataset` VALUES ('871','node','   ');
INSERT INTO `search_dataset` VALUES ('872','node','   ');
INSERT INTO `search_dataset` VALUES ('873','node','   ');
INSERT INTO `search_dataset` VALUES ('874','node','   ');
INSERT INTO `search_dataset` VALUES ('875','node','   ');
INSERT INTO `search_dataset` VALUES ('876','node','   ');
INSERT INTO `search_dataset` VALUES ('878','node','   ');
INSERT INTO `search_dataset` VALUES ('883','node','   ');
INSERT INTO `search_dataset` VALUES ('884','node','   ');
INSERT INTO `search_dataset` VALUES ('885','node','   ');
INSERT INTO `search_dataset` VALUES ('886','node','   ');
INSERT INTO `search_dataset` VALUES ('887','node','   ');
INSERT INTO `search_dataset` VALUES ('888','node','   ');
INSERT INTO `search_dataset` VALUES ('889','node','   ');
INSERT INTO `search_dataset` VALUES ('890','node','   ');
INSERT INTO `search_dataset` VALUES ('891','node','   ');
INSERT INTO `search_dataset` VALUES ('892','node','   ');
INSERT INTO `search_dataset` VALUES ('893','node','   ');
INSERT INTO `search_dataset` VALUES ('894','node','   ');
INSERT INTO `search_dataset` VALUES ('895','node','   ');
INSERT INTO `search_dataset` VALUES ('896','node','   ');
INSERT INTO `search_dataset` VALUES ('897','node','   ');
INSERT INTO `search_dataset` VALUES ('899','node','   ');
INSERT INTO `search_dataset` VALUES ('898','node','   ');
INSERT INTO `search_dataset` VALUES ('882','node','   ');
INSERT INTO `search_dataset` VALUES ('903','node','   ');
INSERT INTO `search_dataset` VALUES ('904','node','   ');
INSERT INTO `search_dataset` VALUES ('905','node','   ');
INSERT INTO `search_dataset` VALUES ('906','node','   ');
INSERT INTO `search_dataset` VALUES ('907','node','   ');
INSERT INTO `search_dataset` VALUES ('908','node','   ');
INSERT INTO `search_dataset` VALUES ('909','node','   ');
INSERT INTO `search_dataset` VALUES ('910','node','   ');
INSERT INTO `search_dataset` VALUES ('911','node','   ');
INSERT INTO `search_dataset` VALUES ('912','node','   ');
INSERT INTO `search_dataset` VALUES ('923','node','   ');
INSERT INTO `search_dataset` VALUES ('922','node','   ');
INSERT INTO `search_dataset` VALUES ('920','node','   ');
INSERT INTO `search_dataset` VALUES ('919','node','   ');
INSERT INTO `search_dataset` VALUES ('926','node','   ');
INSERT INTO `search_dataset` VALUES ('927','node','   ');
INSERT INTO `search_dataset` VALUES ('929','node','   ');
INSERT INTO `search_dataset` VALUES ('930','node','   ');
INSERT INTO `search_dataset` VALUES ('933','node','   ');
INSERT INTO `search_dataset` VALUES ('934','node','   ');
INSERT INTO `search_dataset` VALUES ('935','node','   ');
INSERT INTO `search_dataset` VALUES ('900','node','    ');
INSERT INTO `search_dataset` VALUES ('901','node','    ');
INSERT INTO `search_dataset` VALUES ('879','node','     ');
INSERT INTO `search_dataset` VALUES ('845','node','        ');
INSERT INTO `search_dataset` VALUES ('860','node','    ');
INSERT INTO `search_dataset` VALUES ('847','node','    ');
INSERT INTO `search_dataset` VALUES ('844','node','        ');
INSERT INTO `search_dataset` VALUES ('846','node','      ');
INSERT INTO `search_dataset` VALUES ('855','node','    ');
INSERT INTO `search_dataset` VALUES ('941','node','   ');
INSERT INTO `search_dataset` VALUES ('942','node','   ');
INSERT INTO `search_dataset` VALUES ('943','node','   ');
INSERT INTO `search_dataset` VALUES ('944','node','   ');
INSERT INTO `search_dataset` VALUES ('945','node','   ');
INSERT INTO `search_dataset` VALUES ('948','node','   ');
INSERT INTO `search_dataset` VALUES ('949','node','   ');
INSERT INTO `search_dataset` VALUES ('950','node','   ');
INSERT INTO `search_dataset` VALUES ('936','node','   ');
INSERT INTO `search_dataset` VALUES ('880','node','    ');
INSERT INTO `search_dataset` VALUES ('918','node','   ');
INSERT INTO `search_dataset` VALUES ('917','node','   ');
INSERT INTO `search_dataset` VALUES ('915','node','   ');
INSERT INTO `search_dataset` VALUES ('937','node','        ');
INSERT INTO `search_dataset` VALUES ('940','node','   ');
INSERT INTO `search_dataset` VALUES ('913','node','   ');
INSERT INTO `search_dataset` VALUES ('924','node','   ');
INSERT INTO `search_dataset` VALUES ('471','node','     ');
INSERT INTO `search_dataset` VALUES ('384','node','     ');
INSERT INTO `search_dataset` VALUES ('955','node','        ');
INSERT INTO `search_dataset` VALUES ('160','node','                                           ');
INSERT INTO `search_dataset` VALUES ('966','node','        ');
INSERT INTO `search_dataset` VALUES ('957','node','        ');
INSERT INTO `search_dataset` VALUES ('451','node','                                     ');
INSERT INTO `search_dataset` VALUES ('972','node','    ');
INSERT INTO `search_dataset` VALUES ('971','node','    ');
INSERT INTO `search_dataset` VALUES ('969','node','            ');
INSERT INTO `search_dataset` VALUES ('951','node','      ');
INSERT INTO `search_dataset` VALUES ('976','node','        ');
INSERT INTO `search_dataset` VALUES ('411','node','            ');
INSERT INTO `search_dataset` VALUES ('981','node','        ');
INSERT INTO `search_dataset` VALUES ('385','node','             ');
INSERT INTO `search_dataset` VALUES ('983','node','          ');
INSERT INTO `search_dataset` VALUES ('986','node','    ');
INSERT INTO `search_dataset` VALUES ('118','node','                                       ');
INSERT INTO `search_dataset` VALUES ('9','node','          ');
INSERT INTO `search_dataset` VALUES ('102','node','    ');
INSERT INTO `search_dataset` VALUES ('989','node','                ');
INSERT INTO `search_dataset` VALUES ('992','node','    ');
INSERT INTO `search_dataset` VALUES ('995','node','   ');
INSERT INTO `search_dataset` VALUES ('1001','node','   ');
INSERT INTO `search_dataset` VALUES ('1000','node','   ');
INSERT INTO `search_dataset` VALUES ('999','node','   ');
INSERT INTO `search_dataset` VALUES ('997','node','   ');
INSERT INTO `search_dataset` VALUES ('996','node','   ');
INSERT INTO `search_dataset` VALUES ('998','node','   ');
INSERT INTO `search_dataset` VALUES ('768','node','     ');
INSERT INTO `search_dataset` VALUES ('987','node','      ');
INSERT INTO `search_dataset` VALUES ('589','node','                                        ');
INSERT INTO `search_dataset` VALUES ('1009','node','   ');
INSERT INTO `search_dataset` VALUES ('1010','node','      ');
INSERT INTO `search_dataset` VALUES ('856','node','     ');
INSERT INTO `search_dataset` VALUES ('1015','node','      ');
INSERT INTO `search_dataset` VALUES ('994','node','        ');
INSERT INTO `search_dataset` VALUES ('1033','node','    ');
INSERT INTO `search_dataset` VALUES ('1029','node','    ');
INSERT INTO `search_dataset` VALUES ('1034','node','      ');
INSERT INTO `search_dataset` VALUES ('73','node','      ');
INSERT INTO `search_dataset` VALUES ('542','node','    ');
INSERT INTO `search_dataset` VALUES ('1039','node','        ');
INSERT INTO `search_dataset` VALUES ('1041','node','     ');
INSERT INTO `search_dataset` VALUES ('1055','node','   ');
INSERT INTO `search_dataset` VALUES ('1060','node','   ');
INSERT INTO `search_dataset` VALUES ('1067','node','   ');
INSERT INTO `search_dataset` VALUES ('1073','node','   ');
INSERT INTO `search_dataset` VALUES ('1076','node','   ');
INSERT INTO `search_dataset` VALUES ('1059','node','   ');
INSERT INTO `search_dataset` VALUES ('1083','node','   ');
INSERT INTO `search_dataset` VALUES ('1085','node','      ');
INSERT INTO `search_dataset` VALUES ('1079','node','   ');
INSERT INTO `search_dataset` VALUES ('1068','node','   ');
INSERT INTO `search_dataset` VALUES ('1078','node','   ');
INSERT INTO `search_dataset` VALUES ('1006','node','   ');
INSERT INTO `search_dataset` VALUES ('1058','node','   ');
INSERT INTO `search_dataset` VALUES ('1080','node','   ');
INSERT INTO `search_dataset` VALUES ('1075','node','   ');
INSERT INTO `search_dataset` VALUES ('1057','node','   ');
INSERT INTO `search_dataset` VALUES ('1069','node','   ');
INSERT INTO `search_dataset` VALUES ('1042','node','   ');
INSERT INTO `search_dataset` VALUES ('1054','node','   ');
INSERT INTO `search_dataset` VALUES ('1077','node','   ');
INSERT INTO `search_dataset` VALUES ('1044','node','   ');
INSERT INTO `search_dataset` VALUES ('1062','node','    ');
INSERT INTO `search_dataset` VALUES ('1088','node','    ');
INSERT INTO `search_dataset` VALUES ('1090','node','    ');
INSERT INTO `search_dataset` VALUES ('1100','node','      ');
INSERT INTO `search_dataset` VALUES ('1065','node','    ');
INSERT INTO `search_dataset` VALUES ('1108','node','    ');
INSERT INTO `search_dataset` VALUES ('1109','node','    ');
INSERT INTO `search_dataset` VALUES ('1082','node','      ');
INSERT INTO `search_dataset` VALUES ('1011','node','     ');
INSERT INTO `search_dataset` VALUES ('1037','node','       ');
INSERT INTO `search_dataset` VALUES ('1012','node','       ');
INSERT INTO `search_dataset` VALUES ('698','node','           ');
INSERT INTO `search_dataset` VALUES ('980','node','    ');
INSERT INTO `search_dataset` VALUES ('967','node','         ');
INSERT INTO `search_dataset` VALUES ('1087','node','       ');
INSERT INTO `search_dataset` VALUES ('1112','node','    ');
INSERT INTO `search_dataset` VALUES ('1089','node','    ');
INSERT INTO `search_dataset` VALUES ('1101','node','           ');
INSERT INTO `search_dataset` VALUES ('1074','node','   ');
INSERT INTO `search_dataset` VALUES ('1070','node','   ');
INSERT INTO `search_dataset` VALUES ('1043','node','   ');
INSERT INTO `search_dataset` VALUES ('72','node','    ');
INSERT INTO `search_dataset` VALUES ('1049','node','    ');
INSERT INTO `search_dataset` VALUES ('1081','node','    ');
INSERT INTO `search_dataset` VALUES ('1116','node','   ');
INSERT INTO `search_dataset` VALUES ('1113','node','      ');
INSERT INTO `search_dataset` VALUES ('1118','node','    ');
INSERT INTO `search_dataset` VALUES ('1119','node','    ');
INSERT INTO `search_dataset` VALUES ('1120','node','    ');
INSERT INTO `search_dataset` VALUES ('1121','node','    ');
INSERT INTO `search_dataset` VALUES ('1122','node','    ');
INSERT INTO `search_dataset` VALUES ('1125','node','            ');
INSERT INTO `search_dataset` VALUES ('1091','node','         ');
INSERT INTO `search_dataset` VALUES ('1127','node','    ');
INSERT INTO `search_dataset` VALUES ('1132','node','    ');
INSERT INTO `search_dataset` VALUES ('1137','node','    ');
INSERT INTO `search_dataset` VALUES ('1139','node','    ');
INSERT INTO `search_dataset` VALUES ('1136','node','    ');
INSERT INTO `search_dataset` VALUES ('1142','node','  ');
INSERT INTO `search_dataset` VALUES ('1140','node','  ');
INSERT INTO `search_dataset` VALUES ('540','node','                  ');
INSERT INTO `search_dataset` VALUES ('1144','node','            ');
INSERT INTO `search_dataset` VALUES ('1141','node','      ');
INSERT INTO `search_dataset` VALUES ('1135','node','    ');
INSERT INTO `search_dataset` VALUES ('1123','node','    ');
INSERT INTO `search_dataset` VALUES ('696','node','          ');
INSERT INTO `search_dataset` VALUES ('1163','node','  ');
INSERT INTO `search_dataset` VALUES ('1164','node','  ');
INSERT INTO `search_dataset` VALUES ('1166','node','  ');
INSERT INTO `search_dataset` VALUES ('1150','node','      ');
INSERT INTO `search_dataset` VALUES ('1063','node','      ');
INSERT INTO `search_dataset` VALUES ('1168','node','        ');
INSERT INTO `search_dataset` VALUES ('1170','node','    ');
INSERT INTO `search_dataset` VALUES ('1169','node','   ');
INSERT INTO `search_dataset` VALUES ('1007','node','              ');
INSERT INTO `search_dataset` VALUES ('1171','node','    ');
INSERT INTO `search_dataset` VALUES ('1173','node','    ');
INSERT INTO `search_dataset` VALUES ('1165','node','  ');
INSERT INTO `search_dataset` VALUES ('1177','node','    ');
INSERT INTO `search_dataset` VALUES ('991','node','                       ');
INSERT INTO `search_dataset` VALUES ('836','node','                   ');
INSERT INTO `search_dataset` VALUES ('1180','node','    ');
INSERT INTO `search_dataset` VALUES ('1194','node','   ');
INSERT INTO `search_dataset` VALUES ('1196','node','                 ');
INSERT INTO `search_dataset` VALUES ('1195','node','      ');
INSERT INTO `search_dataset` VALUES ('1201','node','      ');
INSERT INTO `search_dataset` VALUES ('1203','node','    ');
INSERT INTO `search_dataset` VALUES ('1205','node','         ');
INSERT INTO `search_dataset` VALUES ('1206','node','    ');
INSERT INTO `search_dataset` VALUES ('1207','node','    ');
INSERT INTO `search_dataset` VALUES ('1211','node','    ');
INSERT INTO `search_dataset` VALUES ('1212','node','  ');
INSERT INTO `search_dataset` VALUES ('1213','node','  ');
INSERT INTO `search_dataset` VALUES ('701','node','               ');
INSERT INTO `search_dataset` VALUES ('954','node','      ');
INSERT INTO `search_dataset` VALUES ('962','node','      ');
INSERT INTO `search_dataset` VALUES ('963','node','      ');
INSERT INTO `search_dataset` VALUES ('964','node','      ');
INSERT INTO `search_dataset` VALUES ('960','node','        ');
INSERT INTO `search_dataset` VALUES ('978','node','      ');
INSERT INTO `search_dataset` VALUES ('959','node','      ');
INSERT INTO `search_dataset` VALUES ('965','node','        ');
INSERT INTO `search_dataset` VALUES ('961','node','      ');
INSERT INTO `search_dataset` VALUES ('979','node','      ');
INSERT INTO `search_dataset` VALUES ('1225','node','    ');
INSERT INTO `search_dataset` VALUES ('1226','node','  ');
INSERT INTO `search_dataset` VALUES ('1227','node','   ');
INSERT INTO `search_dataset` VALUES ('1229','node','      ');
INSERT INTO `search_dataset` VALUES ('1230','node','  ');
INSERT INTO `search_dataset` VALUES ('1234','node','    ');
INSERT INTO `search_dataset` VALUES ('1223','node','   ');
INSERT INTO `search_dataset` VALUES ('1241','node','   ');
INSERT INTO `search_dataset` VALUES ('1224','node','   ');
INSERT INTO `search_dataset` VALUES ('1247','node','        ');
INSERT INTO `search_dataset` VALUES ('1248','node','        ');
INSERT INTO `search_dataset` VALUES ('1251','node','  ');
INSERT INTO `search_dataset` VALUES ('1253','node','    ');
INSERT INTO `search_dataset` VALUES ('1192','node','            ');
INSERT INTO `search_dataset` VALUES ('1255','node','    ');
INSERT INTO `search_dataset` VALUES ('1272','node','    ');
INSERT INTO `search_dataset` VALUES ('1222','node','        ');
INSERT INTO `search_dataset` VALUES ('381','node','                            ');
INSERT INTO `search_dataset` VALUES ('1279','node','  ');
INSERT INTO `search_dataset` VALUES ('1298','node','      ');
INSERT INTO `search_dataset` VALUES ('1110','node','              ');
INSERT INTO `search_dataset` VALUES ('1309','node','          ');
INSERT INTO `search_dataset` VALUES ('1308','node','       ');
INSERT INTO `search_dataset` VALUES ('829','node','      ');
INSERT INTO `search_dataset` VALUES ('1327','node','    ');
INSERT INTO `search_dataset` VALUES ('1017','node','                 ');
INSERT INTO `search_dataset` VALUES ('1302','node','     ');
INSERT INTO `search_dataset` VALUES ('1342','node','    ');
INSERT INTO `search_dataset` VALUES ('56','node','   ');
INSERT INTO `search_dataset` VALUES ('1377','node','  ');
INSERT INTO `search_dataset` VALUES ('1318','node','  ');
INSERT INTO `search_dataset` VALUES ('1321','node','  ');
INSERT INTO `search_dataset` VALUES ('1322','node','  ');
INSERT INTO `search_dataset` VALUES ('1388','node','  ');
INSERT INTO `search_dataset` VALUES ('1390','node','  ');
INSERT INTO `search_dataset` VALUES ('1389','node','  ');
INSERT INTO `search_dataset` VALUES ('1392','node','  ');
INSERT INTO `search_dataset` VALUES ('1391','node','  ');
INSERT INTO `search_dataset` VALUES ('1319','node','  ');
INSERT INTO `search_dataset` VALUES ('1403','node','          ');
INSERT INTO `search_dataset` VALUES ('1399','node','    ');
INSERT INTO `search_dataset` VALUES ('1398','node','    ');
INSERT INTO `search_dataset` VALUES ('973','node','           ');
INSERT INTO `search_dataset` VALUES ('1401','node','      ');
INSERT INTO `search_dataset` VALUES ('1422','node','      ');
INSERT INTO `search_dataset` VALUES ('1420','node','      ');
INSERT INTO `search_dataset` VALUES ('1408','node','      ');
INSERT INTO `search_dataset` VALUES ('1411','node','      ');
INSERT INTO `search_dataset` VALUES ('1412','node','      ');
INSERT INTO `search_dataset` VALUES ('1413','node','      ');
INSERT INTO `search_dataset` VALUES ('1415','node','      ');
INSERT INTO `search_dataset` VALUES ('1417','node','      ');
INSERT INTO `search_dataset` VALUES ('1418','node','      ');
INSERT INTO `search_dataset` VALUES ('1419','node','      ');
INSERT INTO `search_dataset` VALUES ('1410','node','      ');
INSERT INTO `search_dataset` VALUES ('1409','node','      ');
INSERT INTO `search_dataset` VALUES ('1426','node','      ');
INSERT INTO `search_dataset` VALUES ('1427','node','      ');
INSERT INTO `search_dataset` VALUES ('1416','node','      ');
INSERT INTO `search_dataset` VALUES ('131','node','   ');
INSERT INTO `search_dataset` VALUES ('1423','node','              ');
INSERT INTO `search_dataset` VALUES ('1432','node','      ');
INSERT INTO `search_dataset` VALUES ('1277','node','      ');
INSERT INTO `search_dataset` VALUES ('1202','node','          ');
INSERT INTO `search_dataset` VALUES ('1175','node','      ');
INSERT INTO `search_dataset` VALUES ('320','node','                                     ');
INSERT INTO `search_dataset` VALUES ('1465','node','    ');
INSERT INTO `search_dataset` VALUES ('1466','node','    ');
INSERT INTO `search_dataset` VALUES ('1467','node','    ');
INSERT INTO `search_dataset` VALUES ('1468','node','    ');
INSERT INTO `search_dataset` VALUES ('1469','node','    ');
INSERT INTO `search_dataset` VALUES ('700','node','                         ');
INSERT INTO `search_dataset` VALUES ('1064','node','        ');
INSERT INTO `search_dataset` VALUES ('1400','node','        ');
INSERT INTO `search_dataset` VALUES ('1472','node','     ');
INSERT INTO `search_dataset` VALUES ('1486','node','    ');
INSERT INTO `search_dataset` VALUES ('1315','node','  ');
INSERT INTO `search_dataset` VALUES ('1316','node','  ');
INSERT INTO `search_dataset` VALUES ('1317','node','  ');
INSERT INTO `search_dataset` VALUES ('1393','node','  ');
INSERT INTO `search_dataset` VALUES ('1488','node','  ');
INSERT INTO `search_dataset` VALUES ('1487','node','  ');
INSERT INTO `search_dataset` VALUES ('1473','node','       ');
INSERT INTO `search_dataset` VALUES ('1490','node','      ');
INSERT INTO `search_dataset` VALUES ('1310','node','      ');
INSERT INTO `search_dataset` VALUES ('1306','node','         ');
INSERT INTO `search_dataset` VALUES ('1362','node','  ');
INSERT INTO `search_dataset` VALUES ('1363','node','  ');
INSERT INTO `search_dataset` VALUES ('1364','node','  ');
INSERT INTO `search_dataset` VALUES ('1365','node','  ');
INSERT INTO `search_dataset` VALUES ('1366','node','  ');
INSERT INTO `search_dataset` VALUES ('1367','node','  ');
INSERT INTO `search_dataset` VALUES ('1368','node','  ');
INSERT INTO `search_dataset` VALUES ('1369','node','  ');
INSERT INTO `search_dataset` VALUES ('1370','node','  ');
INSERT INTO `search_dataset` VALUES ('1371','node','  ');
INSERT INTO `search_dataset` VALUES ('1372','node','  ');
INSERT INTO `search_dataset` VALUES ('1373','node','  ');
INSERT INTO `search_dataset` VALUES ('1374','node','  ');
INSERT INTO `search_dataset` VALUES ('1375','node','  ');
INSERT INTO `search_dataset` VALUES ('1376','node','  ');
INSERT INTO `search_dataset` VALUES ('1492','node','        ');
INSERT INTO `search_dataset` VALUES ('1301','node','  ');
INSERT INTO `search_dataset` VALUES ('1348','node','  ');
INSERT INTO `search_dataset` VALUES ('1349','node','  ');
INSERT INTO `search_dataset` VALUES ('1350','node','  ');
INSERT INTO `search_dataset` VALUES ('1351','node','  ');
INSERT INTO `search_dataset` VALUES ('1352','node','  ');
INSERT INTO `search_dataset` VALUES ('1353','node','  ');
INSERT INTO `search_dataset` VALUES ('1354','node','  ');
INSERT INTO `search_dataset` VALUES ('1355','node','  ');
INSERT INTO `search_dataset` VALUES ('1356','node','  ');
INSERT INTO `search_dataset` VALUES ('1357','node','  ');
INSERT INTO `search_dataset` VALUES ('1358','node','  ');
INSERT INTO `search_dataset` VALUES ('1359','node','  ');
INSERT INTO `search_dataset` VALUES ('1360','node','  ');
INSERT INTO `search_dataset` VALUES ('1361','node','  ');
INSERT INTO `search_dataset` VALUES ('1304','node','  ');
INSERT INTO `search_dataset` VALUES ('1303','node','  ');
INSERT INTO `search_dataset` VALUES ('1347','node','  ');
INSERT INTO `search_dataset` VALUES ('1493','node','   ');
INSERT INTO `search_dataset` VALUES ('1494','node','   ');
INSERT INTO `search_dataset` VALUES ('1498','node','   ');
INSERT INTO `search_dataset` VALUES ('1499','node','   ');
INSERT INTO `search_dataset` VALUES ('1500','node','   ');
INSERT INTO `search_dataset` VALUES ('1501','node','   ');
INSERT INTO `search_dataset` VALUES ('1502','node','   ');
INSERT INTO `search_dataset` VALUES ('1504','node','   ');
INSERT INTO `search_dataset` VALUES ('1505','node','   ');
INSERT INTO `search_dataset` VALUES ('1506','node','   ');
INSERT INTO `search_dataset` VALUES ('1507','node','   ');
INSERT INTO `search_dataset` VALUES ('1508','node','   ');
INSERT INTO `search_dataset` VALUES ('1509','node','   ');
INSERT INTO `search_dataset` VALUES ('1510','node','   ');
INSERT INTO `search_dataset` VALUES ('1511','node','   ');
INSERT INTO `search_dataset` VALUES ('1512','node','   ');
INSERT INTO `search_dataset` VALUES ('1514','node','   ');
INSERT INTO `search_dataset` VALUES ('1513','node','   ');
INSERT INTO `search_dataset` VALUES ('1515','node','   ');
INSERT INTO `search_dataset` VALUES ('1516','node','   ');
INSERT INTO `search_dataset` VALUES ('1518','node','   ');
INSERT INTO `search_dataset` VALUES ('1520','node','   ');
INSERT INTO `search_dataset` VALUES ('1521','node','   ');
INSERT INTO `search_dataset` VALUES ('1522','node','   ');
INSERT INTO `search_dataset` VALUES ('1523','node','   ');
INSERT INTO `search_dataset` VALUES ('1524','node','   ');
INSERT INTO `search_dataset` VALUES ('1525','node','   ');
INSERT INTO `search_dataset` VALUES ('1526','node','   ');
INSERT INTO `search_dataset` VALUES ('1517','node','   ');
INSERT INTO `search_dataset` VALUES ('1519','node','   ');
INSERT INTO `search_dataset` VALUES ('1527','node','   ');
INSERT INTO `search_dataset` VALUES ('1528','node','   ');
INSERT INTO `search_dataset` VALUES ('1529','node','   ');
INSERT INTO `search_dataset` VALUES ('1530','node','   ');
INSERT INTO `search_dataset` VALUES ('1532','node','   ');
INSERT INTO `search_dataset` VALUES ('1533','node','   ');
INSERT INTO `search_dataset` VALUES ('1534','node','   ');
INSERT INTO `search_dataset` VALUES ('1535','node','   ');
INSERT INTO `search_dataset` VALUES ('1536','node','   ');
INSERT INTO `search_dataset` VALUES ('1538','node','   ');
INSERT INTO `search_dataset` VALUES ('1531','node','   ');
INSERT INTO `search_dataset` VALUES ('1537','node','   ');
INSERT INTO `search_dataset` VALUES ('1503','node','   ');
INSERT INTO `search_dataset` VALUES ('1539','node','   ');
INSERT INTO `search_dataset` VALUES ('1540','node','   ');
INSERT INTO `search_dataset` VALUES ('1541','node','   ');
INSERT INTO `search_dataset` VALUES ('1542','node','   ');
INSERT INTO `search_dataset` VALUES ('1543','node','   ');
INSERT INTO `search_dataset` VALUES ('1544','node','   ');
INSERT INTO `search_dataset` VALUES ('1545','node','   ');
INSERT INTO `search_dataset` VALUES ('1546','node','   ');
INSERT INTO `search_dataset` VALUES ('1547','node','   ');
INSERT INTO `search_dataset` VALUES ('1548','node','   ');
INSERT INTO `search_dataset` VALUES ('1549','node','   ');
INSERT INTO `search_dataset` VALUES ('1550','node','   ');
INSERT INTO `search_dataset` VALUES ('1551','node','   ');
INSERT INTO `search_dataset` VALUES ('1552','node','   ');
INSERT INTO `search_dataset` VALUES ('1553','node','   ');
INSERT INTO `search_dataset` VALUES ('1554','node','   ');
INSERT INTO `search_dataset` VALUES ('1555','node','   ');
INSERT INTO `search_dataset` VALUES ('1556','node','   ');
INSERT INTO `search_dataset` VALUES ('1557','node','   ');
INSERT INTO `search_dataset` VALUES ('1558','node','   ');
INSERT INTO `search_dataset` VALUES ('1559','node','   ');
INSERT INTO `search_dataset` VALUES ('1560','node','   ');
INSERT INTO `search_dataset` VALUES ('1561','node','   ');
INSERT INTO `search_dataset` VALUES ('1562','node','   ');
INSERT INTO `search_dataset` VALUES ('1563','node','   ');
INSERT INTO `search_dataset` VALUES ('1566','node','   ');
INSERT INTO `search_dataset` VALUES ('1567','node','   ');
INSERT INTO `search_dataset` VALUES ('1568','node','   ');
INSERT INTO `search_dataset` VALUES ('1569','node','   ');
INSERT INTO `search_dataset` VALUES ('1570','node','   ');
INSERT INTO `search_dataset` VALUES ('1571','node','   ');
INSERT INTO `search_dataset` VALUES ('1572','node','   ');
INSERT INTO `search_dataset` VALUES ('1573','node','   ');
INSERT INTO `search_dataset` VALUES ('1574','node','   ');
INSERT INTO `search_dataset` VALUES ('1575','node','   ');
INSERT INTO `search_dataset` VALUES ('1576','node','   ');
INSERT INTO `search_dataset` VALUES ('1577','node','   ');
INSERT INTO `search_dataset` VALUES ('1578','node','   ');
INSERT INTO `search_dataset` VALUES ('1579','node','   ');
INSERT INTO `search_dataset` VALUES ('1580','node','   ');
INSERT INTO `search_dataset` VALUES ('1581','node','   ');
INSERT INTO `search_dataset` VALUES ('1582','node','   ');
INSERT INTO `search_dataset` VALUES ('1583','node','   ');
INSERT INTO `search_dataset` VALUES ('1584','node','   ');
INSERT INTO `search_dataset` VALUES ('1585','node','   ');
INSERT INTO `search_dataset` VALUES ('1586','node','   ');
INSERT INTO `search_dataset` VALUES ('1587','node','   ');
INSERT INTO `search_dataset` VALUES ('1588','node','   ');
INSERT INTO `search_dataset` VALUES ('1589','node','   ');
INSERT INTO `search_dataset` VALUES ('1590','node','   ');
INSERT INTO `search_dataset` VALUES ('1591','node','   ');
INSERT INTO `search_dataset` VALUES ('1592','node','   ');
INSERT INTO `search_dataset` VALUES ('1593','node','   ');
INSERT INTO `search_dataset` VALUES ('1594','node','   ');
INSERT INTO `search_dataset` VALUES ('1595','node','   ');
INSERT INTO `search_dataset` VALUES ('1597','node','   ');
INSERT INTO `search_dataset` VALUES ('1598','node','   ');
INSERT INTO `search_dataset` VALUES ('1599','node','   ');
INSERT INTO `search_dataset` VALUES ('1596','node','   ');
INSERT INTO `search_dataset` VALUES ('1600','node','   ');
INSERT INTO `search_dataset` VALUES ('1602','node','   ');
INSERT INTO `search_dataset` VALUES ('1603','node','   ');
INSERT INTO `search_dataset` VALUES ('1604','node','   ');
INSERT INTO `search_dataset` VALUES ('1605','node','   ');
INSERT INTO `search_dataset` VALUES ('1606','node','   ');
INSERT INTO `search_dataset` VALUES ('1607','node','   ');
INSERT INTO `search_dataset` VALUES ('1608','node','   ');
INSERT INTO `search_dataset` VALUES ('1609','node','   ');
INSERT INTO `search_dataset` VALUES ('1610','node','   ');
INSERT INTO `search_dataset` VALUES ('1611','node','   ');
INSERT INTO `search_dataset` VALUES ('1601','node','   ');
INSERT INTO `search_dataset` VALUES ('1612','node','   ');
INSERT INTO `search_dataset` VALUES ('1613','node','   ');
INSERT INTO `search_dataset` VALUES ('1614','node','   ');
INSERT INTO `search_dataset` VALUES ('1615','node','   ');
INSERT INTO `search_dataset` VALUES ('1616','node','   ');
INSERT INTO `search_dataset` VALUES ('1617','node','   ');
INSERT INTO `search_dataset` VALUES ('1618','node','   ');
INSERT INTO `search_dataset` VALUES ('1619','node','   ');
INSERT INTO `search_dataset` VALUES ('1620','node','   ');
INSERT INTO `search_dataset` VALUES ('1621','node','   ');
INSERT INTO `search_dataset` VALUES ('1622','node','   ');
INSERT INTO `search_dataset` VALUES ('1623','node','   ');
INSERT INTO `search_dataset` VALUES ('1636','node','   ');
INSERT INTO `search_dataset` VALUES ('1637','node','   ');
INSERT INTO `search_dataset` VALUES ('1638','node','   ');
INSERT INTO `search_dataset` VALUES ('1639','node','   ');
INSERT INTO `search_dataset` VALUES ('1640','node','   ');
INSERT INTO `search_dataset` VALUES ('1641','node','   ');
INSERT INTO `search_dataset` VALUES ('1642','node','   ');
INSERT INTO `search_dataset` VALUES ('1643','node','   ');
INSERT INTO `search_dataset` VALUES ('1644','node','   ');
INSERT INTO `search_dataset` VALUES ('1645','node','   ');
INSERT INTO `search_dataset` VALUES ('1624','node','   ');
INSERT INTO `search_dataset` VALUES ('1625','node','   ');
INSERT INTO `search_dataset` VALUES ('1626','node','   ');
INSERT INTO `search_dataset` VALUES ('1627','node','   ');
INSERT INTO `search_dataset` VALUES ('1628','node','   ');
INSERT INTO `search_dataset` VALUES ('1629','node','   ');
INSERT INTO `search_dataset` VALUES ('1630','node','   ');
INSERT INTO `search_dataset` VALUES ('1631','node','   ');
INSERT INTO `search_dataset` VALUES ('1632','node','   ');
INSERT INTO `search_dataset` VALUES ('1633','node','   ');
INSERT INTO `search_dataset` VALUES ('1634','node','   ');
INSERT INTO `search_dataset` VALUES ('1635','node','   ');
INSERT INTO `search_dataset` VALUES ('1647','node','   ');
INSERT INTO `search_dataset` VALUES ('1648','node','   ');
INSERT INTO `search_dataset` VALUES ('1649','node','   ');
INSERT INTO `search_dataset` VALUES ('1650','node','   ');
INSERT INTO `search_dataset` VALUES ('1651','node','   ');
INSERT INTO `search_dataset` VALUES ('1652','node','   ');
INSERT INTO `search_dataset` VALUES ('1653','node','   ');
INSERT INTO `search_dataset` VALUES ('1654','node','   ');
INSERT INTO `search_dataset` VALUES ('1655','node','   ');
INSERT INTO `search_dataset` VALUES ('1657','node','   ');
INSERT INTO `search_dataset` VALUES ('1658','node','   ');
INSERT INTO `search_dataset` VALUES ('1656','node','   ');
INSERT INTO `search_dataset` VALUES ('1664','node','   ');
INSERT INTO `search_dataset` VALUES ('382','node','       ');
INSERT INTO `search_dataset` VALUES ('57','node','     ');
INSERT INTO `search_dataset` VALUES ('1670','node','  ');
INSERT INTO `search_dataset` VALUES ('1676','node','   ');
INSERT INTO `search_dataset` VALUES ('1685','node','    ');
INSERT INTO `search_dataset` VALUES ('1687','node','   ');
INSERT INTO `search_dataset` VALUES ('678','node','                    ');
INSERT INTO `search_dataset` VALUES ('993','node','        ');
INSERT INTO `search_dataset` VALUES ('29','node','                    ');
INSERT INTO `search_dataset` VALUES ('25','node','                         ');
INSERT INTO `search_dataset` VALUES ('28','node','                  ');
INSERT INTO `search_dataset` VALUES ('586','node','                          ');
INSERT INTO `search_dataset` VALUES ('26','node','                ');
INSERT INTO `search_dataset` VALUES ('27','node','                              ');
INSERT INTO `search_dataset` VALUES ('1146','node','        ');
INSERT INTO `search_dataset` VALUES ('61','node','                 ');
INSERT INTO `search_dataset` VALUES ('1470','node','        ');
INSERT INTO `search_dataset` VALUES ('1701','node','                    ');
INSERT INTO `search_dataset` VALUES ('1323','node','            ');
INSERT INTO `search_dataset` VALUES ('541','node','          ');
INSERT INTO `search_dataset` VALUES ('1680','node','    ');
INSERT INTO `search_dataset` VALUES ('1679','node','    ');
INSERT INTO `search_dataset` VALUES ('1678','node','    ');
INSERT INTO `search_dataset` VALUES ('1681','node','    ');
INSERT INTO `search_dataset` VALUES ('1682','node','    ');
INSERT INTO `search_dataset` VALUES ('1237','node','               ');
INSERT INTO `search_dataset` VALUES ('1099','node','   ');
INSERT INTO `search_dataset` VALUES ('1094','node','   ');
INSERT INTO `search_dataset` VALUES ('1096','node','                 ');
INSERT INTO `search_dataset` VALUES ('1720','node','  ');
INSERT INTO `search_dataset` VALUES ('1732','node','  ');
INSERT INTO `search_dataset` VALUES ('1737','node','  ');
INSERT INTO `search_dataset` VALUES ('1738','node','  ');
INSERT INTO `search_dataset` VALUES ('1740','node','  ');
INSERT INTO `search_dataset` VALUES ('1741','node','             ');
INSERT INTO `search_dataset` VALUES ('1744','node','  ');
INSERT INTO `search_dataset` VALUES ('1746','node','  ');
INSERT INTO `search_dataset` VALUES ('1749','node','  ');
INSERT INTO `search_dataset` VALUES ('1750','node','   ');
INSERT INTO `search_dataset` VALUES ('1751','node','  ');
INSERT INTO `search_dataset` VALUES ('1752','node','    ');
INSERT INTO `search_dataset` VALUES ('1755','node','  ');
INSERT INTO `search_dataset` VALUES ('1756','node','           ');
INSERT INTO `search_dataset` VALUES ('1758','node','       ');
INSERT INTO `search_dataset` VALUES ('1724','node','     ');
INSERT INTO `search_dataset` VALUES ('1721','node','       ');
INSERT INTO `search_dataset` VALUES ('1722','node','  ');
INSERT INTO `search_dataset` VALUES ('1719','node','      ');
INSERT INTO `search_dataset` VALUES ('1718','node','   ');
INSERT INTO `search_dataset` VALUES ('1717','node','             ');
INSERT INTO `search_dataset` VALUES ('1716','node','  ');
INSERT INTO `search_dataset` VALUES ('1715','node','      ');
INSERT INTO `search_dataset` VALUES ('1714','node','  ');
INSERT INTO `search_dataset` VALUES ('1725','node','  ');
INSERT INTO `search_dataset` VALUES ('744','node','        ');
INSERT INTO `search_dataset` VALUES ('1760','node','      ');
INSERT INTO `search_dataset` VALUES ('1727','node','   ');
INSERT INTO `search_dataset` VALUES ('1734','node','   ');
INSERT INTO `search_dataset` VALUES ('1730','node','   ');
INSERT INTO `search_dataset` VALUES ('1729','node','    ');
INSERT INTO `search_dataset` VALUES ('1728','node','  ');
INSERT INTO `search_dataset` VALUES ('1726','node','  ');
INSERT INTO `search_dataset` VALUES ('1733','node','           ');
INSERT INTO `search_dataset` VALUES ('1736','node','             ');
INSERT INTO `search_dataset` VALUES ('1762','node','    ');
INSERT INTO `search_dataset` VALUES ('1764','node','  ');
INSERT INTO `search_dataset` VALUES ('1757','node','   ');
INSERT INTO `search_dataset` VALUES ('1745','node','       ');
INSERT INTO `search_dataset` VALUES ('1748','node','     ');
INSERT INTO `search_dataset` VALUES ('1739','node','   ');
INSERT INTO `search_dataset` VALUES ('1747','node','     ');
INSERT INTO `search_dataset` VALUES ('1767','node','      ');
INSERT INTO `search_dataset` VALUES ('1092','node','             ');
INSERT INTO `search_dataset` VALUES ('1759','node','                ');
INSERT INTO `search_dataset` VALUES ('1772','node','   ');
INSERT INTO `search_dataset` VALUES ('1694','node','        ');
INSERT INTO `search_dataset` VALUES ('1300','node','  ');
INSERT INTO `search_dataset` VALUES ('1346','node','  ');
INSERT INTO `search_dataset` VALUES ('1345','node','  ');
INSERT INTO `search_dataset` VALUES ('1775','node','      ');
INSERT INTO `search_dataset` VALUES ('1761','node','          ');
INSERT INTO `search_dataset` VALUES ('1753','node','   ');
INSERT INTO `search_dataset` VALUES ('1780','node','       ');
INSERT INTO `search_dataset` VALUES ('1781','node','    ');
INSERT INTO `search_dataset` VALUES ('1782','node','    ');
INSERT INTO `search_dataset` VALUES ('1683','node','            ');
INSERT INTO `search_dataset` VALUES ('1786','node','    ');
INSERT INTO `search_dataset` VALUES ('1690','node','      ');
INSERT INTO `search_dataset` VALUES ('1689','node','    ');
INSERT INTO `search_dataset` VALUES ('1305','node','    ');
INSERT INTO `search_dataset` VALUES ('1787','node','    ');
INSERT INTO `search_dataset` VALUES ('1066','node','                         ');
INSERT INTO `search_dataset` VALUES ('1117','node','     ');
INSERT INTO `search_dataset` VALUES ('1742','node','   ');
INSERT INTO `search_dataset` VALUES ('1115','node','       ');
INSERT INTO `search_dataset` VALUES ('1832','node','   ');
INSERT INTO `search_dataset` VALUES ('1834','node','   ');
INSERT INTO `search_dataset` VALUES ('1833','node','   ');
INSERT INTO `search_dataset` VALUES ('1835','node','   ');
INSERT INTO `search_dataset` VALUES ('1836','node','   ');
INSERT INTO `search_dataset` VALUES ('1837','node','   ');
INSERT INTO `search_dataset` VALUES ('1838','node','   ');
INSERT INTO `search_dataset` VALUES ('1839','node','   ');
INSERT INTO `search_dataset` VALUES ('1840','node','   ');
INSERT INTO `search_dataset` VALUES ('1841','node','   ');
INSERT INTO `search_dataset` VALUES ('1842','node','   ');
INSERT INTO `search_dataset` VALUES ('1843','node','   ');
INSERT INTO `search_dataset` VALUES ('1846','node','   ');
INSERT INTO `search_dataset` VALUES ('1847','node','   ');
INSERT INTO `search_dataset` VALUES ('1844','node','   ');
INSERT INTO `search_dataset` VALUES ('1845','node','   ');
INSERT INTO `search_dataset` VALUES ('1790','node','  ');
INSERT INTO `search_dataset` VALUES ('1791','node','  ');
INSERT INTO `search_dataset` VALUES ('1792','node','  ');
INSERT INTO `search_dataset` VALUES ('1793','node','  ');
INSERT INTO `search_dataset` VALUES ('1794','node','  ');
INSERT INTO `search_dataset` VALUES ('1795','node','  ');
INSERT INTO `search_dataset` VALUES ('1796','node','  ');
INSERT INTO `search_dataset` VALUES ('1797','node','  ');
INSERT INTO `search_dataset` VALUES ('1798','node','  ');
INSERT INTO `search_dataset` VALUES ('1799','node','  ');
INSERT INTO `search_dataset` VALUES ('1800','node','  ');
INSERT INTO `search_dataset` VALUES ('1801','node','  ');
INSERT INTO `search_dataset` VALUES ('1802','node','  ');
INSERT INTO `search_dataset` VALUES ('1803','node','  ');
INSERT INTO `search_dataset` VALUES ('1804','node','  ');
INSERT INTO `search_dataset` VALUES ('1808','node','  ');
INSERT INTO `search_dataset` VALUES ('1809','node','  ');
INSERT INTO `search_dataset` VALUES ('1811','node','  ');
INSERT INTO `search_dataset` VALUES ('1810','node','  ');
INSERT INTO `search_dataset` VALUES ('1812','node','  ');
INSERT INTO `search_dataset` VALUES ('1813','node','  ');
INSERT INTO `search_dataset` VALUES ('1814','node','  ');
INSERT INTO `search_dataset` VALUES ('1815','node','  ');
INSERT INTO `search_dataset` VALUES ('1816','node','  ');
INSERT INTO `search_dataset` VALUES ('1806','node','  ');
INSERT INTO `search_dataset` VALUES ('1807','node','  ');
INSERT INTO `search_dataset` VALUES ('1819','node','  ');
INSERT INTO `search_dataset` VALUES ('1818','node','  ');
INSERT INTO `search_dataset` VALUES ('1817','node','  ');
INSERT INTO `search_dataset` VALUES ('1820','node','  ');
INSERT INTO `search_dataset` VALUES ('1821','node','  ');
INSERT INTO `search_dataset` VALUES ('1822','node','  ');
INSERT INTO `search_dataset` VALUES ('1823','node','  ');
INSERT INTO `search_dataset` VALUES ('1824','node','  ');
INSERT INTO `search_dataset` VALUES ('1825','node','  ');
INSERT INTO `search_dataset` VALUES ('1828','node','  ');
INSERT INTO `search_dataset` VALUES ('1829','node','  ');
INSERT INTO `search_dataset` VALUES ('1830','node','  ');
INSERT INTO `search_dataset` VALUES ('1831','node','  ');
INSERT INTO `search_dataset` VALUES ('1805','node','  ');
INSERT INTO `search_dataset` VALUES ('1827','node','  ');
INSERT INTO `search_dataset` VALUES ('1826','node','  ');
INSERT INTO `search_dataset` VALUES ('1848','node','         ');
INSERT INTO `search_dataset` VALUES ('1852','node','  ');
INSERT INTO `search_dataset` VALUES ('1853','node','  ');
INSERT INTO `search_dataset` VALUES ('1854','node','  ');
INSERT INTO `search_dataset` VALUES ('1855','node','  ');
INSERT INTO `search_dataset` VALUES ('1856','node','  ');
INSERT INTO `search_dataset` VALUES ('1857','node','  ');
INSERT INTO `search_dataset` VALUES ('1858','node','  ');
INSERT INTO `search_dataset` VALUES ('1859','node','  ');
INSERT INTO `search_dataset` VALUES ('1860','node','  ');
INSERT INTO `search_dataset` VALUES ('1861','node','  ');
INSERT INTO `search_dataset` VALUES ('1862','node','  ');
INSERT INTO `search_dataset` VALUES ('1863','node','  ');
INSERT INTO `search_dataset` VALUES ('1864','node','  ');
INSERT INTO `search_dataset` VALUES ('1865','node','  ');
INSERT INTO `search_dataset` VALUES ('1867','node','      ');
INSERT INTO `search_dataset` VALUES ('1875','node','      ');
INSERT INTO `search_dataset` VALUES ('1876','node','      ');
INSERT INTO `search_dataset` VALUES ('1877','node','      ');
INSERT INTO `search_dataset` VALUES ('1878','node','      ');
INSERT INTO `search_dataset` VALUES ('1874','node','      ');
INSERT INTO `search_dataset` VALUES ('1873','node','      ');
INSERT INTO `search_dataset` VALUES ('1872','node','      ');
INSERT INTO `search_dataset` VALUES ('1871','node','      ');
INSERT INTO `search_dataset` VALUES ('1870','node','      ');
INSERT INTO `search_dataset` VALUES ('1869','node','      ');
INSERT INTO `search_dataset` VALUES ('1868','node','      ');
INSERT INTO `search_dataset` VALUES ('1882','node','      ');
INSERT INTO `search_dataset` VALUES ('1894','node','      ');
INSERT INTO `search_dataset` VALUES ('1892','node','      ');
INSERT INTO `search_dataset` VALUES ('1890','node','      ');
INSERT INTO `search_dataset` VALUES ('1889','node','      ');
INSERT INTO `search_dataset` VALUES ('1888','node','      ');
INSERT INTO `search_dataset` VALUES ('1887','node','      ');
INSERT INTO `search_dataset` VALUES ('1886','node','      ');
INSERT INTO `search_dataset` VALUES ('1885','node','      ');
INSERT INTO `search_dataset` VALUES ('1893','node','      ');
INSERT INTO `search_dataset` VALUES ('1891','node','      ');
INSERT INTO `search_dataset` VALUES ('1883','node','      ');
INSERT INTO `search_dataset` VALUES ('1770','node','        ');
INSERT INTO `search_dataset` VALUES ('1276','node','                  ');
INSERT INTO `search_dataset` VALUES ('1095','node','       ');
INSERT INTO `search_dataset` VALUES ('1684','node','        ');
INSERT INTO `search_dataset` VALUES ('974','node','          ');
INSERT INTO `search_dataset` VALUES ('1093','node','         ');
INSERT INTO `search_dataset` VALUES ('1901','node','    ');
INSERT INTO `search_dataset` VALUES ('1904','node','   ');
INSERT INTO `search_dataset` VALUES ('1905','node','   ');
INSERT INTO `search_dataset` VALUES ('1906','node','   ');
INSERT INTO `search_dataset` VALUES ('1911','node','   ');
INSERT INTO `search_dataset` VALUES ('1912','node','   ');
INSERT INTO `search_dataset` VALUES ('1913','node','   ');
INSERT INTO `search_dataset` VALUES ('1907','node','   ');
INSERT INTO `search_dataset` VALUES ('1915','node','   ');
INSERT INTO `search_dataset` VALUES ('1914','node','   ');
INSERT INTO `search_dataset` VALUES ('1910','node','   ');
INSERT INTO `search_dataset` VALUES ('1908','node','   ');
INSERT INTO `search_dataset` VALUES ('1909','node','   ');
INSERT INTO `search_dataset` VALUES ('1916','node','   ');
INSERT INTO `search_dataset` VALUES ('1917','node','   ');
INSERT INTO `search_dataset` VALUES ('1918','node','   ');
INSERT INTO `search_dataset` VALUES ('1919','node','   ');
INSERT INTO `search_dataset` VALUES ('1920','node','   ');
INSERT INTO `search_dataset` VALUES ('1921','node','   ');
INSERT INTO `search_dataset` VALUES ('1922','node','   ');
INSERT INTO `search_dataset` VALUES ('1923','node','   ');
INSERT INTO `search_dataset` VALUES ('1924','node','   ');
INSERT INTO `search_dataset` VALUES ('1925','node','   ');
INSERT INTO `search_dataset` VALUES ('1926','node','   ');
INSERT INTO `search_dataset` VALUES ('1927','node','   ');
INSERT INTO `search_dataset` VALUES ('1928','node','   ');
INSERT INTO `search_dataset` VALUES ('1929','node','   ');
INSERT INTO `search_dataset` VALUES ('1930','node','   ');
INSERT INTO `search_dataset` VALUES ('1931','node','   ');
INSERT INTO `search_dataset` VALUES ('1932','node','   ');
INSERT INTO `search_dataset` VALUES ('1933','node','   ');
INSERT INTO `search_dataset` VALUES ('1934','node','   ');
INSERT INTO `search_dataset` VALUES ('1935','node','   ');
INSERT INTO `search_dataset` VALUES ('1936','node','   ');
INSERT INTO `search_dataset` VALUES ('1937','node','   ');
INSERT INTO `search_dataset` VALUES ('1938','node','   ');
INSERT INTO `search_dataset` VALUES ('1939','node','   ');
INSERT INTO `search_dataset` VALUES ('1940','node','   ');
INSERT INTO `search_dataset` VALUES ('1941','node','   ');
INSERT INTO `search_dataset` VALUES ('1942','node','   ');
INSERT INTO `search_dataset` VALUES ('1943','node','   ');
INSERT INTO `search_dataset` VALUES ('1944','node','   ');
INSERT INTO `search_dataset` VALUES ('1945','node','   ');
INSERT INTO `search_dataset` VALUES ('1946','node','   ');
INSERT INTO `search_dataset` VALUES ('1947','node','   ');
INSERT INTO `search_dataset` VALUES ('1948','node','   ');
INSERT INTO `search_dataset` VALUES ('1949','node','   ');
INSERT INTO `search_dataset` VALUES ('1950','node','   ');
INSERT INTO `search_dataset` VALUES ('1951','node','   ');
INSERT INTO `search_dataset` VALUES ('1952','node','   ');
INSERT INTO `search_dataset` VALUES ('1953','node','   ');
INSERT INTO `search_dataset` VALUES ('1954','node','   ');
INSERT INTO `search_dataset` VALUES ('1955','node','   ');
INSERT INTO `search_dataset` VALUES ('1956','node','   ');
INSERT INTO `search_dataset` VALUES ('1957','node','   ');
INSERT INTO `search_dataset` VALUES ('1958','node','   ');
INSERT INTO `search_dataset` VALUES ('1959','node','   ');
INSERT INTO `search_dataset` VALUES ('1960','node','   ');
INSERT INTO `search_dataset` VALUES ('1961','node','   ');
INSERT INTO `search_dataset` VALUES ('1963','node','   ');
INSERT INTO `search_dataset` VALUES ('1965','node','   ');
INSERT INTO `search_dataset` VALUES ('1966','node','   ');
INSERT INTO `search_dataset` VALUES ('1969','node','   ');
INSERT INTO `search_dataset` VALUES ('1970','node','   ');
INSERT INTO `search_dataset` VALUES ('1971','node','   ');
INSERT INTO `search_dataset` VALUES ('1972','node','   ');
INSERT INTO `search_dataset` VALUES ('1964','node','   ');
INSERT INTO `search_dataset` VALUES ('1973','node','   ');
INSERT INTO `search_dataset` VALUES ('1974','node','   ');
INSERT INTO `search_dataset` VALUES ('1975','node','   ');
INSERT INTO `search_dataset` VALUES ('1976','node','   ');
INSERT INTO `search_dataset` VALUES ('1977','node','   ');
INSERT INTO `search_dataset` VALUES ('1978','node','   ');
INSERT INTO `search_dataset` VALUES ('1979','node','   ');
INSERT INTO `search_dataset` VALUES ('1980','node','   ');
INSERT INTO `search_dataset` VALUES ('1981','node','   ');
INSERT INTO `search_dataset` VALUES ('1982','node','   ');
INSERT INTO `search_dataset` VALUES ('1983','node','   ');
INSERT INTO `search_dataset` VALUES ('1985','node','   ');
INSERT INTO `search_dataset` VALUES ('1987','node','   ');
INSERT INTO `search_dataset` VALUES ('1988','node','   ');
INSERT INTO `search_dataset` VALUES ('1989','node','   ');
INSERT INTO `search_dataset` VALUES ('1990','node','   ');
INSERT INTO `search_dataset` VALUES ('1984','node','   ');
INSERT INTO `search_dataset` VALUES ('1991','node','   ');
INSERT INTO `search_dataset` VALUES ('1992','node','   ');
INSERT INTO `search_dataset` VALUES ('1993','node','   ');
INSERT INTO `search_dataset` VALUES ('1994','node','   ');
INSERT INTO `search_dataset` VALUES ('1995','node','   ');
INSERT INTO `search_dataset` VALUES ('1996','node','   ');
INSERT INTO `search_dataset` VALUES ('1997','node','   ');
INSERT INTO `search_dataset` VALUES ('1998','node','   ');
INSERT INTO `search_dataset` VALUES ('1999','node','   ');
INSERT INTO `search_dataset` VALUES ('2000','node','   ');
INSERT INTO `search_dataset` VALUES ('2001','node','   ');
INSERT INTO `search_dataset` VALUES ('2002','node','   ');
INSERT INTO `search_dataset` VALUES ('1986','node','   ');
INSERT INTO `search_dataset` VALUES ('1967','node','   ');
INSERT INTO `search_dataset` VALUES ('1962','node','   ');
INSERT INTO `search_dataset` VALUES ('2003','node','  ');
INSERT INTO `search_dataset` VALUES ('1731','node','   ');
INSERT INTO `search_dataset` VALUES ('1754','node','     ');
INSERT INTO `search_dataset` VALUES ('1743','node','        ');
INSERT INTO `search_dataset` VALUES ('2005','node','        ');
INSERT INTO `search_dataset` VALUES ('2008','node','   ');
INSERT INTO `search_dataset` VALUES ('2009','node','   ');
INSERT INTO `search_dataset` VALUES ('2010','node','   ');
INSERT INTO `search_dataset` VALUES ('2011','node','   ');
INSERT INTO `search_dataset` VALUES ('2013','node','   ');
INSERT INTO `search_dataset` VALUES ('2015','node','   ');
INSERT INTO `search_dataset` VALUES ('2016','node','   ');
INSERT INTO `search_dataset` VALUES ('2017','node','   ');
INSERT INTO `search_dataset` VALUES ('2018','node','   ');
INSERT INTO `search_dataset` VALUES ('2019','node','   ');
INSERT INTO `search_dataset` VALUES ('2020','node','   ');
INSERT INTO `search_dataset` VALUES ('2021','node','   ');
INSERT INTO `search_dataset` VALUES ('2022','node','   ');
INSERT INTO `search_dataset` VALUES ('2023','node','   ');
INSERT INTO `search_dataset` VALUES ('2025','node','   ');
INSERT INTO `search_dataset` VALUES ('2026','node','   ');
INSERT INTO `search_dataset` VALUES ('2027','node','   ');
INSERT INTO `search_dataset` VALUES ('2028','node','   ');
INSERT INTO `search_dataset` VALUES ('2029','node','   ');
INSERT INTO `search_dataset` VALUES ('2030','node','   ');
INSERT INTO `search_dataset` VALUES ('2031','node','   ');
INSERT INTO `search_dataset` VALUES ('2032','node','   ');
INSERT INTO `search_dataset` VALUES ('2033','node','   ');
INSERT INTO `search_dataset` VALUES ('2034','node','   ');
INSERT INTO `search_dataset` VALUES ('2035','node','   ');
INSERT INTO `search_dataset` VALUES ('2036','node','   ');
INSERT INTO `search_dataset` VALUES ('2037','node','   ');
INSERT INTO `search_dataset` VALUES ('2038','node','   ');
INSERT INTO `search_dataset` VALUES ('2039','node','   ');
INSERT INTO `search_dataset` VALUES ('2040','node','   ');
INSERT INTO `search_dataset` VALUES ('2041','node','   ');
INSERT INTO `search_dataset` VALUES ('2042','node','   ');
INSERT INTO `search_dataset` VALUES ('2043','node','   ');
INSERT INTO `search_dataset` VALUES ('2044','node','   ');
INSERT INTO `search_dataset` VALUES ('2045','node','   ');
INSERT INTO `search_dataset` VALUES ('2046','node','   ');
INSERT INTO `search_dataset` VALUES ('2047','node','   ');
INSERT INTO `search_dataset` VALUES ('2048','node','   ');
INSERT INTO `search_dataset` VALUES ('2049','node','   ');
INSERT INTO `search_dataset` VALUES ('2050','node','   ');
INSERT INTO `search_dataset` VALUES ('2051','node','   ');
INSERT INTO `search_dataset` VALUES ('2052','node','   ');
INSERT INTO `search_dataset` VALUES ('2053','node','   ');
INSERT INTO `search_dataset` VALUES ('2054','node','   ');
INSERT INTO `search_dataset` VALUES ('2055','node','   ');
INSERT INTO `search_dataset` VALUES ('2056','node','   ');
INSERT INTO `search_dataset` VALUES ('2057','node','   ');
INSERT INTO `search_dataset` VALUES ('2058','node','   ');
INSERT INTO `search_dataset` VALUES ('2060','node','   ');
INSERT INTO `search_dataset` VALUES ('2061','node','   ');
INSERT INTO `search_dataset` VALUES ('2062','node','   ');
INSERT INTO `search_dataset` VALUES ('2063','node','   ');
INSERT INTO `search_dataset` VALUES ('2064','node','   ');
INSERT INTO `search_dataset` VALUES ('2065','node','   ');
INSERT INTO `search_dataset` VALUES ('2067','node','   ');
INSERT INTO `search_dataset` VALUES ('2068','node','   ');
INSERT INTO `search_dataset` VALUES ('2069','node','   ');
INSERT INTO `search_dataset` VALUES ('2070','node','   ');
INSERT INTO `search_dataset` VALUES ('2071','node','   ');
INSERT INTO `search_dataset` VALUES ('2073','node','   ');
INSERT INTO `search_dataset` VALUES ('2072','node','   ');
INSERT INTO `search_dataset` VALUES ('2074','node','   ');
INSERT INTO `search_dataset` VALUES ('2075','node','   ');
INSERT INTO `search_dataset` VALUES ('2076','node','   ');
INSERT INTO `search_dataset` VALUES ('2077','node','   ');
INSERT INTO `search_dataset` VALUES ('2059','node','   ');
INSERT INTO `search_dataset` VALUES ('2024','node','   ');
INSERT INTO `search_dataset` VALUES ('2012','node','   ');
INSERT INTO `search_dataset` VALUES ('2014','node','   ');
INSERT INTO `search_dataset` VALUES ('2066','node','   ');
INSERT INTO `search_dataset` VALUES ('1098','node','         ');
INSERT INTO `search_dataset` VALUES ('2078','node','  ');
INSERT INTO `search_dataset` VALUES ('1097','node','             ');
INSERT INTO `search_dataset` VALUES ('2080','node','   ');
INSERT INTO `search_dataset` VALUES ('2081','node','   ');
INSERT INTO `search_dataset` VALUES ('2082','node','   ');
INSERT INTO `search_dataset` VALUES ('2083','node','   ');
INSERT INTO `search_dataset` VALUES ('2084','node','   ');
INSERT INTO `search_dataset` VALUES ('2085','node','   ');
INSERT INTO `search_dataset` VALUES ('2086','node','   ');
INSERT INTO `search_dataset` VALUES ('2087','node','   ');
INSERT INTO `search_dataset` VALUES ('2088','node','   ');
INSERT INTO `search_dataset` VALUES ('2089','node','   ');
INSERT INTO `search_dataset` VALUES ('2090','node','   ');
INSERT INTO `search_dataset` VALUES ('2091','node','   ');
INSERT INTO `search_dataset` VALUES ('2092','node','   ');
INSERT INTO `search_dataset` VALUES ('2093','node','   ');
INSERT INTO `search_dataset` VALUES ('2094','node','   ');
INSERT INTO `search_dataset` VALUES ('2095','node','   ');
INSERT INTO `search_dataset` VALUES ('2097','node','   ');
INSERT INTO `search_dataset` VALUES ('2098','node','   ');
INSERT INTO `search_dataset` VALUES ('2096','node','   ');
INSERT INTO `search_dataset` VALUES ('2100','node','   ');
INSERT INTO `search_dataset` VALUES ('2099','node','   ');
INSERT INTO `search_dataset` VALUES ('2101','node','    ');
INSERT INTO `search_dataset` VALUES ('2102','node','   ');
INSERT INTO `search_dataset` VALUES ('2103','node','   ');
INSERT INTO `search_dataset` VALUES ('2104','node','   ');
INSERT INTO `search_dataset` VALUES ('1763','node','          ');
INSERT INTO `search_dataset` VALUES ('2106','node','   ');
INSERT INTO `search_dataset` VALUES ('2107','node','   ');
INSERT INTO `search_dataset` VALUES ('2108','node','   ');
INSERT INTO `search_dataset` VALUES ('2109','node','   ');
INSERT INTO `search_dataset` VALUES ('2111','node','    ');
INSERT INTO `search_dataset` VALUES ('2118','node','    ');
INSERT INTO `search_dataset` VALUES ('2120','node','    ');
INSERT INTO `search_dataset` VALUES ('2122','node','  ');
INSERT INTO `search_dataset` VALUES ('2123','node','  ');
INSERT INTO `search_dataset` VALUES ('2124','node','  ');
INSERT INTO `search_dataset` VALUES ('2126','node','  ');
INSERT INTO `search_dataset` VALUES ('2128','node','  ');
INSERT INTO `search_dataset` VALUES ('2129','node','  ');
INSERT INTO `search_dataset` VALUES ('2130','node','  ');
INSERT INTO `search_dataset` VALUES ('2132','node','  ');
INSERT INTO `search_dataset` VALUES ('2133','node','  ');
INSERT INTO `search_dataset` VALUES ('2135','node','  ');
INSERT INTO `search_dataset` VALUES ('2139','node','  ');
INSERT INTO `search_dataset` VALUES ('2141','node','  ');
INSERT INTO `search_dataset` VALUES ('2140','node','           ');
INSERT INTO `search_dataset` VALUES ('2136','node','    ');
INSERT INTO `search_dataset` VALUES ('2142','node','       ');
INSERT INTO `search_dataset` VALUES ('2131','node','     ');
INSERT INTO `search_dataset` VALUES ('2125','node','             ');
INSERT INTO `search_dataset` VALUES ('2145','node','  ');
INSERT INTO `search_dataset` VALUES ('2134','node','   ');
INSERT INTO `search_dataset` VALUES ('2149','node','   ');
INSERT INTO `search_dataset` VALUES ('2150','node','   ');
INSERT INTO `search_dataset` VALUES ('2152','node','   ');
INSERT INTO `search_dataset` VALUES ('2153','node','   ');
INSERT INTO `search_dataset` VALUES ('2154','node','   ');
INSERT INTO `search_dataset` VALUES ('2151','node','   ');
INSERT INTO `search_dataset` VALUES ('2155','node','       ');
INSERT INTO `search_dataset` VALUES ('2157','node','   ');
INSERT INTO `search_dataset` VALUES ('2007','node','    ');
INSERT INTO `search_dataset` VALUES ('2160','node','    ');
INSERT INTO `search_dataset` VALUES ('2161','node','    ');
INSERT INTO `search_dataset` VALUES ('2162','node','    ');
INSERT INTO `search_dataset` VALUES ('2163','node','   ');
INSERT INTO `search_dataset` VALUES ('2164','node','   ');
INSERT INTO `search_dataset` VALUES ('2165','node','   ');
INSERT INTO `search_dataset` VALUES ('2166','node','   ');
INSERT INTO `search_dataset` VALUES ('2167','node','   ');
INSERT INTO `search_dataset` VALUES ('2171','node','   ');
INSERT INTO `search_dataset` VALUES ('2172','node','      ');
INSERT INTO `search_dataset` VALUES ('2173','node','      ');
INSERT INTO `search_dataset` VALUES ('2175','node','   ');
INSERT INTO `search_dataset` VALUES ('2174','node','   ');
INSERT INTO `search_dataset` VALUES ('1245','node','   ');
INSERT INTO `search_dataset` VALUES ('2176','node','   ');
INSERT INTO `search_dataset` VALUES ('2177','node','   ');
INSERT INTO `search_dataset` VALUES ('2178','node','   ');
INSERT INTO `search_dataset` VALUES ('2179','node','   ');
INSERT INTO `search_dataset` VALUES ('2180','node','      ');
INSERT INTO `search_dataset` VALUES ('2181','node','      ');
INSERT INTO `search_dataset` VALUES ('2182','node','      ');
INSERT INTO `search_dataset` VALUES ('2183','node','      ');
INSERT INTO `search_dataset` VALUES ('2184','node','      ');
INSERT INTO `search_dataset` VALUES ('2185','node','      ');
INSERT INTO `search_dataset` VALUES ('2186','node','      ');
INSERT INTO `search_dataset` VALUES ('2156','node','                          ');
INSERT INTO `search_dataset` VALUES ('2190','node','   ');
INSERT INTO `search_dataset` VALUES ('2194','node','   ');
INSERT INTO `search_dataset` VALUES ('2196','node','   ');
INSERT INTO `search_dataset` VALUES ('2198','node','   ');
INSERT INTO `search_dataset` VALUES ('2199','node','       ');
INSERT INTO `search_dataset` VALUES ('2197','node','                ');
INSERT INTO `search_dataset` VALUES ('2203','node','   ');
INSERT INTO `search_dataset` VALUES ('2206','node','      ');
INSERT INTO `search_dataset` VALUES ('2205','node','      ');
INSERT INTO `search_dataset` VALUES ('2191','node','                   ');
INSERT INTO `search_dataset` VALUES ('2143','node','                                                      ');
INSERT INTO `search_dataset` VALUES ('2137','node','  ');
INSERT INTO `search_dataset` VALUES ('2241','node','      ');
INSERT INTO `search_dataset` VALUES ('2212','node','    ');
INSERT INTO `search_dataset` VALUES ('2159','node','      ');
INSERT INTO `search_dataset` VALUES ('2256','node','   ');
INSERT INTO `search_dataset` VALUES ('2257','node','   ');
INSERT INTO `search_dataset` VALUES ('2255','node','   ');
INSERT INTO `search_dataset` VALUES ('2259','node','   ');
INSERT INTO `search_dataset` VALUES ('1866','node','      ');
INSERT INTO `search_dataset` VALUES ('2262','node','   ');
INSERT INTO `search_dataset` VALUES ('2263','node','   ');
INSERT INTO `search_dataset` VALUES ('2264','node','   ');
INSERT INTO `search_dataset` VALUES ('2265','node','   ');
INSERT INTO `search_dataset` VALUES ('2267','node','   ');
INSERT INTO `search_dataset` VALUES ('2266','node','   ');
INSERT INTO `search_dataset` VALUES ('2268','node','   ');
INSERT INTO `search_dataset` VALUES ('2269','node','   ');
INSERT INTO `search_dataset` VALUES ('2270','node','   ');
INSERT INTO `search_dataset` VALUES ('2271','node','   ');
INSERT INTO `search_dataset` VALUES ('2272','node','   ');
INSERT INTO `search_dataset` VALUES ('2273','node','   ');
INSERT INTO `search_dataset` VALUES ('2275','node','   ');
INSERT INTO `search_dataset` VALUES ('2276','node','   ');
INSERT INTO `search_dataset` VALUES ('2274','node','   ');
INSERT INTO `search_dataset` VALUES ('2279','node','  ');
INSERT INTO `search_dataset` VALUES ('2280','node','  ');
INSERT INTO `search_dataset` VALUES ('2278','node','  ');
INSERT INTO `search_dataset` VALUES ('2282','node','  ');
INSERT INTO `search_dataset` VALUES ('2281','node','  ');
INSERT INTO `search_dataset` VALUES ('2283','node','  ');
INSERT INTO `search_dataset` VALUES ('2287','node','  ');
INSERT INTO `search_dataset` VALUES ('2288','node','  ');
INSERT INTO `search_dataset` VALUES ('2289','node','  ');
INSERT INTO `search_dataset` VALUES ('2290','node','  ');
INSERT INTO `search_dataset` VALUES ('2291','node','  ');
INSERT INTO `search_dataset` VALUES ('2292','node','  ');
INSERT INTO `search_dataset` VALUES ('2293','node','  ');
INSERT INTO `search_dataset` VALUES ('2294','node','  ');
INSERT INTO `search_dataset` VALUES ('2295','node','  ');
INSERT INTO `search_dataset` VALUES ('2296','node','  ');
INSERT INTO `search_dataset` VALUES ('2297','node','  ');
INSERT INTO `search_dataset` VALUES ('2298','node','  ');
INSERT INTO `search_dataset` VALUES ('2299','node','  ');
INSERT INTO `search_dataset` VALUES ('2300','node','  ');
INSERT INTO `search_dataset` VALUES ('2301','node','  ');
INSERT INTO `search_dataset` VALUES ('2302','node','  ');
INSERT INTO `search_dataset` VALUES ('2303','node','  ');
INSERT INTO `search_dataset` VALUES ('2304','node','  ');
INSERT INTO `search_dataset` VALUES ('2284','node','  ');
INSERT INTO `search_dataset` VALUES ('2285','node','  ');
INSERT INTO `search_dataset` VALUES ('2286','node','  ');
INSERT INTO `search_dataset` VALUES ('2261','node','   ');
INSERT INTO `search_dataset` VALUES ('2306','node','        ');
INSERT INTO `search_dataset` VALUES ('2310','node','  ');
INSERT INTO `search_dataset` VALUES ('2311','node','  ');
INSERT INTO `search_dataset` VALUES ('2312','node','  ');
INSERT INTO `search_dataset` VALUES ('2313','node','  ');
INSERT INTO `search_dataset` VALUES ('2314','node','  ');
INSERT INTO `search_dataset` VALUES ('2315','node','  ');
INSERT INTO `search_dataset` VALUES ('2316','node','  ');
INSERT INTO `search_dataset` VALUES ('2318','node','  ');
INSERT INTO `search_dataset` VALUES ('2317','node','  ');
INSERT INTO `search_dataset` VALUES ('2324','node','   ');
INSERT INTO `search_dataset` VALUES ('2325','node','   ');
INSERT INTO `search_dataset` VALUES ('2326','node','   ');
INSERT INTO `search_dataset` VALUES ('2327','node','   ');
INSERT INTO `search_dataset` VALUES ('2328','node','   ');
INSERT INTO `search_dataset` VALUES ('2329','node','   ');
INSERT INTO `search_dataset` VALUES ('2330','node','   ');
INSERT INTO `search_dataset` VALUES ('2331','node','   ');
INSERT INTO `search_dataset` VALUES ('2332','node','   ');
INSERT INTO `search_dataset` VALUES ('2333','node','   ');
INSERT INTO `search_dataset` VALUES ('2334','node','   ');
INSERT INTO `search_dataset` VALUES ('2335','node','   ');
INSERT INTO `search_dataset` VALUES ('2336','node','   ');
INSERT INTO `search_dataset` VALUES ('2337','node','   ');
INSERT INTO `search_dataset` VALUES ('2338','node','   ');
INSERT INTO `search_dataset` VALUES ('2339','node','   ');
INSERT INTO `search_dataset` VALUES ('2341','node','   ');
INSERT INTO `search_dataset` VALUES ('2360','node','   ');
INSERT INTO `search_dataset` VALUES ('2361','node','   ');
INSERT INTO `search_dataset` VALUES ('2362','node','   ');
INSERT INTO `search_dataset` VALUES ('2363','node','   ');
INSERT INTO `search_dataset` VALUES ('2364','node','   ');
INSERT INTO `search_dataset` VALUES ('2365','node','   ');
INSERT INTO `search_dataset` VALUES ('2366','node','   ');
INSERT INTO `search_dataset` VALUES ('2367','node','   ');
INSERT INTO `search_dataset` VALUES ('2368','node','   ');
INSERT INTO `search_dataset` VALUES ('2369','node','   ');
INSERT INTO `search_dataset` VALUES ('2370','node','   ');
INSERT INTO `search_dataset` VALUES ('2371','node','   ');
INSERT INTO `search_dataset` VALUES ('2372','node','   ');
INSERT INTO `search_dataset` VALUES ('2373','node','   ');
INSERT INTO `search_dataset` VALUES ('2374','node','   ');
INSERT INTO `search_dataset` VALUES ('2375','node','   ');
INSERT INTO `search_dataset` VALUES ('2376','node','   ');
INSERT INTO `search_dataset` VALUES ('2377','node','   ');
INSERT INTO `search_dataset` VALUES ('2378','node','   ');
INSERT INTO `search_dataset` VALUES ('2379','node','   ');
INSERT INTO `search_dataset` VALUES ('2380','node','   ');
INSERT INTO `search_dataset` VALUES ('2381','node','   ');
INSERT INTO `search_dataset` VALUES ('2382','node','   ');
INSERT INTO `search_dataset` VALUES ('2383','node','   ');
INSERT INTO `search_dataset` VALUES ('2384','node','   ');
INSERT INTO `search_dataset` VALUES ('2385','node','   ');
INSERT INTO `search_dataset` VALUES ('2386','node','   ');
INSERT INTO `search_dataset` VALUES ('2340','node','   ');
INSERT INTO `search_dataset` VALUES ('2350','node','   ');
INSERT INTO `search_dataset` VALUES ('2349','node','   ');
INSERT INTO `search_dataset` VALUES ('2348','node','   ');
INSERT INTO `search_dataset` VALUES ('2347','node','   ');
INSERT INTO `search_dataset` VALUES ('2346','node','   ');
INSERT INTO `search_dataset` VALUES ('2345','node','   ');
INSERT INTO `search_dataset` VALUES ('2344','node','   ');
INSERT INTO `search_dataset` VALUES ('2343','node','   ');
INSERT INTO `search_dataset` VALUES ('2342','node','   ');
INSERT INTO `search_dataset` VALUES ('2359','node','   ');
INSERT INTO `search_dataset` VALUES ('2358','node','   ');
INSERT INTO `search_dataset` VALUES ('2357','node','   ');
INSERT INTO `search_dataset` VALUES ('2356','node','   ');
INSERT INTO `search_dataset` VALUES ('2355','node','   ');
INSERT INTO `search_dataset` VALUES ('2354','node','   ');
INSERT INTO `search_dataset` VALUES ('2353','node','   ');
INSERT INTO `search_dataset` VALUES ('2352','node','   ');
INSERT INTO `search_dataset` VALUES ('2351','node','   ');
INSERT INTO `search_dataset` VALUES ('2395','node','   ');
INSERT INTO `search_dataset` VALUES ('2394','node','   ');
INSERT INTO `search_dataset` VALUES ('2393','node','   ');
INSERT INTO `search_dataset` VALUES ('2392','node','   ');
INSERT INTO `search_dataset` VALUES ('2391','node','   ');
INSERT INTO `search_dataset` VALUES ('2390','node','   ');
INSERT INTO `search_dataset` VALUES ('2389','node','   ');
INSERT INTO `search_dataset` VALUES ('2388','node','   ');
INSERT INTO `search_dataset` VALUES ('2387','node','   ');
INSERT INTO `search_dataset` VALUES ('2396','node','   ');
INSERT INTO `search_dataset` VALUES ('2397','node','   ');
INSERT INTO `search_dataset` VALUES ('2398','node','   ');
INSERT INTO `search_dataset` VALUES ('2399','node','   ');
INSERT INTO `search_dataset` VALUES ('2401','node','   ');
INSERT INTO `search_dataset` VALUES ('2402','node','   ');
INSERT INTO `search_dataset` VALUES ('2403','node','   ');
INSERT INTO `search_dataset` VALUES ('2404','node','   ');
INSERT INTO `search_dataset` VALUES ('2400','node','   ');
INSERT INTO `search_dataset` VALUES ('2406','node','   ');
INSERT INTO `search_dataset` VALUES ('2407','node','   ');
INSERT INTO `search_dataset` VALUES ('2408','node','   ');
INSERT INTO `search_dataset` VALUES ('2409','node','   ');
INSERT INTO `search_dataset` VALUES ('2410','node','   ');
INSERT INTO `search_dataset` VALUES ('2411','node','   ');
INSERT INTO `search_dataset` VALUES ('2412','node','   ');
INSERT INTO `search_dataset` VALUES ('2413','node','   ');
INSERT INTO `search_dataset` VALUES ('2415','node','   ');
INSERT INTO `search_dataset` VALUES ('2416','node','   ');
INSERT INTO `search_dataset` VALUES ('2417','node','   ');
INSERT INTO `search_dataset` VALUES ('2418','node','   ');
INSERT INTO `search_dataset` VALUES ('2419','node','   ');
INSERT INTO `search_dataset` VALUES ('2421','node','   ');
INSERT INTO `search_dataset` VALUES ('2422','node','   ');
INSERT INTO `search_dataset` VALUES ('2424','node','   ');
INSERT INTO `search_dataset` VALUES ('2425','node','   ');
INSERT INTO `search_dataset` VALUES ('2426','node','   ');
INSERT INTO `search_dataset` VALUES ('2427','node','   ');
INSERT INTO `search_dataset` VALUES ('2429','node','   ');
INSERT INTO `search_dataset` VALUES ('2430','node','   ');
INSERT INTO `search_dataset` VALUES ('2431','node','   ');
INSERT INTO `search_dataset` VALUES ('2432','node','   ');
INSERT INTO `search_dataset` VALUES ('2434','node','   ');
INSERT INTO `search_dataset` VALUES ('2435','node','   ');
INSERT INTO `search_dataset` VALUES ('2436','node','   ');
INSERT INTO `search_dataset` VALUES ('2437','node','   ');
INSERT INTO `search_dataset` VALUES ('2438','node','   ');
INSERT INTO `search_dataset` VALUES ('2439','node','   ');
INSERT INTO `search_dataset` VALUES ('2440','node','   ');
INSERT INTO `search_dataset` VALUES ('2441','node','   ');
INSERT INTO `search_dataset` VALUES ('2442','node','   ');
INSERT INTO `search_dataset` VALUES ('2443','node','   ');
INSERT INTO `search_dataset` VALUES ('2444','node','   ');
INSERT INTO `search_dataset` VALUES ('2445','node','   ');
INSERT INTO `search_dataset` VALUES ('2433','node','   ');
INSERT INTO `search_dataset` VALUES ('2405','node','   ');
INSERT INTO `search_dataset` VALUES ('2414','node','   ');
INSERT INTO `search_dataset` VALUES ('2423','node','   ');
INSERT INTO `search_dataset` VALUES ('2420','node','   ');
INSERT INTO `search_dataset` VALUES ('2448','node','   ');
INSERT INTO `search_dataset` VALUES ('2449','node','   ');
INSERT INTO `search_dataset` VALUES ('2450','node','   ');
INSERT INTO `search_dataset` VALUES ('2451','node','   ');
INSERT INTO `search_dataset` VALUES ('2452','node','      ');
INSERT INTO `search_dataset` VALUES ('2447','node','   ');
INSERT INTO `search_dataset` VALUES ('2454','node','  ');
INSERT INTO `search_dataset` VALUES ('2138','node','    ');
INSERT INTO `search_dataset` VALUES ('2127','node','    ');
INSERT INTO `search_dataset` VALUES ('2463','node','      ');
INSERT INTO `search_dataset` VALUES ('2462','node','      ');
INSERT INTO `search_dataset` VALUES ('2464','node','    ');
INSERT INTO `search_dataset` VALUES ('2466','node','    ');
INSERT INTO `search_dataset` VALUES ('2465','node','    ');
INSERT INTO `search_dataset` VALUES ('76','node','   ');
INSERT INTO `search_dataset` VALUES ('543','node','   ');
INSERT INTO `search_dataset` VALUES ('94','node','    ');
INSERT INTO `search_dataset` VALUES ('2482','node','                      ');
INSERT INTO `search_dataset` VALUES ('2483','node','     ');
INSERT INTO `search_dataset` VALUES ('1152','node','   ');
INSERT INTO `search_dataset` VALUES ('1153','node','   ');
INSERT INTO `search_dataset` VALUES ('1154','node','   ');
INSERT INTO `search_dataset` VALUES ('1156','node','   ');
INSERT INTO `search_dataset` VALUES ('1157','node','   ');
INSERT INTO `search_dataset` VALUES ('1158','node','   ');
INSERT INTO `search_dataset` VALUES ('1159','node','   ');
INSERT INTO `search_dataset` VALUES ('1160','node','   ');
INSERT INTO `search_dataset` VALUES ('1161','node','   ');
INSERT INTO `search_dataset` VALUES ('1162','node','       ');
INSERT INTO `search_dataset` VALUES ('2484','node','        ');
INSERT INTO `search_dataset` VALUES ('539','node','              ');
INSERT INTO `search_dataset` VALUES ('2277','node','   ');
INSERT INTO `search_dataset` VALUES ('2495','node','   ');
INSERT INTO `search_dataset` VALUES ('2499','node','   ');
INSERT INTO `search_dataset` VALUES ('2500','node','   ');
INSERT INTO `search_dataset` VALUES ('2501','node','   ');
INSERT INTO `search_dataset` VALUES ('2502','node','   ');
INSERT INTO `search_dataset` VALUES ('2497','node','   ');
INSERT INTO `search_dataset` VALUES ('2496','node','   ');
INSERT INTO `search_dataset` VALUES ('2498','node','   ');
INSERT INTO `search_dataset` VALUES ('2486','node','   ');
INSERT INTO `search_dataset` VALUES ('2481','node','        ');
INSERT INTO `search_dataset` VALUES ('2503','node','  ');
INSERT INTO `search_dataset` VALUES ('2461','node','       ');
INSERT INTO `search_dataset` VALUES ('1343','node','        ');
INSERT INTO `search_dataset` VALUES ('1046','node','                                                                                                                                                                                                                                                                                                                                                                                                                                                                                         ');
INSERT INTO `search_dataset` VALUES ('2511','node','  ');
INSERT INTO `search_dataset` VALUES ('2509','node','          ');
INSERT INTO `search_dataset` VALUES ('2512','node','        ');
INSERT INTO `search_dataset` VALUES ('2513','node','  ');
INSERT INTO `search_dataset` VALUES ('2514','node','    ');
INSERT INTO `search_dataset` VALUES ('2515','node','    ');
INSERT INTO `search_dataset` VALUES ('1155','node','   ');
INSERT INTO `search_dataset` VALUES ('1151','node','     ');
INSERT INTO `search_dataset` VALUES ('1735','node','       ');
INSERT INTO `search_dataset` VALUES ('1723','node','    ');
INSERT INTO `search_dataset` VALUES ('24','node','    ');
INSERT INTO `search_dataset` VALUES ('18','node','             ');
CREATE TABLE `search_index` (   `word` varchar(50) NOT NULL DEFAULT '',   `sid` int(10) unsigned NOT NULL DEFAULT '0',   `type` varchar(16) DEFAULT NULL,   `fromsid` int(10) unsigned NOT NULL DEFAULT '0',   `fromtype` varchar(16) DEFAULT NULL,   `score` float DEFAULT NULL,   KEY `sid_type` (`sid`,`type`),   KEY `from_sid_type` (`fromsid`,`fromtype`),   KEY `word` (`word`) ) ENGINE=InnoDB DEFAULT CHARSET=utf8;
INSERT INTO `search_index` VALUES ('钢琴','30','node','0',null,'26');
INSERT INTO `search_index` VALUES ('课堂','30','node','0',null,'26');
INSERT INTO `search_index` VALUES ('测试','30','node','0',null,'26');
INSERT INTO `search_index` VALUES ('06中','30','node','0',null,'26');
INSERT INTO `search_index` VALUES ('石化','30','node','0',null,'29.8306');
INSERT INTO `search_index` VALUES ('解释','30','node','0',null,'27.7135');
INSERT INTO `search_index` VALUES ('北京','30','node','0',null,'30');
INSERT INTO `search_index` VALUES ('柴油','30','node','0',null,'30.9029');
INSERT INTO `search_index` VALUES ('零售','30','node','0',null,'27');
INSERT INTO `search_index` VALUES ('基准','30','node','0',null,'27');
INSERT INTO `search_index` VALUES ('单独','30','node','0',null,'29');
INSERT INTO `search_index` VALUES ('上调','30','node','0',null,'27.8828');
INSERT INTO `search_index` VALUES ('原因','30','node','0',null,'26.8453');
INSERT INTO `search_index` VALUES ('怎么','30','node','0',null,'1');
INSERT INTO `search_index` VALUES ('此时','30','node','0',null,'2');
INSERT INTO `search_index` VALUES ('涨价','30','node','0',null,'2');
INSERT INTO `search_index` VALUES ('017元','30','node','0',null,'2');
INSERT INTO `search_index` VALUES ('昨天','30','node','0',null,'1');
INSERT INTO `search_index` VALUES ('针对','30','node','0',null,'1');
INSERT INTO `search_index` VALUES ('近日','30','node','0',null,'1');
INSERT INTO `search_index` VALUES ('市民','30','node','0',null,'1');
INSERT INTO `search_index` VALUES ('种种','30','node','0',null,'1');
INSERT INTO `search_index` VALUES ('质疑','30','node','0',null,'1.85439');
INSERT INTO `search_index` VALUES ('方面','30','node','0',null,'2.83063');
INSERT INTO `search_index` VALUES ('表示','30','node','0',null,'3.85746');
INSERT INTO `search_index` VALUES ('调价','30','node','0',null,'4.8894');
INSERT INTO `search_index` VALUES ('6月','30','node','0',null,'2');
INSERT INTO `search_index` VALUES ('全国','30','node','0',null,'2');
INSERT INTO `search_index` VALUES ('已确定','30','node','0',null,'1');
INSERT INTO `search_index` VALUES ('国际','30','node','0',null,'3.52873');
INSERT INTO `search_index` VALUES ('油价','30','node','0',null,'7.06988');
INSERT INTO `search_index` VALUES ('暴跌','30','node','0',null,'1.83353');
INSERT INTO `search_index` VALUES ('目前','30','node','0',null,'2.71345');
INSERT INTO `search_index` VALUES ('国内外','30','node','0',null,'1.81925');
INSERT INTO `search_index` VALUES ('持平','30','node','0',null,'1.81925');
INSERT INTO `search_index` VALUES ('至于','30','node','0',null,'1');
INSERT INTO `search_index` VALUES ('中国','30','node','0',null,'1');
INSERT INTO `search_index` VALUES ('销售','30','node','0',null,'2.8533');
INSERT INTO `search_index` VALUES ('有限公司','30','node','0',null,'1');
INSERT INTO `search_index` VALUES ('副经理','30','node','0',null,'1');
INSERT INTO `search_index` VALUES ('夏世祥','30','node','0',null,'1.88282');
INSERT INTO `search_index` VALUES ('19日','30','node','0',null,'1');
INSERT INTO `search_index` VALUES ('调整','30','node','0',null,'1.87957');
INSERT INTO `search_index` VALUES ('国家','30','node','0',null,'1');
INSERT INTO `search_index` VALUES ('发改委','30','node','0',null,'1');
INSERT INTO `search_index` VALUES ('允许','30','node','0',null,'1');
INSERT INTO `search_index` VALUES ('一价','30','node','0',null,'1');
INSERT INTO `search_index` VALUES ('补偿','30','node','0',null,'2');
INSERT INTO `search_index` VALUES ('北京市','30','node','0',null,'3.84532');
INSERT INTO `search_index` VALUES ('执行','30','node','0',null,'2');
INSERT INTO `search_index` VALUES ('排放','30','node','0',null,'4');
INSERT INTO `search_index` VALUES ('标准','30','node','0',null,'5');
INSERT INTO `search_index` VALUES ('增加','30','node','0',null,'3.89608');
INSERT INTO `search_index` VALUES ('成本','30','node','0',null,'5.80236');
INSERT INTO `search_index` VALUES ('每吨','30','node','0',null,'4.80236');
INSERT INTO `search_index` VALUES ('分别','30','node','0',null,'1');
INSERT INTO `search_index` VALUES ('再提','30','node','0',null,'1');
INSERT INTO `search_index` VALUES ('200元','30','node','0',null,'2');
INSERT INTO `search_index` VALUES ('290元','30','node','0',null,'2');
INSERT INTO `search_index` VALUES ('当时','30','node','0',null,'1');
INSERT INTO `search_index` VALUES ('政府','30','node','0',null,'1');
INSERT INTO `search_index` VALUES ('综合','30','node','0',null,'1');
INSERT INTO `search_index` VALUES ('考虑','30','node','0',null,'1.86679');
INSERT INTO `search_index` VALUES ('各种','30','node','0',null,'1');
INSERT INTO `search_index` VALUES ('因素','30','node','0',null,'1.86366');
INSERT INTO `search_index` VALUES ('要求','30','node','0',null,'2');
INSERT INTO `search_index` VALUES ('额外','30','node','0',null,'1');
INSERT INTO `search_index` VALUES ('政策','30','node','0',null,'1');
INSERT INTO `search_index` VALUES ('推迟','30','node','0',null,'1');
INSERT INTO `search_index` VALUES ('奥运会','30','node','0',null,'1');
INSERT INTO `search_index` VALUES ('事实上','30','node','0',null,'1');
INSERT INTO `search_index` VALUES ('早在','30','node','0',null,'1');
INSERT INTO `search_index` VALUES ('1月','30','node','0',null,'1');
INSERT INTO `search_index` VALUES ('开始','30','node','0',null,'1');
INSERT INTO `search_index` VALUES ('供应','30','node','0',null,'1');
INSERT INTO `search_index` VALUES ('符合','30','node','0',null,'2');
INSERT INTO `search_index` VALUES ('油品','30','node','0',null,'2');
INSERT INTO `search_index` VALUES ('相关','30','node','0',null,'1.86366');
INSERT INTO `search_index` VALUES ('部门','30','node','0',null,'1');
INSERT INTO `search_index` VALUES ('考虑到','30','node','0',null,'1');
INSERT INTO `search_index` VALUES ('随后','30','node','0',null,'1');
INSERT INTO `search_index` VALUES ('到底','30','node','0',null,'1');
INSERT INTO `search_index` VALUES ('比欧','30','node','0',null,'1');
INSERT INTO `search_index` VALUES ('增多','30','node','0',null,'1');
INSERT INTO `search_index` VALUES ('据测','30','node','0',null,'1');
INSERT INTO `search_index` VALUES ('汽油','30','node','0',null,'2.90629');
INSERT INTO `search_index` VALUES ('46213元','30','node','0',null,'1');
INSERT INTO `search_index` VALUES ('035元','30','node','0',null,'1');
INSERT INTO `search_index` VALUES ('53656元','30','node','0',null,'1');
INSERT INTO `search_index` VALUES ('047元','30','node','0',null,'1');
INSERT INTO `search_index` VALUES ('此次','30','node','0',null,'1.8894');
INSERT INTO `search_index` VALUES ('只有','30','node','0',null,'1');
INSERT INTO `search_index` VALUES ('每升','30','node','0',null,'1');
INSERT INTO `search_index` VALUES ('而言','30','node','0',null,'1');
INSERT INTO `search_index` VALUES ('为例','30','node','0',null,'1');
INSERT INTO `search_index` VALUES ('仅涨','30','node','0',null,'1');
INSERT INTO `search_index` VALUES ('左右','30','node','0',null,'1.82206');
INSERT INTO `search_index` VALUES ('记者','30','node','0',null,'1');
INSERT INTO `search_index` VALUES ('算了','30','node','0',null,'1');
INSERT INTO `search_index` VALUES ('一笔','30','node','0',null,'1');
INSERT INTO `search_index` VALUES ('含量','30','node','0',null,'1');
INSERT INTO `search_index` VALUES ('150ppm','30','node','0',null,'1');
INSERT INTO `search_index` VALUES ('350ppm','30','node','0',null,'1');
INSERT INTO `search_index` VALUES ('降到','30','node','0',null,'0.997306');
INSERT INTO `search_index` VALUES ('50ppm','30','node','0',null,'0.993146');
INSERT INTO `search_index` VALUES ('炼油','30','node','0',null,'1.96989');
INSERT INTO `search_index` VALUES ('企业','30','node','0',null,'0.98493');
INSERT INTO `search_index` VALUES ('设备','30','node','0',null,'0.980874');
INSERT INTO `search_index` VALUES ('技术','30','node','0',null,'0.976851');
INSERT INTO `search_index` VALUES ('以及','30','node','0',null,'0.972861');
INSERT INTO `search_index` VALUES ('辅料','30','node','0',null,'0.968904');
INSERT INTO `search_index` VALUES ('新增','30','node','0',null,'0.96498');
INSERT INTO `search_index` VALUES ('投入','30','node','0',null,'0.961087');
INSERT INTO `search_index` VALUES ('环节','30','node','0',null,'1.8533');
INSERT INTO `search_index` VALUES ('储运','30','node','0',null,'0.953396');
INSERT INTO `search_index` VALUES ('设施','30','node','0',null,'0.949597');
INSERT INTO `search_index` VALUES ('进行','30','node','0',null,'0.945829');
INSERT INTO `search_index` VALUES ('改造','30','node','0',null,'0.942091');
INSERT INTO `search_index` VALUES ('清洗','30','node','0',null,'0.938382');
INSERT INTO `search_index` VALUES ('有关','30','node','0',null,'0.934703');
INSERT INTO `search_index` VALUES ('炼厂','30','node','0',null,'0.931053');
INSERT INTO `search_index` VALUES ('为此','30','node','0',null,'0.927431');
INSERT INTO `search_index` VALUES ('投资','30','node','0',null,'0.923838');
INSERT INTO `search_index` VALUES ('43','30','node','0',null,'0.920273');
INSERT INTO `search_index` VALUES ('亿元','30','node','0',null,'0.916736');
INSERT INTO `search_index` VALUES ('按此','30','node','0',null,'0.913226');
INSERT INTO `search_index` VALUES ('测算','30','node','0',null,'0.909743');
INSERT INTO `search_index` VALUES ('32213元','30','node','0',null,'0.906287');
INSERT INTO `search_index` VALUES ('49656元','30','node','0',null,'0.902857');
INSERT INTO `search_index` VALUES ('此外','30','node','0',null,'0.899454');
INSERT INTO `search_index` VALUES ('40元','30','node','0',null,'0.896076');
INSERT INTO `search_index` VALUES ('之所以','30','node','0',null,'0.892724');
INSERT INTO `search_index` VALUES ('没有','30','node','0',null,'0.889397');
INSERT INTO `search_index` VALUES ('完全','30','node','0',null,'0.886095');
INSERT INTO `search_index` VALUES ('国内','30','node','0',null,'1.69649');
INSERT INTO `search_index` VALUES ('机制','30','node','0',null,'0.879565');
INSERT INTO `search_index` VALUES ('兼顾','30','node','0',null,'0.876337');
INSERT INTO `search_index` VALUES ('同时','30','node','0',null,'0.873132');
INSERT INTO `search_index` VALUES ('必须','30','node','0',null,'0.869951');
INSERT INTO `search_index` VALUES ('其他','30','node','0',null,'0.866793');
INSERT INTO `search_index` VALUES ('不过','30','node','0',null,'0.863659');
INSERT INTO `search_index` VALUES ('内人','30','node','0',null,'0.860547');
INSERT INTO `search_index` VALUES ('人们','30','node','0',null,'0.857458');
INSERT INTO `search_index` VALUES ('声音','30','node','0',null,'0.854391');
INSERT INTO `search_index` VALUES ('比较','30','node','0',null,'0.851346');
INSERT INTO `search_index` VALUES ('根本','30','node','0',null,'0.848323');
INSERT INTO `search_index` VALUES ('提高','30','node','0',null,'0.845322');
INSERT INTO `search_index` VALUES ('时机','30','node','0',null,'0.842342');
INSERT INTO `search_index` VALUES ('不好','30','node','0',null,'0.839384');
INSERT INTO `search_index` VALUES ('最近','30','node','0',null,'0.836446');
INSERT INTO `search_index` VALUES ('然而','30','node','0',null,'0.833529');
INSERT INTO `search_index` VALUES ('下跌','30','node','0',null,'0.830633');
INSERT INTO `search_index` VALUES ('90','30','node','0',null,'0.827757');
INSERT INTO `search_index` VALUES ('美元','30','node','0',null,'0.824901');
INSERT INTO `search_index` VALUES ('相当于','30','node','0',null,'0.822065');
INSERT INTO `search_index` VALUES ('水平','30','node','0',null,'0.819249');
INSERT INTO `search_index` VALUES ('甚至','30','node','0',null,'0.816452');
INSERT INTO `search_index` VALUES ('一点','30','node','0',null,'0.813674');
INSERT INTO `search_index` VALUES ('多而','30','node','0',null,'0.810915');
INSERT INTO `search_index` VALUES ('卡斯特罗','30','node','0',null,'0.808176');
INSERT INTO `search_index` VALUES ('1235','30','node','0',null,'0.805455');
INSERT INTO `search_index` VALUES ('阿尔泰','30','node','0',null,'0.802752');
INSERT INTO `search_index` VALUES ('购买','30','node','0',null,'8.80075');
INSERT INTO `search_index` VALUES ('7800元','30','node','0',null,'0.797402');
INSERT INTO `search_index` VALUES ('广仁课件','30','node','0',null,'3.17901');
INSERT INTO `search_index` VALUES ('贡艳玲','68','node','0',null,'26');
INSERT INTO `search_index` VALUES ('中国','68','node','0',null,'4');
INSERT INTO `search_index` VALUES ('名学','68','node','0',null,'1');
INSERT INTO `search_index` VALUES ('创始人','68','node','0',null,'1');
INSERT INTO `search_index` VALUES ('品牌','68','node','0',null,'6');
INSERT INTO `search_index` VALUES ('管理','68','node','0',null,'2');
INSERT INTO `search_index` VALUES ('专家','68','node','0',null,'4');
INSERT INTO `search_index` VALUES ('文化','68','node','0',null,'3');
INSERT INTO `search_index` VALUES ('经济学','68','node','0',null,'1');
INSERT INTO `search_index` VALUES ('道管','68','node','0',null,'2');
INSERT INTO `search_index` VALUES ('理论','68','node','0',null,'1');
INSERT INTO `search_index` VALUES ('创建','68','node','0',null,'1');
INSERT INTO `search_index` VALUES ('道学','68','node','0',null,'1');
INSERT INTO `search_index` VALUES ('香港','68','node','0',null,'1');
INSERT INTO `search_index` VALUES ('执行','68','node','0',null,'1');
INSERT INTO `search_index` VALUES ('院长','68','node','0',null,'1');
INSERT INTO `search_index` VALUES ('亚洲','68','node','0',null,'1');
INSERT INTO `search_index` VALUES ('经济','68','node','0',null,'1');
INSERT INTO `search_index` VALUES ('联合会','68','node','0',null,'1');
INSERT INTO `search_index` VALUES ('中心','68','node','0',null,'1');
INSERT INTO `search_index` VALUES ('主任','68','node','0',null,'1');
INSERT INTO `search_index` VALUES ('亚太','68','node','0',null,'1');
INSERT INTO `search_index` VALUES ('城市','68','node','0',null,'1');
INSERT INTO `search_index` VALUES ('发展','68','node','0',null,'1');
INSERT INTO `search_index` VALUES ('研究会','68','node','0',null,'1');
INSERT INTO `search_index` VALUES ('副秘书长','68','node','0',null,'1');
INSERT INTO `search_index` VALUES ('生产力','68','node','0',null,'1');
INSERT INTO `search_index` VALUES ('学会','68','node','0',null,'1');
INSERT INTO `search_index` VALUES ('策划','68','node','0',null,'8');
INSERT INTO `search_index` VALUES ('委员会','68','node','0',null,'1');
INSERT INTO `search_index` VALUES ('委员','68','node','0',null,'1');
INSERT INTO `search_index` VALUES ('北京','68','node','0',null,'1');
INSERT INTO `search_index` VALUES ('大学','68','node','0',null,'1');
INSERT INTO `search_index` VALUES ('清华大学','68','node','0',null,'1');
INSERT INTO `search_index` VALUES ('客座','68','node','0',null,'1');
INSERT INTO `search_index` VALUES ('教授','68','node','0',null,'1');
INSERT INTO `search_index` VALUES ('国学','68','node','0',null,'1');
INSERT INTO `search_index` VALUES ('讲师','68','node','0',null,'1');
INSERT INTO `search_index` VALUES ('名人','68','node','0',null,'2');
INSERT INTO `search_index` VALUES ('机构','68','node','0',null,'1');
INSERT INTO `search_index` VALUES ('董事长','68','node','0',null,'1');
INSERT INTO `search_index` VALUES ('幼承廷训','68','node','0',null,'1');
INSERT INTO `search_index` VALUES ('精通','68','node','0',null,'1');
INSERT INTO `search_index` VALUES ('易经','68','node','0',null,'1');
INSERT INTO `search_index` VALUES ('等中','68','node','0',null,'1');
INSERT INTO `search_index` VALUES ('传统文化','68','node','0',null,'1');
INSERT INTO `search_index` VALUES ('1g92年','68','node','0',null,'1');
INSERT INTO `search_index` VALUES ('创办','68','node','0',null,'1');
INSERT INTO `search_index` VALUES ('ldquo','68','node','0',null,'3');
INSERT INTO `search_index` VALUES ('rdquo','68','node','0',null,'3');
INSERT INTO `search_index` VALUES ('我们','68','node','0',null,'1');
INSERT INTO `search_index` VALUES ('非凡','68','node','0',null,'1');
INSERT INTO `search_index` VALUES ('设计','68','node','0',null,'2');
INSERT INTO `search_index` VALUES ('创造','68','node','0',null,'1');
INSERT INTO `search_index` VALUES ('成功','68','node','0',null,'1');
INSERT INTO `search_index` VALUES ('奇迹','68','node','0',null,'1');
INSERT INTO `search_index` VALUES ('宗旨','68','node','0',null,'1');
INSERT INTO `search_index` VALUES ('首次','68','node','0',null,'1');
INSERT INTO `search_index` VALUES ('在国际上','68','node','0',null,'1');
INSERT INTO `search_index` VALUES ('提出','68','node','0',null,'1');
INSERT INTO `search_index` VALUES ('五变五术','68','node','0',null,'1');
INSERT INTO `search_index` VALUES ('系统','68','node','0',null,'1');
INSERT INTO `search_index` VALUES ('擅长','68','node','0',null,'1');
INSERT INTO `search_index` VALUES ('公司','68','node','0',null,'1');
INSERT INTO `search_index` VALUES ('产品','68','node','0',null,'1');
INSERT INTO `search_index` VALUES ('个人','68','node','0',null,'1');
INSERT INTO `search_index` VALUES ('命名','68','node','0',null,'1');
INSERT INTO `search_index` VALUES ('环境','68','node','0',null,'1');
INSERT INTO `search_index` VALUES ('宅地','68','node','0',null,'1');
INSERT INTO `search_index` VALUES ('景观','68','node','0',null,'1');
INSERT INTO `search_index` VALUES ('创意','68','node','0',null,'1');
INSERT INTO `search_index` VALUES ('营销','68','node','0',null,'2');
INSERT INTO `search_index` VALUES ('知产','68','node','0',null,'1');
INSERT INTO `search_index` VALUES ('企业管理','68','node','0',null,'1');
INSERT INTO `search_index` VALUES ('咨询服务','68','node','0',null,'1');
INSERT INTO `search_index` VALUES ('其事','68','node','0',null,'1');
INSERT INTO `search_index` VALUES ('浙江','68','node','0',null,'1');
INSERT INTO `search_index` VALUES ('卫视','68','node','0',null,'1');
INSERT INTO `search_index` VALUES ('专题','68','node','0',null,'1');
INSERT INTO `search_index` VALUES ('报道','68','node','0',null,'1');
INSERT INTO `search_index` VALUES ('著有','68','node','0',null,'1');
INSERT INTO `search_index` VALUES ('畅销书','68','node','0',null,'1');
INSERT INTO `search_index` VALUES ('取名','68','node','0',null,'1');
INSERT INTO `search_index` VALUES ('名利双收','68','node','0',null,'1');
INSERT INTO `search_index` VALUES ('好家旺宅','68','node','0',null,'1');
INSERT INTO `search_index` VALUES ('等十余部','68','node','0',null,'1');
INSERT INTO `search_index` VALUES ('作品','68','node','0',null,'1');
INSERT INTO `search_index` VALUES ('2000','68','node','0',null,'1');
INSERT INTO `search_index` VALUES ('年度','68','node','0',null,'3');
INSERT INTO `search_index` VALUES ('被评为','68','node','0',null,'2');
INSERT INTO `search_index` VALUES ('全国','68','node','0',null,'3');
INSERT INTO `search_index` VALUES ('2001','68','node','0',null,'1');
INSERT INTO `search_index` VALUES ('十大','68','node','0',null,'1');
INSERT INTO `search_index` VALUES ('2003','68','node','0',null,'1');
INSERT INTO `search_index` VALUES ('国际','68','node','0',null,'1');
INSERT INTO `search_index` VALUES ('金奖','68','node','0',null,'1');
INSERT INTO `search_index` VALUES ('2005年获','68','node','0',null,'1');
INSERT INTO `search_index` VALUES ('商标','68','node','0',null,'1');
INSERT INTO `search_index` VALUES ('论坛','68','node','0',null,'1');
INSERT INTO `search_index` VALUES ('第一名','68','node','0',null,'1');
INSERT INTO `search_index` VALUES ('地区','68','node','0',null,'1');
INSERT INTO `search_index` VALUES ('吉林','68','node','0',null,'1');
INSERT INTO `search_index` VALUES ('用户','68','node','0',null,'1');
INSERT INTO `search_index` VALUES ('id','68','node','0',null,'0.997306');
INSERT INTO `search_index` VALUES ('2','68','node','0',null,'0.993146');
INSERT INTO `search_index` VALUES ('联盟','68','node','0',null,'3.95608');
INSERT INTO `search_index` VALUES ('教师','68','node','0',null,'3.93972');
INSERT INTO `search_index` VALUES ('韩静','71','node','0',null,'26');
INSERT INTO `search_index` VALUES ('韩静4岁开始学琴','71','node','0',null,'1');
INSERT INTO `search_index` VALUES ('2004年毕业于山西大学音乐学院2008年','71','node','0',null,'1');
INSERT INTO `search_index` VALUES ('经培训顺利的成为北京周广仁钢琴艺','71','node','0',null,'1');
INSERT INTO `search_index` VALUES ('href','71','node','0',null,'1');
INSERT INTO `search_index` VALUES ('yktownnet','71','node','0',null,'1');
INSERT INTO `search_index` VALUES ('asd','71','node','0',null,'1');
INSERT INTO `search_index` VALUES ('地区','71','node','0',null,'1');
INSERT INTO `search_index` VALUES ('北京','71','node','0',null,'1');
INSERT INTO `search_index` VALUES ('用户id','71','node','0',null,'1');
INSERT INTO `search_index` VALUES ('2','71','node','0',null,'1');
INSERT INTO `search_index` VALUES ('联盟教师','71','node','0',null,'4');
INSERT INTO `search_index` VALUES ('贝伦斯钢琴练习曲','74','node','0',null,'27');
INSERT INTO `search_index` VALUES ('61012','74','node','0',null,'27');
INSERT INTO `search_index` VALUES ('周广仁','74','node','0',null,'1');
INSERT INTO `search_index` VALUES ('主讲人链接','74','node','0',null,'1');
INSERT INTO `search_index` VALUES ('about','74','node','0',null,'1');
INSERT INTO `search_index` VALUES ('intro','74','node','0',null,'1');
INSERT INTO `search_index` VALUES ('经珠','74','node','0',null,'1');
INSERT INTO `search_index` VALUES ('谢天健','74','node','0',null,'1');
INSERT INTO `search_index` VALUES ('36','74','node','0',null,'1');
INSERT INTO `search_index` VALUES ('广仁课件','74','node','0',null,'4');
INSERT INTO `search_index` VALUES ('贝伦斯钢琴练习曲61','25','node','74','node','11');
INSERT INTO `search_index` VALUES ('网友视频','46','node','0',null,'26');
INSERT INTO `search_index` VALUES ('网友视频四一','46','node','0',null,'1');
INSERT INTO `search_index` VALUES ('阿尔泰','46','node','0',null,'1');
INSERT INTO `search_index` VALUES ('贝多而','46','node','0',null,'1');
INSERT INTO `search_index` VALUES ('卡斯特罗','46','node','0',null,'1');
INSERT INTO `search_index` VALUES ('137','46','node','0',null,'1');
INSERT INTO `search_index` VALUES ('网友视频','45','node','0',null,'26');
INSERT INTO `search_index` VALUES ('网友视频四二','45','node','0',null,'1');
INSERT INTO `search_index` VALUES ('阿尔泰','45','node','0',null,'1');
INSERT INTO `search_index` VALUES ('贝多而','45','node','0',null,'1');
INSERT INTO `search_index` VALUES ('卡斯特罗','45','node','0',null,'1');
INSERT INTO `search_index` VALUES ('218','45','node','0',null,'1');
INSERT INTO `search_index` VALUES ('网友视频','44','node','0',null,'26');
INSERT INTO `search_index` VALUES ('网友视频4','44','node','0',null,'1');
INSERT INTO `search_index` VALUES ('阿尔泰','44','node','0',null,'1');
INSERT INTO `search_index` VALUES ('贝多而','44','node','0',null,'1');
INSERT INTO `search_index` VALUES ('卡斯特罗','44','node','0',null,'1');
INSERT INTO `search_index` VALUES ('357','44','node','0',null,'1');
INSERT INTO `search_index` VALUES ('网友视频','43','node','0',null,'26');
INSERT INTO `search_index` VALUES ('网友视频三一','43','node','0',null,'1');
INSERT INTO `search_index` VALUES ('阿尔泰','43','node','0',null,'1');
INSERT INTO `search_index` VALUES ('贝多而','43','node','0',null,'1');
INSERT INTO `search_index` VALUES ('卡斯特罗','43','node','0',null,'1');
INSERT INTO `search_index` VALUES ('241','43','node','0',null,'1');
INSERT INTO `search_index` VALUES ('轮转广告1','59','node','0',null,'26');
INSERT INTO `search_index` VALUES ('链接地址','59','node','0',null,'1');
INSERT INTO `search_index` VALUES ('http','59','node','0',null,'1');
INSERT INTO `search_index` VALUES ('wwwzgrchinacom','59','node','0',null,'1');
INSERT INTO `search_index` VALUES ('node','59','node','0',null,'1');
INSERT INTO `search_index` VALUES ('110','59','node','0',null,'1');
INSERT INTO `search_index` VALUES ('广告图','59','node','0',null,'1');
INSERT INTO `search_index` VALUES ('轮转广告2','60','node','0',null,'26');
INSERT INTO `search_index` VALUES ('链接地址','60','node','0',null,'1');
INSERT INTO `search_index` VALUES ('http','60','node','0',null,'1');
INSERT INTO `search_index` VALUES ('wwwzgrchinacom','60','node','0',null,'1');
INSERT INTO `search_index` VALUES ('node','60','node','0',null,'1');
INSERT INTO `search_index` VALUES ('7','60','node','0',null,'1');
INSERT INTO `search_index` VALUES ('广告图','60','node','0',null,'1');
INSERT INTO `search_index` VALUES ('轮转广告3','96','node','0',null,'26');
INSERT INTO `search_index` VALUES ('轮转广告2','96','node','0',null,'1');
INSERT INTO `search_index` VALUES ('链接地址','96','node','0',null,'1');
INSERT INTO `search_index` VALUES ('http','96','node','0',null,'1');
INSERT INTO `search_index` VALUES ('wwwzgrchinacom','96','node','0',null,'1');
INSERT INTO `search_index` VALUES ('node','96','node','0',null,'1');
INSERT INTO `search_index` VALUES ('7','96','node','0',null,'1');
INSERT INTO `search_index` VALUES ('广告图','96','node','0',null,'1');
INSERT INTO `search_index` VALUES ('网友视频六','40','node','0',null,'27');
INSERT INTO `search_index` VALUES ('阿尔泰','40','node','0',null,'1');
INSERT INTO `search_index` VALUES ('贝多而','40','node','0',null,'1');
INSERT INTO `search_index` VALUES ('卡斯特罗','40','node','0',null,'1');
INSERT INTO `search_index` VALUES ('203','40','node','0',null,'1');
INSERT INTO `search_index` VALUES ('网友视频','40','node','0',null,'4');
INSERT INTO `search_index` VALUES ('网友视频二三','39','node','0',null,'27');
INSERT INTO `search_index` VALUES ('135','39','node','0',null,'1');
INSERT INTO `search_index` VALUES ('网友视频','39','node','0',null,'4');
INSERT INTO `search_index` VALUES ('网友视频二二','37','node','0',null,'27');
INSERT INTO `search_index` VALUES ('115','37','node','0',null,'1');
INSERT INTO `search_index` VALUES ('网友视频','37','node','0',null,'4');
INSERT INTO `search_index` VALUES ('钢琴课堂测试06中石化解释北京汽柴油','30','node','37','node','11');
INSERT INTO `search_index` VALUES ('网友视频三一','42','node','0',null,'27');
INSERT INTO `search_index` VALUES ('阿尔泰','42','node','0',null,'1');
INSERT INTO `search_index` VALUES ('贝多而','42','node','0',null,'1');
INSERT INTO `search_index` VALUES ('卡斯特罗','42','node','0',null,'1');
INSERT INTO `search_index` VALUES ('202','42','node','0',null,'1');
INSERT INTO `search_index` VALUES ('网友视频','42','node','0',null,'4');
INSERT INTO `search_index` VALUES ('网友视频二一','41','node','0',null,'27');
INSERT INTO `search_index` VALUES ('阿尔泰','41','node','0',null,'1');
INSERT INTO `search_index` VALUES ('贝多而','41','node','0',null,'1');
INSERT INTO `search_index` VALUES ('卡斯特罗','41','node','0',null,'1');
INSERT INTO `search_index` VALUES ('202','41','node','0',null,'1');
INSERT INTO `search_index` VALUES ('网友视频','41','node','0',null,'4');
INSERT INTO `search_index` VALUES ('27610','1266','node','0',null,'26');
INSERT INTO `search_index` VALUES ('info1','1266','node','0',null,'1');
INSERT INTO `search_index` VALUES ('逄勃','1266','node','0',null,'5');
INSERT INTO `search_index` VALUES ('317','1266','node','0',null,'1');
INSERT INTO `search_index` VALUES ('收费','1266','node','0',null,'1');
INSERT INTO `search_index` VALUES ('费类','1266','node','0',null,'1');
INSERT INTO `search_index` VALUES ('类型','1266','node','0',null,'1');
INSERT INTO `search_index` VALUES ('1','1266','node','0',null,'1');
INSERT INTO `search_index` VALUES ('勃教','1266','node','0',null,'4');
INSERT INTO `search_index` VALUES ('教学','1266','node','0',null,'4');
INSERT INTO `search_index` VALUES ('学视','1266','node','0',null,'4');
INSERT INTO `search_index` VALUES ('视频','1266','node','0',null,'4');
INSERT INTO `search_index` VALUES ('27611','1269','node','0',null,'26');
INSERT INTO `search_index` VALUES ('info1','1269','node','0',null,'1');
INSERT INTO `search_index` VALUES ('逄勃','1269','node','0',null,'5');
INSERT INTO `search_index` VALUES ('112','1269','node','0',null,'1');
INSERT INTO `search_index` VALUES ('收费','1269','node','0',null,'1');
INSERT INTO `search_index` VALUES ('费类','1269','node','0',null,'1');
INSERT INTO `search_index` VALUES ('类型','1269','node','0',null,'1');
INSERT INTO `search_index` VALUES ('1','1269','node','0',null,'1');
INSERT INTO `search_index` VALUES ('勃教','1269','node','0',null,'4');
INSERT INTO `search_index` VALUES ('教学','1269','node','0',null,'4');
INSERT INTO `search_index` VALUES ('学视','1269','node','0',null,'4');
INSERT INTO `search_index` VALUES ('视频','1269','node','0',null,'4');
INSERT INTO `search_index` VALUES ('27612','1264','node','0',null,'26');
INSERT INTO `search_index` VALUES ('info1','1264','node','0',null,'1');
INSERT INTO `search_index` VALUES ('逄勃','1264','node','0',null,'5');
INSERT INTO `search_index` VALUES ('324','1264','node','0',null,'1');
INSERT INTO `search_index` VALUES ('收费','1264','node','0',null,'1');
INSERT INTO `search_index` VALUES ('费类','1264','node','0',null,'1');
INSERT INTO `search_index` VALUES ('类型','1264','node','0',null,'1');
INSERT INTO `search_index` VALUES ('1','1264','node','0',null,'1');
INSERT INTO `search_index` VALUES ('勃教','1264','node','0',null,'4');
INSERT INTO `search_index` VALUES ('教学','1264','node','0',null,'4');
INSERT INTO `search_index` VALUES ('学视','1264','node','0',null,'4');
INSERT INTO `search_index` VALUES ('视频','1264','node','0',null,'4');
INSERT INTO `search_index` VALUES ('27613','1263','node','0',null,'26');
INSERT INTO `search_index` VALUES ('info1','1263','node','0',null,'1');
INSERT INTO `search_index` VALUES ('逄勃','1263','node','0',null,'5');
INSERT INTO `search_index` VALUES ('255','1263','node','0',null,'1');
INSERT INTO `search_index` VALUES ('收费','1263','node','0',null,'1');
INSERT INTO `search_index` VALUES ('费类','1263','node','0',null,'1');
INSERT INTO `search_index` VALUES ('类型','1263','node','0',null,'1');
INSERT INTO `search_index` VALUES ('1','1263','node','0',null,'1');
INSERT INTO `search_index` VALUES ('勃教','1263','node','0',null,'4');
INSERT INTO `search_index` VALUES ('教学','1263','node','0',null,'4');
INSERT INTO `search_index` VALUES ('学视','1263','node','0',null,'4');
INSERT INTO `search_index` VALUES ('视频','1263','node','0',null,'4');
INSERT INTO `search_index` VALUES ('27614','1262','node','0',null,'26');
INSERT INTO `search_index` VALUES ('info1','1262','node','0',null,'1');
INSERT INTO `search_index` VALUES ('逄勃','1262','node','0',null,'5');
INSERT INTO `search_index` VALUES ('207','1262','node','0',null,'1');
INSERT INTO `search_index` VALUES ('收费','1262','node','0',null,'1');
INSERT INTO `search_index` VALUES ('费类','1262','node','0',null,'1');
INSERT INTO `search_index` VALUES ('类型','1262','node','0',null,'1');
INSERT INTO `search_index` VALUES ('1','1262','node','0',null,'1');
INSERT INTO `search_index` VALUES ('勃教','1262','node','0',null,'4');
INSERT INTO `search_index` VALUES ('教学','1262','node','0',null,'4');
INSERT INTO `search_index` VALUES ('学视','1262','node','0',null,'4');
INSERT INTO `search_index` VALUES ('视频','1262','node','0',null,'4');
INSERT INTO `search_index` VALUES ('27615','1261','node','0',null,'26');
INSERT INTO `search_index` VALUES ('info1','1261','node','0',null,'1');
INSERT INTO `search_index` VALUES ('逄勃','1261','node','0',null,'5');
INSERT INTO `search_index` VALUES ('153','1261','node','0',null,'1');
INSERT INTO `search_index` VALUES ('收费','1261','node','0',null,'1');
INSERT INTO `search_index` VALUES ('费类','1261','node','0',null,'1');
INSERT INTO `search_index` VALUES ('类型','1261','node','0',null,'1');
INSERT INTO `search_index` VALUES ('1','1261','node','0',null,'1');
INSERT INTO `search_index` VALUES ('勃教','1261','node','0',null,'4');
INSERT INTO `search_index` VALUES ('教学','1261','node','0',null,'4');
INSERT INTO `search_index` VALUES ('学视','1261','node','0',null,'4');
INSERT INTO `search_index` VALUES ('视频','1261','node','0',null,'4');
INSERT INTO `search_index` VALUES ('27616','1260','node','0',null,'26');
INSERT INTO `search_index` VALUES ('info1','1260','node','0',null,'1');
INSERT INTO `search_index` VALUES ('逄勃','1260','node','0',null,'5');
INSERT INTO `search_index` VALUES ('217','1260','node','0',null,'1');
INSERT INTO `search_index` VALUES ('收费','1260','node','0',null,'1');
INSERT INTO `search_index` VALUES ('费类','1260','node','0',null,'1');
INSERT INTO `search_index` VALUES ('类型','1260','node','0',null,'1');
INSERT INTO `search_index` VALUES ('1','1260','node','0',null,'1');
INSERT INTO `search_index` VALUES ('勃教','1260','node','0',null,'4');
INSERT INTO `search_index` VALUES ('教学','1260','node','0',null,'4');
INSERT INTO `search_index` VALUES ('学视','1260','node','0',null,'4');
INSERT INTO `search_index` VALUES ('视频','1260','node','0',null,'4');
INSERT INTO `search_index` VALUES ('27617','1259','node','0',null,'26');
INSERT INTO `search_index` VALUES ('info1','1259','node','0',null,'1');
INSERT INTO `search_index` VALUES ('逄勃','1259','node','0',null,'5');
INSERT INTO `search_index` VALUES ('203','1259','node','0',null,'1');
INSERT INTO `search_index` VALUES ('收费','1259','node','0',null,'1');
INSERT INTO `search_index` VALUES ('费类','1259','node','0',null,'1');
INSERT INTO `search_index` VALUES ('类型','1259','node','0',null,'1');
INSERT INTO `search_index` VALUES ('1','1259','node','0',null,'1');
INSERT INTO `search_index` VALUES ('勃教','1259','node','0',null,'4');
INSERT INTO `search_index` VALUES ('教学','1259','node','0',null,'4');
INSERT INTO `search_index` VALUES ('学视','1259','node','0',null,'4');
INSERT INTO `search_index` VALUES ('视频','1259','node','0',null,'4');
INSERT INTO `search_index` VALUES ('27618','1258','node','0',null,'26');
INSERT INTO `search_index` VALUES ('info1','1258','node','0',null,'1');
INSERT INTO `search_index` VALUES ('逄勃','1258','node','0',null,'5');
INSERT INTO `search_index` VALUES ('510','1258','node','0',null,'1');
INSERT INTO `search_index` VALUES ('收费','1258','node','0',null,'1');
INSERT INTO `search_index` VALUES ('费类','1258','node','0',null,'1');
INSERT INTO `search_index` VALUES ('类型','1258','node','0',null,'1');
INSERT INTO `search_index` VALUES ('1','1258','node','0',null,'1');
INSERT INTO `search_index` VALUES ('勃教','1258','node','0',null,'4');
INSERT INTO `search_index` VALUES ('教学','1258','node','0',null,'4');
INSERT INTO `search_index` VALUES ('学视','1258','node','0',null,'4');
INSERT INTO `search_index` VALUES ('视频','1258','node','0',null,'4');
INSERT INTO `search_index` VALUES ('27619','1257','node','0',null,'26');
INSERT INTO `search_index` VALUES ('info1','1257','node','0',null,'1');
INSERT INTO `search_index` VALUES ('逄勃','1257','node','0',null,'5');
INSERT INTO `search_index` VALUES ('47','1257','node','0',null,'1');
INSERT INTO `search_index` VALUES ('收费','1257','node','0',null,'1');
INSERT INTO `search_index` VALUES ('费类','1257','node','0',null,'1');
INSERT INTO `search_index` VALUES ('类型','1257','node','0',null,'1');
INSERT INTO `search_index` VALUES ('1','1257','node','0',null,'1');
INSERT INTO `search_index` VALUES ('勃教','1257','node','0',null,'4');
INSERT INTO `search_index` VALUES ('教学','1257','node','0',null,'4');
INSERT INTO `search_index` VALUES ('学视','1257','node','0',null,'4');
INSERT INTO `search_index` VALUES ('视频','1257','node','0',null,'4');
INSERT INTO `search_index` VALUES ('27620','1256','node','0',null,'26');
INSERT INTO `search_index` VALUES ('info1','1256','node','0',null,'1');
INSERT INTO `search_index` VALUES ('逄勃','1256','node','0',null,'5');
INSERT INTO `search_index` VALUES ('325','1256','node','0',null,'1');
INSERT INTO `search_index` VALUES ('收费','1256','node','0',null,'1');
INSERT INTO `search_index` VALUES ('费类','1256','node','0',null,'1');
INSERT INTO `search_index` VALUES ('类型','1256','node','0',null,'1');
INSERT INTO `search_index` VALUES ('1','1256','node','0',null,'1');
INSERT INTO `search_index` VALUES ('勃教','1256','node','0',null,'4');
INSERT INTO `search_index` VALUES ('教学','1256','node','0',null,'4');
INSERT INTO `search_index` VALUES ('学视','1256','node','0',null,'4');
INSERT INTO `search_index` VALUES ('视频','1256','node','0',null,'4');
INSERT INTO `search_index` VALUES ('狂欢','1425','node','0',null,'27');
INSERT INTO `search_index` VALUES ('欢曲','1425','node','0',null,'27');
INSERT INTO `search_index` VALUES ('op9','1425','node','0',null,'27');
INSERT INTO `search_index` VALUES ('选段','1425','node','0',null,'28');
INSERT INTO `search_index` VALUES ('曲目','1425','node','0',null,'1');
INSERT INTO `search_index` VALUES ('作曲','1425','node','0',null,'1');
INSERT INTO `search_index` VALUES ('舒曼','1425','node','0',null,'1');
INSERT INTO `search_index` VALUES ('演奏','1425','node','0',null,'1');
INSERT INTO `search_index` VALUES ('徐晓','1425','node','0',null,'6');
INSERT INTO `search_index` VALUES ('晓金','1425','node','0',null,'6');
INSERT INTO `search_index` VALUES ('此视','1425','node','0',null,'1');
INSERT INTO `search_index` VALUES ('视频','1425','node','0',null,'1');
INSERT INTO `search_index` VALUES ('频为','1425','node','0',null,'1');
INSERT INTO `search_index` VALUES ('为第','1425','node','0',null,'1');
INSERT INTO `search_index` VALUES ('第四','1425','node','0',null,'1');
INSERT INTO `search_index` VALUES ('四届','1425','node','0',null,'1');
INSERT INTO `search_index` VALUES ('钢琴','1425','node','0',null,'1');
INSERT INTO `search_index` VALUES ('琴夏','1425','node','0',null,'1');
INSERT INTO `search_index` VALUES ('夏季','1425','node','0',null,'1');
INSERT INTO `search_index` VALUES ('季学','1425','node','0',null,'1');
INSERT INTO `search_index` VALUES ('学院','1425','node','0',null,'1');
INSERT INTO `search_index` VALUES ('院徐','1425','node','0',null,'1');
INSERT INTO `search_index` VALUES ('金独','1425','node','0',null,'5');
INSERT INTO `search_index` VALUES ('独奏','1425','node','0',null,'5');
INSERT INTO `search_index` VALUES ('奏会','1425','node','0',null,'5');
INSERT INTO `search_index` VALUES ('会选','1425','node','0',null,'1');
INSERT INTO `search_index` VALUES ('3','1425','node','0',null,'1');
INSERT INTO `search_index` VALUES ('1239','1425','node','0',null,'1');
INSERT INTO `search_index` VALUES ('周广','64','node','1425','node','11');
INSERT INTO `search_index` VALUES ('广仁','64','node','1425','node','11');
INSERT INTO `search_index` VALUES ('大调','1424','node','0',null,'27');
INSERT INTO `search_index` VALUES ('调钢','1424','node','0',null,'27');
INSERT INTO `search_index` VALUES ('钢琴','1424','node','0',null,'28');
INSERT INTO `search_index` VALUES ('琴协','1424','node','0',null,'27');
INSERT INTO `search_index` VALUES ('协奏','1424','node','0',null,'27');
INSERT INTO `search_index` VALUES ('奏曲','1424','node','0',null,'27');
INSERT INTO `search_index` VALUES ('hob50','1424','node','0',null,'27');
INSERT INTO `search_index` VALUES ('xvi','1424','node','0',null,'27');
INSERT INTO `search_index` VALUES ('第三','1424','node','0',null,'27');
INSERT INTO `search_index` VALUES ('三章','1424','node','0',null,'27');
INSERT INTO `search_index` VALUES ('曲目','1424','node','0',null,'1');
INSERT INTO `search_index` VALUES ('作曲','1424','node','0',null,'1');
INSERT INTO `search_index` VALUES ('海顿','1424','node','0',null,'1');
INSERT INTO `search_index` VALUES ('演奏','1424','node','0',null,'1');
INSERT INTO `search_index` VALUES ('徐晓','1424','node','0',null,'6');
INSERT INTO `search_index` VALUES ('晓金','1424','node','0',null,'6');
INSERT INTO `search_index` VALUES ('此视','1424','node','0',null,'1');
INSERT INTO `search_index` VALUES ('视频','1424','node','0',null,'1');
INSERT INTO `search_index` VALUES ('频为','1424','node','0',null,'1');
INSERT INTO `search_index` VALUES ('为第','1424','node','0',null,'1');
INSERT INTO `search_index` VALUES ('第四','1424','node','0',null,'1');
INSERT INTO `search_index` VALUES ('四届','1424','node','0',null,'1');
INSERT INTO `search_index` VALUES ('琴夏','1424','node','0',null,'1');
INSERT INTO `search_index` VALUES ('夏季','1424','node','0',null,'1');
INSERT INTO `search_index` VALUES ('季学','1424','node','0',null,'1');
INSERT INTO `search_index` VALUES ('学院','1424','node','0',null,'1');
INSERT INTO `search_index` VALUES ('院徐','1424','node','0',null,'1');
INSERT INTO `search_index` VALUES ('金独','1424','node','0',null,'5');
INSERT INTO `search_index` VALUES ('独奏','1424','node','0',null,'5');
INSERT INTO `search_index` VALUES ('奏会','1424','node','0',null,'5');
INSERT INTO `search_index` VALUES ('会选','1424','node','0',null,'1');
INSERT INTO `search_index` VALUES ('选段','1424','node','0',null,'1');
INSERT INTO `search_index` VALUES ('1','1424','node','0',null,'1');
INSERT INTO `search_index` VALUES ('250','1424','node','0',null,'1');
INSERT INTO `search_index` VALUES ('周广','64','node','1424','node','11');
INSERT INTO `search_index` VALUES ('广仁','64','node','1424','node','11');
INSERT INTO `search_index` VALUES ('超级','1414','node','0',null,'27');
INSERT INTO `search_index` VALUES ('级练','1414','node','0',null,'27');
INSERT INTO `search_index` VALUES ('练习','1414','node','0',null,'27');
INSERT INTO `search_index` VALUES ('习曲','1414','node','0',null,'27');
INSERT INTO `search_index` VALUES ('曲第','1414','node','0',null,'27');
INSERT INTO `search_index` VALUES ('第十','1414','node','0',null,'27');
INSERT INTO `search_index` VALUES ('十二','1414','node','0',null,'27');
INSERT INTO `search_index` VALUES ('二首','1414','node','0',null,'27');
INSERT INTO `search_index` VALUES ('雪花','1414','node','0',null,'27');
INSERT INTO `search_index` VALUES ('曲目','1414','node','0',null,'1');
INSERT INTO `search_index` VALUES ('作曲','1414','node','0',null,'1');
INSERT INTO `search_index` VALUES ('李斯','1414','node','0',null,'1');
INSERT INTO `search_index` VALUES ('斯特','1414','node','0',null,'1');
INSERT INTO `search_index` VALUES ('演奏','1414','node','0',null,'1');
INSERT INTO `search_index` VALUES ('徐晓','1414','node','0',null,'6');
INSERT INTO `search_index` VALUES ('晓金','1414','node','0',null,'6');
INSERT INTO `search_index` VALUES ('此视','1414','node','0',null,'1');
INSERT INTO `search_index` VALUES ('视频','1414','node','0',null,'1');
INSERT INTO `search_index` VALUES ('频为','1414','node','0',null,'1');
INSERT INTO `search_index` VALUES ('2010','1414','node','0',null,'1');
INSERT INTO `search_index` VALUES ('年第','1414','node','0',null,'1');
INSERT INTO `search_index` VALUES ('第四','1414','node','0',null,'1');
INSERT INTO `search_index` VALUES ('四届','1414','node','0',null,'1');
INSERT INTO `search_index` VALUES ('钢琴','1414','node','0',null,'1');
INSERT INTO `search_index` VALUES ('琴夏','1414','node','0',null,'1');
INSERT INTO `search_index` VALUES ('夏季','1414','node','0',null,'1');
INSERT INTO `search_index` VALUES ('季学','1414','node','0',null,'1');
INSERT INTO `search_index` VALUES ('学院','1414','node','0',null,'1');
INSERT INTO `search_index` VALUES ('大连','1414','node','0',null,'1');
INSERT INTO `search_index` VALUES ('金独','1414','node','0',null,'5');
INSERT INTO `search_index` VALUES ('独奏','1414','node','0',null,'5');
INSERT INTO `search_index` VALUES ('奏会','1414','node','0',null,'5');
INSERT INTO `search_index` VALUES ('会选','1414','node','0',null,'1');
INSERT INTO `search_index` VALUES ('选段','1414','node','0',null,'1');
INSERT INTO `search_index` VALUES ('2','1414','node','0',null,'1');
INSERT INTO `search_index` VALUES ('552','1414','node','0',null,'1');
INSERT INTO `search_index` VALUES ('周广','64','node','1414','node','11');
INSERT INTO `search_index` VALUES ('广仁','64','node','1414','node','11');
INSERT INTO `search_index` VALUES ('27608','1268','node','0',null,'26');
INSERT INTO `search_index` VALUES ('info1','1268','node','0',null,'1');
INSERT INTO `search_index` VALUES ('逄勃','1268','node','0',null,'5');
INSERT INTO `search_index` VALUES ('357','1268','node','0',null,'1');
INSERT INTO `search_index` VALUES ('收费','1268','node','0',null,'1');
INSERT INTO `search_index` VALUES ('费类','1268','node','0',null,'1');
INSERT INTO `search_index` VALUES ('类型','1268','node','0',null,'1');
INSERT INTO `search_index` VALUES ('1','1268','node','0',null,'1');
INSERT INTO `search_index` VALUES ('希望','1268','node','0',null,'20');
INSERT INTO `search_index` VALUES ('望逄','1268','node','0',null,'20');
INSERT INTO `search_index` VALUES ('逄老','1268','node','0',null,'20');
INSERT INTO `search_index` VALUES ('老师','1268','node','0',null,'20');
INSERT INTO `search_index` VALUES ('师的','1268','node','0',null,'20');
INSERT INTO `search_index` VALUES ('的课','1268','node','0',null,'20');
INSERT INTO `search_index` VALUES ('课增','1268','node','0',null,'20');
INSERT INTO `search_index` VALUES ('增加','1268','node','0',null,'20');
INSERT INTO `search_index` VALUES ('加晚','1268','node','0',null,'1');
INSERT INTO `search_index` VALUES ('晚上','1268','node','0',null,'21');
INSERT INTO `search_index` VALUES ('上播','1268','node','0',null,'1');
INSERT INTO `search_index` VALUES ('播出','1268','node','0',null,'2');
INSERT INTO `search_index` VALUES ('出时','1268','node','0',null,'1');
INSERT INTO `search_index` VALUES ('时段','1268','node','0',null,'1');
INSERT INTO `search_index` VALUES ('谢谢','1268','node','0',null,'1');
INSERT INTO `search_index` VALUES ('琪琪','1268','node','0',null,'1');
INSERT INTO `search_index` VALUES ('每周','1268','node','0',null,'20');
INSERT INTO `search_index` VALUES ('周二','1268','node','0',null,'20');
INSERT INTO `search_index` VALUES ('二晚','1268','node','0',null,'20');
INSERT INTO `search_index` VALUES ('20','1268','node','0',null,'20');
INSERT INTO `search_index` VALUES ('点至','1268','node','0',null,'20');
INSERT INTO `search_index` VALUES ('22','1268','node','0',null,'20');
INSERT INTO `search_index` VALUES ('点播','1268','node','0',null,'1');
INSERT INTO `search_index` VALUES ('勃教','1268','node','0',null,'4');
INSERT INTO `search_index` VALUES ('教学','1268','node','0',null,'4');
INSERT INTO `search_index` VALUES ('学视','1268','node','0',null,'4');
INSERT INTO `search_index` VALUES ('视频','1268','node','0',null,'4');
INSERT INTO `search_index` VALUES ('2012','2146','node','0',null,'27');
INSERT INTO `search_index` VALUES ('周广','2146','node','0',null,'26');
INSERT INTO `search_index` VALUES ('广仁','2146','node','0',null,'26');
INSERT INTO `search_index` VALUES ('仁钢','2146','node','0',null,'26');
INSERT INTO `search_index` VALUES ('钢琴','2146','node','0',null,'26');
INSERT INTO `search_index` VALUES ('琴新','2146','node','0',null,'26');
INSERT INTO `search_index` VALUES ('新人','2146','node','0',null,'26');
INSERT INTO `search_index` VALUES ('人艺','2146','node','0',null,'26');
INSERT INTO `search_index` VALUES ('艺术','2146','node','0',null,'26');
INSERT INTO `search_index` VALUES ('术奖','2146','node','0',null,'26');
INSERT INTO `search_index` VALUES ('奖轮','2146','node','0',null,'26');
INSERT INTO `search_index` VALUES ('轮转','2146','node','0',null,'26');
INSERT INTO `search_index` VALUES ('转图','2146','node','0',null,'26');
INSERT INTO `search_index` VALUES ('链接','2146','node','0',null,'1');
INSERT INTO `search_index` VALUES ('接地','2146','node','0',null,'1');
INSERT INTO `search_index` VALUES ('地址','2146','node','0',null,'1');
INSERT INTO `search_index` VALUES ('http','2146','node','0',null,'1');
INSERT INTO `search_index` VALUES ('wwwzgrchinacom','2146','node','0',null,'1');
INSERT INTO `search_index` VALUES ('ypa','2146','node','0',null,'1');
INSERT INTO `search_index` VALUES ('广告','2146','node','0',null,'1');
INSERT INTO `search_index` VALUES ('告图','2146','node','0',null,'1');
INSERT INTO `search_index` VALUES ('2769','1267','node','0',null,'26');
INSERT INTO `search_index` VALUES ('info1','1267','node','0',null,'1');
INSERT INTO `search_index` VALUES ('逄勃','1267','node','0',null,'5');
INSERT INTO `search_index` VALUES ('637','1267','node','0',null,'1');
INSERT INTO `search_index` VALUES ('收费','1267','node','0',null,'1');
INSERT INTO `search_index` VALUES ('费类','1267','node','0',null,'1');
INSERT INTO `search_index` VALUES ('类型','1267','node','0',null,'1');
INSERT INTO `search_index` VALUES ('1','1267','node','0',null,'1');
INSERT INTO `search_index` VALUES ('挺好','1267','node','0',null,'20');
INSERT INTO `search_index` VALUES ('好的','1267','node','0',null,'20');
INSERT INTO `search_index` VALUES ('勃教','1267','node','0',null,'4');
INSERT INTO `search_index` VALUES ('教学','1267','node','0',null,'4');
INSERT INTO `search_index` VALUES ('学视','1267','node','0',null,'4');
INSERT INTO `search_index` VALUES ('视频','1267','node','0',null,'4');
INSERT INTO `search_index` VALUES ('杜维','1214','node','0',null,'26');
INSERT INTO `search_index` VALUES ('维诺','1214','node','0',null,'26');
INSERT INTO `search_index` VALUES ('诺依','1214','node','0',null,'26');
INSERT INTO `search_index` VALUES ('依手','1214','node','0',null,'26');
INSERT INTO `search_index` VALUES ('手指','1214','node','0',null,'26');
INSERT INTO `search_index` VALUES ('指快','1214','node','0',null,'26');
INSERT INTO `search_index` VALUES ('快速','1214','node','0',null,'26');
INSERT INTO `search_index` VALUES ('速预','1214','node','0',null,'26');
INSERT INTO `search_index` VALUES ('预备','1214','node','0',null,'26');
INSERT INTO `search_index` VALUES ('备练','1214','node','0',null,'26');
INSERT INTO `search_index` VALUES ('练习','1214','node','0',null,'26');
INSERT INTO `search_index` VALUES ('op27607','1214','node','0',null,'26');
INSERT INTO `search_index` VALUES ('info1','1214','node','0',null,'1');
INSERT INTO `search_index` VALUES ('逄勃','1214','node','0',null,'5');
INSERT INTO `search_index` VALUES ('收费','1214','node','0',null,'1');
INSERT INTO `search_index` VALUES ('费类','1214','node','0',null,'1');
INSERT INTO `search_index` VALUES ('类型','1214','node','0',null,'1');
INSERT INTO `search_index` VALUES ('1','1214','node','0',null,'1');
INSERT INTO `search_index` VALUES ('勃教','1214','node','0',null,'4');
INSERT INTO `search_index` VALUES ('教学','1214','node','0',null,'4');
INSERT INTO `search_index` VALUES ('学视','1214','node','0',null,'4');
INSERT INTO `search_index` VALUES ('视频','1214','node','0',null,'4');
INSERT INTO `search_index` VALUES ('杜维','1215','node','0',null,'26');
INSERT INTO `search_index` VALUES ('维诺','1215','node','0',null,'26');
INSERT INTO `search_index` VALUES ('诺依','1215','node','0',null,'26');
INSERT INTO `search_index` VALUES ('依手','1215','node','0',null,'26');
INSERT INTO `search_index` VALUES ('手指','1215','node','0',null,'26');
INSERT INTO `search_index` VALUES ('指快','1215','node','0',null,'26');
INSERT INTO `search_index` VALUES ('快速','1215','node','0',null,'26');
INSERT INTO `search_index` VALUES ('速预','1215','node','0',null,'26');
INSERT INTO `search_index` VALUES ('预备','1215','node','0',null,'26');
INSERT INTO `search_index` VALUES ('备练','1215','node','0',null,'26');
INSERT INTO `search_index` VALUES ('练习','1215','node','0',null,'26');
INSERT INTO `search_index` VALUES ('op27606','1215','node','0',null,'26');
INSERT INTO `search_index` VALUES ('info1','1215','node','0',null,'1');
INSERT INTO `search_index` VALUES ('逄勃','1215','node','0',null,'5');
INSERT INTO `search_index` VALUES ('收费','1215','node','0',null,'1');
INSERT INTO `search_index` VALUES ('费类','1215','node','0',null,'1');
INSERT INTO `search_index` VALUES ('类型','1215','node','0',null,'1');
INSERT INTO `search_index` VALUES ('1','1215','node','0',null,'1');
INSERT INTO `search_index` VALUES ('勃教','1215','node','0',null,'4');
INSERT INTO `search_index` VALUES ('教学','1215','node','0',null,'4');
INSERT INTO `search_index` VALUES ('学视','1215','node','0',null,'4');
INSERT INTO `search_index` VALUES ('视频','1215','node','0',null,'4');
INSERT INTO `search_index` VALUES ('杜维','1216','node','0',null,'26');
INSERT INTO `search_index` VALUES ('维诺','1216','node','0',null,'26');
INSERT INTO `search_index` VALUES ('诺依','1216','node','0',null,'26');
INSERT INTO `search_index` VALUES ('依手','1216','node','0',null,'26');
INSERT INTO `search_index` VALUES ('手指','1216','node','0',null,'26');
INSERT INTO `search_index` VALUES ('指快','1216','node','0',null,'26');
INSERT INTO `search_index` VALUES ('快速','1216','node','0',null,'26');
INSERT INTO `search_index` VALUES ('速预','1216','node','0',null,'26');
INSERT INTO `search_index` VALUES ('预备','1216','node','0',null,'26');
INSERT INTO `search_index` VALUES ('备练','1216','node','0',null,'26');
INSERT INTO `search_index` VALUES ('练习','1216','node','0',null,'26');
INSERT INTO `search_index` VALUES ('op27605','1216','node','0',null,'26');
INSERT INTO `search_index` VALUES ('info1','1216','node','0',null,'1');
INSERT INTO `search_index` VALUES ('逄勃','1216','node','0',null,'5');
INSERT INTO `search_index` VALUES ('收费','1216','node','0',null,'1');
INSERT INTO `search_index` VALUES ('费类','1216','node','0',null,'1');
INSERT INTO `search_index` VALUES ('类型','1216','node','0',null,'1');
INSERT INTO `search_index` VALUES ('1','1216','node','0',null,'1');
INSERT INTO `search_index` VALUES ('勃教','1216','node','0',null,'4');
INSERT INTO `search_index` VALUES ('教学','1216','node','0',null,'4');
INSERT INTO `search_index` VALUES ('学视','1216','node','0',null,'4');
INSERT INTO `search_index` VALUES ('视频','1216','node','0',null,'4');
INSERT INTO `search_index` VALUES ('杜维','1217','node','0',null,'26');
INSERT INTO `search_index` VALUES ('维诺','1217','node','0',null,'26');
INSERT INTO `search_index` VALUES ('诺依','1217','node','0',null,'26');
INSERT INTO `search_index` VALUES ('依手','1217','node','0',null,'26');
INSERT INTO `search_index` VALUES ('手指','1217','node','0',null,'26');
INSERT INTO `search_index` VALUES ('指快','1217','node','0',null,'26');
INSERT INTO `search_index` VALUES ('快速','1217','node','0',null,'26');
INSERT INTO `search_index` VALUES ('速预','1217','node','0',null,'26');
INSERT INTO `search_index` VALUES ('预备','1217','node','0',null,'26');
INSERT INTO `search_index` VALUES ('备练','1217','node','0',null,'26');
INSERT INTO `search_index` VALUES ('练习','1217','node','0',null,'26');
INSERT INTO `search_index` VALUES ('op27604','1217','node','0',null,'26');
INSERT INTO `search_index` VALUES ('info1','1217','node','0',null,'1');
INSERT INTO `search_index` VALUES ('逄勃','1217','node','0',null,'5');
INSERT INTO `search_index` VALUES ('收费','1217','node','0',null,'1');
INSERT INTO `search_index` VALUES ('费类','1217','node','0',null,'1');
INSERT INTO `search_index` VALUES ('类型','1217','node','0',null,'1');
INSERT INTO `search_index` VALUES ('1','1217','node','0',null,'1');
INSERT INTO `search_index` VALUES ('勃教','1217','node','0',null,'4');
INSERT INTO `search_index` VALUES ('教学','1217','node','0',null,'4');
INSERT INTO `search_index` VALUES ('学视','1217','node','0',null,'4');
INSERT INTO `search_index` VALUES ('视频','1217','node','0',null,'4');
INSERT INTO `search_index` VALUES ('杜维','1218','node','0',null,'26');
INSERT INTO `search_index` VALUES ('维诺','1218','node','0',null,'26');
INSERT INTO `search_index` VALUES ('诺依','1218','node','0',null,'26');
INSERT INTO `search_index` VALUES ('依手','1218','node','0',null,'26');
INSERT INTO `search_index` VALUES ('手指','1218','node','0',null,'26');
INSERT INTO `search_index` VALUES ('指快','1218','node','0',null,'26');
INSERT INTO `search_index` VALUES ('快速','1218','node','0',null,'26');
INSERT INTO `search_index` VALUES ('速预','1218','node','0',null,'26');
INSERT INTO `search_index` VALUES ('预备','1218','node','0',null,'26');
INSERT INTO `search_index` VALUES ('备练','1218','node','0',null,'26');
INSERT INTO `search_index` VALUES ('练习','1218','node','0',null,'26');
INSERT INTO `search_index` VALUES ('op27603','1218','node','0',null,'26');
INSERT INTO `search_index` VALUES ('info1','1218','node','0',null,'1');
INSERT INTO `search_index` VALUES ('逄勃','1218','node','0',null,'5');
INSERT INTO `search_index` VALUES ('收费','1218','node','0',null,'1');
INSERT INTO `search_index` VALUES ('费类','1218','node','0',null,'1');
INSERT INTO `search_index` VALUES ('类型','1218','node','0',null,'1');
INSERT INTO `search_index` VALUES ('1','1218','node','0',null,'1');
INSERT INTO `search_index` VALUES ('勃教','1218','node','0',null,'4');
INSERT INTO `search_index` VALUES ('教学','1218','node','0',null,'4');
INSERT INTO `search_index` VALUES ('学视','1218','node','0',null,'4');
INSERT INTO `search_index` VALUES ('视频','1218','node','0',null,'4');
INSERT INTO `search_index` VALUES ('杜维','1219','node','0',null,'26');
INSERT INTO `search_index` VALUES ('维诺','1219','node','0',null,'26');
INSERT INTO `search_index` VALUES ('诺依','1219','node','0',null,'26');
INSERT INTO `search_index` VALUES ('依手','1219','node','0',null,'26');
INSERT INTO `search_index` VALUES ('手指','1219','node','0',null,'26');
INSERT INTO `search_index` VALUES ('指快','1219','node','0',null,'26');
INSERT INTO `search_index` VALUES ('快速','1219','node','0',null,'26');
INSERT INTO `search_index` VALUES ('速预','1219','node','0',null,'26');
INSERT INTO `search_index` VALUES ('预备','1219','node','0',null,'26');
INSERT INTO `search_index` VALUES ('备练','1219','node','0',null,'26');
INSERT INTO `search_index` VALUES ('练习','1219','node','0',null,'26');
INSERT INTO `search_index` VALUES ('op27602','1219','node','0',null,'26');
INSERT INTO `search_index` VALUES ('info1','1219','node','0',null,'1');
INSERT INTO `search_index` VALUES ('逄勃','1219','node','0',null,'5');
INSERT INTO `search_index` VALUES ('收费','1219','node','0',null,'1');
INSERT INTO `search_index` VALUES ('费类','1219','node','0',null,'1');
INSERT INTO `search_index` VALUES ('类型','1219','node','0',null,'1');
INSERT INTO `search_index` VALUES ('1','1219','node','0',null,'1');
INSERT INTO `search_index` VALUES ('勃教','1219','node','0',null,'4');
INSERT INTO `search_index` VALUES ('教学','1219','node','0',null,'4');
INSERT INTO `search_index` VALUES ('学视','1219','node','0',null,'4');
INSERT INTO `search_index` VALUES ('视频','1219','node','0',null,'4');
INSERT INTO `search_index` VALUES ('杜维','1220','node','0',null,'46');
INSERT INTO `search_index` VALUES ('维诺','1220','node','0',null,'46');
INSERT INTO `search_index` VALUES ('诺依','1220','node','0',null,'26');
INSERT INTO `search_index` VALUES ('依手','1220','node','0',null,'26');
INSERT INTO `search_index` VALUES ('手指','1220','node','0',null,'26');
INSERT INTO `search_index` VALUES ('指快','1220','node','0',null,'26');
INSERT INTO `search_index` VALUES ('快速','1220','node','0',null,'26');
INSERT INTO `search_index` VALUES ('速预','1220','node','0',null,'26');
INSERT INTO `search_index` VALUES ('预备','1220','node','0',null,'26');
INSERT INTO `search_index` VALUES ('备练','1220','node','0',null,'26');
INSERT INTO `search_index` VALUES ('练习','1220','node','0',null,'26');
INSERT INTO `search_index` VALUES ('op27601','1220','node','0',null,'26');
INSERT INTO `search_index` VALUES ('info1','1220','node','0',null,'1');
INSERT INTO `search_index` VALUES ('逄勃','1220','node','0',null,'5');
INSERT INTO `search_index` VALUES ('收费','1220','node','0',null,'1');
INSERT INTO `search_index` VALUES ('费类','1220','node','0',null,'1');
INSERT INTO `search_index` VALUES ('类型','1220','node','0',null,'1');
INSERT INTO `search_index` VALUES ('1','1220','node','0',null,'1');
INSERT INTO `search_index` VALUES ('请问','1220','node','0',null,'20');
INSERT INTO `search_index` VALUES ('问小','1220','node','0',null,'20');
INSERT INTO `search_index` VALUES ('小巴','1220','node','0',null,'21');
INSERT INTO `search_index` VALUES ('巴赫','1220','node','0',null,'21');
INSERT INTO `search_index` VALUES ('赫在','1220','node','0',null,'20');
INSERT INTO `search_index` VALUES ('176','1220','node','0',null,'40');
INSERT INTO `search_index` VALUES ('的多','1220','node','0',null,'20');
INSERT INTO `search_index` VALUES ('多少','1220','node','0',null,'1');
INSERT INTO `search_index` VALUES ('少课','1220','node','0',null,'1');
INSERT INTO `search_index` VALUES ('课加','1220','node','0',null,'1');
INSERT INTO `search_index` VALUES ('加进','1220','node','0',null,'1');
INSERT INTO `search_index` VALUES ('进来','1220','node','0',null,'1');
INSERT INTO `search_index` VALUES ('来呢','1220','node','0',null,'1');
INSERT INTO `search_index` VALUES ('谢谢','1220','node','0',null,'1');
INSERT INTO `search_index` VALUES ('学生','1220','node','0',null,'20');
INSERT INTO `search_index` VALUES ('生学','1220','node','0',null,'20');
INSERT INTO `search_index` VALUES ('学习','1220','node','0',null,'20');
INSERT INTO `search_index` VALUES ('习杜','1220','node','0',null,'20');
INSERT INTO `search_index` VALUES ('诺伊','1220','node','0',null,'20');
INSERT INTO `search_index` VALUES ('第八','1220','node','0',null,'1');
INSERT INTO `search_index` VALUES ('八条','1220','node','0',null,'1');
INSERT INTO `search_index` VALUES ('条以','1220','node','0',null,'1');
INSERT INTO `search_index` VALUES ('以后','1220','node','0',null,'1');
INSERT INTO `search_index` VALUES ('后便','1220','node','0',null,'1');
INSERT INTO `search_index` VALUES ('便可','1220','node','0',null,'1');
INSERT INTO `search_index` VALUES ('可开','1220','node','0',null,'1');
INSERT INTO `search_index` VALUES ('开始','1220','node','0',null,'1');
INSERT INTO `search_index` VALUES ('始进','1220','node','0',null,'1');
INSERT INTO `search_index` VALUES ('进入','1220','node','0',null,'1');
INSERT INTO `search_index` VALUES ('入小','1220','node','0',null,'1');
INSERT INTO `search_index` VALUES ('赫教','1220','node','0',null,'1');
INSERT INTO `search_index` VALUES ('教材','1220','node','0',null,'1');
INSERT INTO `search_index` VALUES ('材了','1220','node','0',null,'1');
INSERT INTO `search_index` VALUES ('勃教','1220','node','0',null,'4');
INSERT INTO `search_index` VALUES ('教学','1220','node','0',null,'4');
INSERT INTO `search_index` VALUES ('学视','1220','node','0',null,'4');
INSERT INTO `search_index` VALUES ('视频','1220','node','0',null,'4');
CREATE TABLE `search_total` (   `word` varchar(50) NOT NULL DEFAULT '',   `count` float DEFAULT NULL,   PRIMARY KEY (`word`) ) ENGINE=InnoDB DEFAULT CHARSET=utf8;
INSERT INTO `search_total` VALUES ('017元','0.00582954');
INSERT INTO `search_total` VALUES ('035元','0.0115819');
INSERT INTO `search_total` VALUES ('047元','0.0115819');
INSERT INTO `search_total` VALUES ('06中','0.00987404');
INSERT INTO `search_total` VALUES ('1','0.000361652');
INSERT INTO `search_total` VALUES ('110','0.162768');
INSERT INTO `search_total` VALUES ('112','0.0135274');
INSERT INTO `search_total` VALUES ('115','0.0426279');
INSERT INTO `search_total` VALUES ('1235','0.0821017');
INSERT INTO `search_total` VALUES ('1239','0.30103');
INSERT INTO `search_total` VALUES ('135','0.0649555');
INSERT INTO `search_total` VALUES ('137','0.30103');
INSERT INTO `search_total` VALUES ('150ppm','0.0116114');
INSERT INTO `search_total` VALUES ('153','0.176091');
INSERT INTO `search_total` VALUES ('176','0.00923329');
INSERT INTO `search_total` VALUES ('19日','0.0111175');
INSERT INTO `search_total` VALUES ('1g92年','0.0457575');
INSERT INTO `search_total` VALUES ('1月','0.0111197');
INSERT INTO `search_total` VALUES ('2','0.000320759');
INSERT INTO `search_total` VALUES ('20','0.00298652');
INSERT INTO `search_total` VALUES ('2000','0.0144515');
INSERT INTO `search_total` VALUES ('2001','0.0110205');
INSERT INTO `search_total` VALUES ('2003','0.00815262');
INSERT INTO `search_total` VALUES ('2004年毕业于山西大学音乐学院2008年','0.30103');
INSERT INTO `search_total` VALUES ('2005年获','0.0457575');
INSERT INTO `search_total` VALUES ('200元','0.0057099');
INSERT INTO `search_total` VALUES ('2010','0.000581432');
INSERT INTO `search_total` VALUES ('2012','0.00041639');
INSERT INTO `search_total` VALUES ('202','0.0669468');
INSERT INTO `search_total` VALUES ('203','0.106496');
INSERT INTO `search_total` VALUES ('207','0.121853');
INSERT INTO `search_total` VALUES ('217','0.30103');
INSERT INTO `search_total` VALUES ('218','0.30103');
INSERT INTO `search_total` VALUES ('22','0.00477154');
INSERT INTO `search_total` VALUES ('241','0.30103');
INSERT INTO `search_total` VALUES ('250','0.30103');
INSERT INTO `search_total` VALUES ('255','0.176091');
INSERT INTO `search_total` VALUES ('27608','0.0163904');
INSERT INTO `search_total` VALUES ('27610','0.0163904');
INSERT INTO `search_total` VALUES ('27611','0.0163904');
INSERT INTO `search_total` VALUES ('27612','0.0163904');
INSERT INTO `search_total` VALUES ('27613','0.0163904');
INSERT INTO `search_total` VALUES ('27614','0.0163904');
INSERT INTO `search_total` VALUES ('27615','0.0163904');
INSERT INTO `search_total` VALUES ('27616','0.0163904');
INSERT INTO `search_total` VALUES ('27617','0.0163904');
INSERT INTO `search_total` VALUES ('27618','0.0163904');
INSERT INTO `search_total` VALUES ('27619','0.0163904');
INSERT INTO `search_total` VALUES ('27620','0.0163516');
INSERT INTO `search_total` VALUES ('2769','0.0163904');
INSERT INTO `search_total` VALUES ('290元','0.0057099');
INSERT INTO `search_total` VALUES ('3','0.000508217');
INSERT INTO `search_total` VALUES ('317','0.30103');
INSERT INTO `search_total` VALUES ('32213元','0.0128276');
INSERT INTO `search_total` VALUES ('324','0.09691');
INSERT INTO `search_total` VALUES ('325','0.30103');
INSERT INTO `search_total` VALUES ('350ppm','0.0116461');
INSERT INTO `search_total` VALUES ('357','0.09691');
INSERT INTO `search_total` VALUES ('36','0.0100084');
INSERT INTO `search_total` VALUES ('40元','0.0129708');
INSERT INTO `search_total` VALUES ('43','0.00981976');
INSERT INTO `search_total` VALUES ('46213元','0.0115819');
INSERT INTO `search_total` VALUES ('47','0.045761');
INSERT INTO `search_total` VALUES ('49656元','0.0127689');
INSERT INTO `search_total` VALUES ('50ppm','0.0117348');
INSERT INTO `search_total` VALUES ('510','0.221985');
INSERT INTO `search_total` VALUES ('53656元','0.0115819');
INSERT INTO `search_total` VALUES ('552','0.30103');
INSERT INTO `search_total` VALUES ('61012','0.0157943');
INSERT INTO `search_total` VALUES ('637','0.127071');
INSERT INTO `search_total` VALUES ('6月','0.00570951');
INSERT INTO `search_total` VALUES ('7','0.000759141');
INSERT INTO `search_total` VALUES ('7800元','0.10152');
INSERT INTO `search_total` VALUES ('90','0.0745937');
INSERT INTO `search_total` VALUES ('about','0.00721317');
INSERT INTO `search_total` VALUES ('asd','0.0579919');
INSERT INTO `search_total` VALUES ('hob50','0.0157943');
INSERT INTO `search_total` VALUES ('href','0.0579919');
INSERT INTO `search_total` VALUES ('http','0.000619581');
INSERT INTO `search_total` VALUES ('id','0.00289794');
INSERT INTO `search_total` VALUES ('info1','0.012965');
INSERT INTO `search_total` VALUES ('intro','0.087523');
INSERT INTO `search_total` VALUES ('ldquo','0.00709785');
INSERT INTO `search_total` VALUES ('node','0.124939');
INSERT INTO `search_total` VALUES ('op27601','0.0163904');
INSERT INTO `search_total` VALUES ('op27602','0.0163904');
INSERT INTO `search_total` VALUES ('op27603','0.0163904');
INSERT INTO `search_total` VALUES ('op27604','0.0163904');
INSERT INTO `search_total` VALUES ('op27605','0.0163904');
INSERT INTO `search_total` VALUES ('op27606','0.0163904');
INSERT INTO `search_total` VALUES ('op27607','0.0163904');
INSERT INTO `search_total` VALUES ('op9','0.00509304');
INSERT INTO `search_total` VALUES ('rdquo','0.00710258');
INSERT INTO `search_total` VALUES ('wwwzgrchinacom','0.00150714');
INSERT INTO `search_total` VALUES ('xvi','0.00809198');
INSERT INTO `search_total` VALUES ('yktownnet','0.0579919');
INSERT INTO `search_total` VALUES ('ypa','0.0184834');
INSERT INTO `search_total` VALUES ('一价','0.0111175');
INSERT INTO `search_total` VALUES ('一点','0.00190479');
INSERT INTO `search_total` VALUES ('一笔','0.162634');
INSERT INTO `search_total` VALUES ('三章','0.0157943');
INSERT INTO `search_total` VALUES ('上播','0.210121');
INSERT INTO `search_total` VALUES ('上调','0.00602325');
INSERT INTO `search_total` VALUES ('下跌','0.0133655');
INSERT INTO `search_total` VALUES ('不好','0.00466825');
INSERT INTO `search_total` VALUES ('不过','0.00562603');
INSERT INTO `search_total` VALUES ('专家','0.000473912');
INSERT INTO `search_total` VALUES ('专题','0.0112531');
INSERT INTO `search_total` VALUES ('个人','0.00186125');
INSERT INTO `search_total` VALUES ('中国','0.000526369');
INSERT INTO `search_total` VALUES ('中心','0.000947387');
INSERT INTO `search_total` VALUES ('为例','0.0574142');
INSERT INTO `search_total` VALUES ('为此','0.0352083');
INSERT INTO `search_total` VALUES ('为第','0.0131038');
INSERT INTO `search_total` VALUES ('主任','0.00875445');
INSERT INTO `search_total` VALUES ('主讲人链接','0.09691');
INSERT INTO `search_total` VALUES ('之所以','0.0130185');
INSERT INTO `search_total` VALUES ('习曲','0.000149237');
INSERT INTO `search_total` VALUES ('习杜','0.0211893');
INSERT INTO `search_total` VALUES ('事实上','0.00985765');
INSERT INTO `search_total` VALUES ('二晚','0.0203886');
INSERT INTO `search_total` VALUES ('二首','0.00168443');
INSERT INTO `search_total` VALUES ('五变五术','0.0791812');
INSERT INTO `search_total` VALUES ('亚太','0.0457575');
INSERT INTO `search_total` VALUES ('亚洲','0.0231187');
INSERT INTO `search_total` VALUES ('产品','0.0212741');
INSERT INTO `search_total` VALUES ('人们','0.00830087');
INSERT INTO `search_total` VALUES ('人艺','0.00040714');
INSERT INTO `search_total` VALUES ('亿元','0.0126842');
INSERT INTO `search_total` VALUES ('仁钢','0.000157951');
INSERT INTO `search_total` VALUES ('仅涨','0.0115819');
INSERT INTO `search_total` VALUES ('以及','0.00354496');
INSERT INTO `search_total` VALUES ('以后','0.00872974');
INSERT INTO `search_total` VALUES ('企业','0.0615076');
INSERT INTO `search_total` VALUES ('企业管理','0.0457575');
INSERT INTO `search_total` VALUES ('会选','0.00833965');
INSERT INTO `search_total` VALUES ('传统文化','0.0457575');
INSERT INTO `search_total` VALUES ('作品','0.000251982');
INSERT INTO `search_total` VALUES ('作曲','0.000910256');
INSERT INTO `search_total` VALUES ('供应','0.0111197');
INSERT INTO `search_total` VALUES ('依手','0.0023797');
INSERT INTO `search_total` VALUES ('便可','0.0834115');
INSERT INTO `search_total` VALUES ('储运','0.0122058');
INSERT INTO `search_total` VALUES ('允许','0.0291949');
INSERT INTO `search_total` VALUES ('入小','0.265377');
INSERT INTO `search_total` VALUES ('全国','0.00291441');
INSERT INTO `search_total` VALUES ('八条','0.30103');
INSERT INTO `search_total` VALUES ('公司','0.00230322');
INSERT INTO `search_total` VALUES ('其事','0.138598');
INSERT INTO `search_total` VALUES ('其他','0.0034363');
INSERT INTO `search_total` VALUES ('兼顾','0.0734158');
INSERT INTO `search_total` VALUES ('内人','0.00892283');
INSERT INTO `search_total` VALUES ('再提','0.0707974');
INSERT INTO `search_total` VALUES ('出时','0.0120916');
INSERT INTO `search_total` VALUES ('分别','0.0218854');
INSERT INTO `search_total` VALUES ('创办','0.00657535');
INSERT INTO `search_total` VALUES ('创始人','0.0367171');
INSERT INTO `search_total` VALUES ('创建','0.0856278');
INSERT INTO `search_total` VALUES ('创意','0.0238413');
INSERT INTO `search_total` VALUES ('创造','0.0078596');
INSERT INTO `search_total` VALUES ('到底','0.0111193');
INSERT INTO `search_total` VALUES ('副秘书长','0.0457575');
INSERT INTO `search_total` VALUES ('副经理','0.0111175');
INSERT INTO `search_total` VALUES ('加晚','0.30103');
INSERT INTO `search_total` VALUES ('加进','0.176686');
INSERT INTO `search_total` VALUES ('勃教','0.0037996');
INSERT INTO `search_total` VALUES ('北京','0.000806073');
INSERT INTO `search_total` VALUES ('北京市','0.00280055');
INSERT INTO `search_total` VALUES ('十二','0.00252976');
INSERT INTO `search_total` VALUES ('十大','0.0457575');
INSERT INTO `search_total` VALUES ('协奏','0.000628125');
INSERT INTO `search_total` VALUES ('单独','0.00692093');
INSERT INTO `search_total` VALUES ('卡斯特罗','0.0224978');
INSERT INTO `search_total` VALUES ('卫视','0.0457575');
INSERT INTO `search_total` VALUES ('原因','0.00597438');
INSERT INTO `search_total` VALUES ('发展','0.00209883');
INSERT INTO `search_total` VALUES ('发改委','0.0111175');
INSERT INTO `search_total` VALUES ('取名','0.256821');
INSERT INTO `search_total` VALUES ('只有','0.00488725');
INSERT INTO `search_total` VALUES ('可开','0.275333');
INSERT INTO `search_total` VALUES ('各种','0.00472407');
INSERT INTO `search_total` VALUES ('吉林','0.11969');
INSERT INTO `search_total` VALUES ('同时','0.00284821');
INSERT INTO `search_total` VALUES ('名人','0.0133368');
INSERT INTO `search_total` VALUES ('名利双收','0.0791812');
INSERT INTO `search_total` VALUES ('名学','0.0209052');
INSERT INTO `search_total` VALUES ('后便','0.211783');
INSERT INTO `search_total` VALUES ('含量','0.0634399');
INSERT INTO `search_total` VALUES ('告图','0.30103');
INSERT INTO `search_total` VALUES ('周二','0.0192592');
INSERT INTO `search_total` VALUES ('周广','0.0000737912');
INSERT INTO `search_total` VALUES ('周广仁','0.00177039');
INSERT INTO `search_total` VALUES ('命名','0.0620545');
INSERT INTO `search_total` VALUES ('咨询服务','0.0413927');
INSERT INTO `search_total` VALUES ('品牌','0.00973211');
INSERT INTO `search_total` VALUES ('商标','0.156702');
INSERT INTO `search_total` VALUES ('四届','0.00175422');
INSERT INTO `search_total` VALUES ('因素','0.0128925');
INSERT INTO `search_total` VALUES ('国内','0.00391991');
INSERT INTO `search_total` VALUES ('国内外','0.00602495');
INSERT INTO `search_total` VALUES ('国学','0.101298');
INSERT INTO `search_total` VALUES ('国家','0.00381822');
INSERT INTO `search_total` VALUES ('国际','0.000493882');
INSERT INTO `search_total` VALUES ('在国际上','0.0457575');
INSERT INTO `search_total` VALUES ('地区','0.00971042');
INSERT INTO `search_total` VALUES ('地址','0.0179678');
INSERT INTO `search_total` VALUES ('城市','0.0117602');
INSERT INTO `search_total` VALUES ('基准','0.0114832');
INSERT INTO `search_total` VALUES ('增加','0.0096796');
INSERT INTO `search_total` VALUES ('增多','0.0766948');
INSERT INTO `search_total` VALUES ('声音','0.000970494');
INSERT INTO `search_total` VALUES ('备练','0.0004552');
INSERT INTO `search_total` VALUES ('夏世祥','0.00600192');
INSERT INTO `search_total` VALUES ('夏季','0.000315327');
INSERT INTO `search_total` VALUES ('多少','0.00599198');
INSERT INTO `search_total` VALUES ('多而','0.0738805');
INSERT INTO `search_total` VALUES ('大学','0.00256563');
INSERT INTO `search_total` VALUES ('大调','0.000491784');
INSERT INTO `search_total` VALUES ('大连','0.00490418');
INSERT INTO `search_total` VALUES ('奇迹','0.110437');
INSERT INTO `search_total` VALUES ('奏会','0.00487374');
INSERT INTO `search_total` VALUES ('奏曲','0.000383701');
INSERT INTO `search_total` VALUES ('奖轮','0.0163904');
INSERT INTO `search_total` VALUES ('奥运会','0.0111197');
INSERT INTO `search_total` VALUES ('好家旺宅','0.0791812');
INSERT INTO `search_total` VALUES ('好的','0.000816468');
INSERT INTO `search_total` VALUES ('始进','0.187121');
INSERT INTO `search_total` VALUES ('委员','0.0155972');
INSERT INTO `search_total` VALUES ('委员会','0.0457575');
INSERT INTO `search_total` VALUES ('季学','0.000330957');
INSERT INTO `search_total` VALUES ('学习','0.0004486');
INSERT INTO `search_total` VALUES ('学会','0.0018417');
INSERT INTO `search_total` VALUES ('学生','0.000341214');
INSERT INTO `search_total` VALUES ('学视','0.00271395');
INSERT INTO `search_total` VALUES ('学院','0.000218866');
INSERT INTO `search_total` VALUES ('宅地','0.0457575');
INSERT INTO `search_total` VALUES ('完全','0.00606237');
INSERT INTO `search_total` VALUES ('宗旨','0.0619201');
INSERT INTO `search_total` VALUES ('客座','0.136092');
INSERT INTO `search_total` VALUES ('小巴','0.0202034');
INSERT INTO `search_total` VALUES ('少课','0.30103');
INSERT INTO `search_total` VALUES ('左右','0.00687234');
INSERT INTO `search_total` VALUES ('已确定','0.0115819');
INSERT INTO `search_total` VALUES ('巴赫','0.00072769');
INSERT INTO `search_total` VALUES ('市民','0.0122345');
INSERT INTO `search_total` VALUES ('师的','0.00070891');
INSERT INTO `search_total` VALUES ('希望','0.00158331');
INSERT INTO `search_total` VALUES ('年度','0.0353692');
INSERT INTO `search_total` VALUES ('年第','0.00235878');
INSERT INTO `search_total` VALUES ('幼承廷训','0.0457575');
INSERT INTO `search_total` VALUES ('广仁','0.0000599158');
INSERT INTO `search_total` VALUES ('广仁课件','0.00867238');
INSERT INTO `search_total` VALUES ('广告','0.0436343');
INSERT INTO `search_total` VALUES ('广告图','0.124939');
INSERT INTO `search_total` VALUES ('开始','0.00100681');
INSERT INTO `search_total` VALUES ('当时','0.00663962');
INSERT INTO `search_total` VALUES ('徐晓','0.0190307');
INSERT INTO `search_total` VALUES ('必须','0.00333619');
INSERT INTO `search_total` VALUES ('快速','0.000434761');
INSERT INTO `search_total` VALUES ('怎么','0.000956624');
INSERT INTO `search_total` VALUES ('成功','0.00204368');
INSERT INTO `search_total` VALUES ('成本','0.00187778');
INSERT INTO `search_total` VALUES ('我们','0.000539399');
INSERT INTO `search_total` VALUES ('手指','0.000152919');
INSERT INTO `search_total` VALUES ('执行','0.0251854');
INSERT INTO `search_total` VALUES ('技术','0.00142359');
INSERT INTO `search_total` VALUES ('投入','0.00850055');
INSERT INTO `search_total` VALUES ('投资','0.0121865');
INSERT INTO `search_total` VALUES ('报道','0.046354');
INSERT INTO `search_total` VALUES ('持平','0.0436821');
INSERT INTO `search_total` VALUES ('指快','0.00045398');
INSERT INTO `search_total` VALUES ('按此','0.012732');
INSERT INTO `search_total` VALUES ('挺好','0.00661665');
INSERT INTO `search_total` VALUES ('据测','0.0115819');
INSERT INTO `search_total` VALUES ('排放','0.00286479');
INSERT INTO `search_total` VALUES ('接地','0.130563');
INSERT INTO `search_total` VALUES ('推迟','0.126114');
INSERT INTO `search_total` VALUES ('提出','0.0174659');
INSERT INTO `search_total` VALUES ('提高','0.00453649');
INSERT INTO `search_total` VALUES ('播出','0.00591785');
INSERT INTO `search_total` VALUES ('擅长','0.0493919');
INSERT INTO `search_total` VALUES ('收费','0.00906512');
INSERT INTO `search_total` VALUES ('改造','0.141448');
INSERT INTO `search_total` VALUES ('政府','0.0339241');
INSERT INTO `search_total` VALUES ('政策','0.103085');
INSERT INTO `search_total` VALUES ('教学','0.000463352');
INSERT INTO `search_total` VALUES ('教师','0.000749346');
INSERT INTO `search_total` VALUES ('教授','0.000500319');
INSERT INTO `search_total` VALUES ('教材','0.000812476');
INSERT INTO `search_total` VALUES ('文化','0.00682572');
INSERT INTO `search_total` VALUES ('斯特','0.000726149');
INSERT INTO `search_total` VALUES ('新人','0.000236876');
INSERT INTO `search_total` VALUES ('新增','0.0729984');
INSERT INTO `search_total` VALUES ('方面','0.00182333');
INSERT INTO `search_total` VALUES ('早在','0.0684303');
INSERT INTO `search_total` VALUES ('时机','0.0143011');
INSERT INTO `search_total` VALUES ('时段','0.30103');
INSERT INTO `search_total` VALUES ('易经','0.0457575');
INSERT INTO `search_total` VALUES ('昨天','0.0138387');
INSERT INTO `search_total` VALUES ('晓金','0.0190337');
INSERT INTO `search_total` VALUES ('晚上','0.01492');
INSERT INTO `search_total` VALUES ('景观','0.0457575');
INSERT INTO `search_total` VALUES ('暴跌','0.00623987');
INSERT INTO `search_total` VALUES ('曲目','0.00171539');
INSERT INTO `search_total` VALUES ('曲第','0.00173782');
INSERT INTO `search_total` VALUES ('最近','0.00519946');
INSERT INTO `search_total` VALUES ('有关','0.00771954');
INSERT INTO `search_total` VALUES ('有限公司','0.00858075');
INSERT INTO `search_total` VALUES ('望逄','0.0211893');
INSERT INTO `search_total` VALUES ('术奖','0.000406759');
INSERT INTO `search_total` VALUES ('机制','0.0817391');
INSERT INTO `search_total` VALUES ('机构','0.0169803');
INSERT INTO `search_total` VALUES ('李斯','0.000681341');
INSERT INTO `search_total` VALUES ('材了','0.176091');
INSERT INTO `search_total` VALUES ('杜维','0.00016935');
INSERT INTO `search_total` VALUES ('条以','0.241868');
INSERT INTO `search_total` VALUES ('来呢','0.223269');
INSERT INTO `search_total` VALUES ('柴油','0.000918857');
INSERT INTO `search_total` VALUES ('标准','0.00670261');
INSERT INTO `search_total` VALUES ('根本','0.0167799');
INSERT INTO `search_total` VALUES ('欢曲','0.0157943');
INSERT INTO `search_total` VALUES ('此外','0.0322133');
INSERT INTO `search_total` VALUES ('此时','0.0371658');
INSERT INTO `search_total` VALUES ('此次','0.0109758');
INSERT INTO `search_total` VALUES ('此视','0.0102192');
INSERT INTO `search_total` VALUES ('每升','0.0115819');
INSERT INTO `search_total` VALUES ('每吨','0.00242076');
INSERT INTO `search_total` VALUES ('每周','0.012299');
INSERT INTO `search_total` VALUES ('比欧','0.0115819');
INSERT INTO `search_total` VALUES ('比较','0.00249172');
INSERT INTO `search_total` VALUES ('水平','0.00471268');
INSERT INTO `search_total` VALUES ('汽油','0.0279721');
INSERT INTO `search_total` VALUES ('没有','0.000657448');
INSERT INTO `search_total` VALUES ('油价','0.00161924');
INSERT INTO `search_total` VALUES ('油品','0.00571009');
INSERT INTO `search_total` VALUES ('测算','0.0127798');
INSERT INTO `search_total` VALUES ('测试','0.00655373');
INSERT INTO `search_total` VALUES ('浙江','0.013573');
INSERT INTO `search_total` VALUES ('海顿','0.000951045');
INSERT INTO `search_total` VALUES ('涨价','0.00571009');
INSERT INTO `search_total` VALUES ('清华大学','0.0457575');
INSERT INTO `search_total` VALUES ('清洗','0.0679346');
INSERT INTO `search_total` VALUES ('演奏','0.000136524');
INSERT INTO `search_total` VALUES ('点播','0.0193052');
INSERT INTO `search_total` VALUES ('点至','0.0211143');
INSERT INTO `search_total` VALUES ('炼厂','0.012493');
INSERT INTO `search_total` VALUES ('炼油','0.00595534');
INSERT INTO `search_total` VALUES ('然而','0.0115131');
INSERT INTO `search_total` VALUES ('狂欢','0.00718091');
INSERT INTO `search_total` VALUES ('独奏','0.0016201');
INSERT INTO `search_total` VALUES ('环境','0.014063');
INSERT INTO `search_total` VALUES ('环节','0.0412545');
INSERT INTO `search_total` VALUES ('理论','0.0568269');
INSERT INTO `search_total` VALUES ('琪琪','0.30103');
INSERT INTO `search_total` VALUES ('琴协','0.00126339');
INSERT INTO `search_total` VALUES ('琴夏','0.000329797');
INSERT INTO `search_total` VALUES ('琴新','0.000427449');
INSERT INTO `search_total` VALUES ('甚至','0.00650722');
INSERT INTO `search_total` VALUES ('生产力','0.0457575');
INSERT INTO `search_total` VALUES ('生学','0.00882775');
INSERT INTO `search_total` VALUES ('用户','0.00413147');
INSERT INTO `search_total` VALUES ('用户id','0.0791812');
INSERT INTO `search_total` VALUES ('畅销书','0.0457575');
INSERT INTO `search_total` VALUES ('的多','0.00981423');
INSERT INTO `search_total` VALUES ('的课','0.00626409');
INSERT INTO `search_total` VALUES ('目前','0.0079403');
INSERT INTO `search_total` VALUES ('相关','0.00481454');
INSERT INTO `search_total` VALUES ('相当于','0.0134944');
INSERT INTO `search_total` VALUES ('知产','0.0457575');
INSERT INTO `search_total` VALUES ('石化','0.00100329');
INSERT INTO `search_total` VALUES ('研究会','0.0457575');
INSERT INTO `search_total` VALUES ('种种','0.0429494');
INSERT INTO `search_total` VALUES ('符合','0.023966');
INSERT INTO `search_total` VALUES ('第一名','0.0321847');
INSERT INTO `search_total` VALUES ('第三','0.000472458');
INSERT INTO `search_total` VALUES ('第八','0.00504698');
INSERT INTO `search_total` VALUES ('第十','0.000564439');
INSERT INTO `search_total` VALUES ('第四','0.00111558');
INSERT INTO `search_total` VALUES ('等中','0.1119');
INSERT INTO `search_total` VALUES ('等十余部','0.0457575');
INSERT INTO `search_total` VALUES ('策划','0.0121873');
INSERT INTO `search_total` VALUES ('算了','0.076175');
INSERT INTO `search_total` VALUES ('管理','0.00484354');
INSERT INTO `search_total` VALUES ('类型','0.0108617');
INSERT INTO `search_total` VALUES ('精通','0.261764');
INSERT INTO `search_total` VALUES ('系统','0.0084338');
INSERT INTO `search_total` VALUES ('级练','0.0157943');
INSERT INTO `search_total` VALUES ('练习','0.0000914189');
INSERT INTO `search_total` VALUES ('经培训顺利的成为北京周广仁钢琴艺','0.30103');
INSERT INTO `search_total` VALUES ('经济','0.0206627');
INSERT INTO `search_total` VALUES ('经济学','0.0457575');
INSERT INTO `search_total` VALUES ('经珠','0.00430604');
INSERT INTO `search_total` VALUES ('维诺','0.000169546');
INSERT INTO `search_total` VALUES ('综合','0.0394594');
INSERT INTO `search_total` VALUES ('网友视频','0.00288569');
INSERT INTO `search_total` VALUES ('网友视频4','0.30103');
INSERT INTO `search_total` VALUES ('网友视频三一','0.01524');
INSERT INTO `search_total` VALUES ('网友视频二一','0.0157943');
INSERT INTO `search_total` VALUES ('网友视频二三','0.0157943');
INSERT INTO `search_total` VALUES ('网友视频二二','0.0157943');
INSERT INTO `search_total` VALUES ('网友视频六','0.0147233');
INSERT INTO `search_total` VALUES ('网友视频四一','0.30103');
INSERT INTO `search_total` VALUES ('网友视频四二','0.30103');
INSERT INTO `search_total` VALUES ('美元','0.0912271');
INSERT INTO `search_total` VALUES ('老师','0.000144747');
INSERT INTO `search_total` VALUES ('考虑','0.0077015');
INSERT INTO `search_total` VALUES ('考虑到','0.0111197');
INSERT INTO `search_total` VALUES ('而言','0.0193814');
INSERT INTO `search_total` VALUES ('联合会','0.0457575');
INSERT INTO `search_total` VALUES ('联盟','0.00231374');
INSERT INTO `search_total` VALUES ('联盟教师','0.0211893');
INSERT INTO `search_total` VALUES ('至于','0.0311803');
INSERT INTO `search_total` VALUES ('舒曼','0.0013735');
INSERT INTO `search_total` VALUES ('艺术','0.000174502');
INSERT INTO `search_total` VALUES ('营销','0.157552');
INSERT INTO `search_total` VALUES ('著有','0.0457575');
INSERT INTO `search_total` VALUES ('董事长','0.0457575');
INSERT INTO `search_total` VALUES ('补偿','0.0392213');
INSERT INTO `search_total` VALUES ('表示','0.0199212');
INSERT INTO `search_total` VALUES ('被评为','0.0234811');
INSERT INTO `search_total` VALUES ('要求','0.00302123');
INSERT INTO `search_total` VALUES ('视频','0.000343637');
INSERT INTO `search_total` VALUES ('解释','0.00721857');
INSERT INTO `search_total` VALUES ('记者','0.0161528');
INSERT INTO `search_total` VALUES ('讲师','0.0729674');
INSERT INTO `search_total` VALUES ('论坛','0.00830745');
INSERT INTO `search_total` VALUES ('设备','0.0334579');
INSERT INTO `search_total` VALUES ('设施','0.0766818');
INSERT INTO `search_total` VALUES ('设计','0.014591');
INSERT INTO `search_total` VALUES ('请问','0.000889106');
INSERT INTO `search_total` VALUES ('诺伊','0.0211893');
INSERT INTO `search_total` VALUES ('诺依','0.000170881');
INSERT INTO `search_total` VALUES ('课加','0.30103');
INSERT INTO `search_total` VALUES ('课堂','0.00496824');
INSERT INTO `search_total` VALUES ('课增','0.0211893');
INSERT INTO `search_total` VALUES ('调价','0.00234552');
INSERT INTO `search_total` VALUES ('调整','0.0117443');
INSERT INTO `search_total` VALUES ('调钢','0.00328048');
INSERT INTO `search_total` VALUES ('谢天健','0.0579919');
INSERT INTO `search_total` VALUES ('谢谢','0.000714402');
INSERT INTO `search_total` VALUES ('贝伦斯钢琴练习曲','0.0137883');
INSERT INTO `search_total` VALUES ('贝伦斯钢琴练习曲61','0.011281');
INSERT INTO `search_total` VALUES ('贝多而','0.0579919');
INSERT INTO `search_total` VALUES ('贡艳玲','0.0163904');
INSERT INTO `search_total` VALUES ('质疑','0.0837817');
INSERT INTO `search_total` VALUES ('购买','0.00617784');
INSERT INTO `search_total` VALUES ('费类','0.012965');
INSERT INTO `search_total` VALUES ('赫在','0.0183137');
INSERT INTO `search_total` VALUES ('赫教','0.215409');
INSERT INTO `search_total` VALUES ('超级','0.0139037');
INSERT INTO `search_total` VALUES ('转图','0.0163904');
INSERT INTO `search_total` VALUES ('轮转','0.0163904');
INSERT INTO `search_total` VALUES ('轮转广告1','0.0163904');
INSERT INTO `search_total` VALUES ('轮转广告2','0.0157943');
INSERT INTO `search_total` VALUES ('轮转广告3','0.0163904');
INSERT INTO `search_total` VALUES ('辅料','0.0120142');
INSERT INTO `search_total` VALUES ('近日','0.0473564');
INSERT INTO `search_total` VALUES ('进入','0.00528328');
INSERT INTO `search_total` VALUES ('进来','0.0889981');
INSERT INTO `search_total` VALUES ('进行','0.0019877');
INSERT INTO `search_total` VALUES ('逄勃','0.000559382');
INSERT INTO `search_total` VALUES ('逄老','0.00218125');
INSERT INTO `search_total` VALUES ('选段','0.000740485');
INSERT INTO `search_total` VALUES ('速预','0.000454786');
INSERT INTO `search_total` VALUES ('道学','0.0457575');
INSERT INTO `search_total` VALUES ('道管','0.0234811');
INSERT INTO `search_total` VALUES ('部门','0.116933');
INSERT INTO `search_total` VALUES ('金奖','0.038358');
INSERT INTO `search_total` VALUES ('金独','0.025057');
INSERT INTO `search_total` VALUES ('针对','0.0241427');
INSERT INTO `search_total` VALUES ('钢琴','0.000029724');
INSERT INTO `search_total` VALUES ('钢琴课堂测试06中石化解释北京汽柴油','0.0377886');
INSERT INTO `search_total` VALUES ('链接','0.00183273');
INSERT INTO `search_total` VALUES ('链接地址','0.124939');
INSERT INTO `search_total` VALUES ('销售','0.0396307');
INSERT INTO `search_total` VALUES ('问小','0.0211893');
INSERT INTO `search_total` VALUES ('阿尔泰','0.0213952');
INSERT INTO `search_total` VALUES ('降到','0.0731089');
INSERT INTO `search_total` VALUES ('院徐','0.176091');
INSERT INTO `search_total` VALUES ('院长','0.0417997');
INSERT INTO `search_total` VALUES ('随后','0.0435085');
INSERT INTO `search_total` VALUES ('雪花','0.0157943');
INSERT INTO `search_total` VALUES ('零售','0.00132865');
INSERT INTO `search_total` VALUES ('非凡','0.0154897');
INSERT INTO `search_total` VALUES ('韩静','0.0163904');
INSERT INTO `search_total` VALUES ('韩静4岁开始学琴','0.30103');
INSERT INTO `search_total` VALUES ('预备','0.000453361');
INSERT INTO `search_total` VALUES ('频为','0.00914338');
INSERT INTO `search_total` VALUES ('额外','0.0750681');
INSERT INTO `search_total` VALUES ('首次','0.0304991');
INSERT INTO `search_total` VALUES ('香港','0.012287');
CREATE TABLE `sequences` (   `name` varchar(255) NOT NULL DEFAULT '',   `id` int(10) unsigned NOT NULL DEFAULT '0',   PRIMARY KEY (`name`) ) ENGINE=InnoDB DEFAULT CHARSET=utf8;
INSERT INTO `sequences` VALUES ('acl_acl_id','14');
INSERT INTO `sequences` VALUES ('comments_cid','2350');
INSERT INTO `sequences` VALUES ('files_fid','1221');
INSERT INTO `sequences` VALUES ('imagecache_action_actionid','9');
INSERT INTO `sequences` VALUES ('imagecache_preset_presetid','9');
INSERT INTO `sequences` VALUES ('menu_mid','125');
INSERT INTO `sequences` VALUES ('node_nid','2515');
INSERT INTO `sequences` VALUES ('node_revisions_vid','2543');
INSERT INTO `sequences` VALUES ('path_redirect_rid','1');
INSERT INTO `sequences` VALUES ('privatemsg_folder_fid','1');
INSERT INTO `sequences` VALUES ('privatemsg_id','3408');
INSERT INTO `sequences` VALUES ('privatemsg_thread','3387');
INSERT INTO `sequences` VALUES ('term_data_tid','101');
INSERT INTO `sequences` VALUES ('users_uid','4009');
INSERT INTO `sequences` VALUES ('user_titles_tid','10');
INSERT INTO `sequences` VALUES ('view_view_vid','84');
INSERT INTO `sequences` VALUES ('vocabulary_vid','9');
INSERT INTO `sequences` VALUES ('webform_submissions_sid','94');
CREATE TABLE `sessions` (   `uid` int(10) unsigned NOT NULL DEFAULT '0',   `sid` varchar(64) NOT NULL DEFAULT '',   `hostname` varchar(128) NOT NULL DEFAULT '',   `timestamp` int(11) NOT NULL DEFAULT '0',   `cache` int(11) NOT NULL DEFAULT '0',   `session` longtext,   PRIMARY KEY (`sid`),   KEY `uid` (`uid`),   KEY `timestamp` (`timestamp`) ) ENGINE=InnoDB DEFAULT CHARSET=utf8;
CREATE TABLE `system` (   `filename` varchar(255) NOT NULL DEFAULT '',   `name` varchar(255) NOT NULL DEFAULT '',   `type` varchar(255) NOT NULL DEFAULT '',   `description` varchar(255) NOT NULL DEFAULT '',   `status` int(11) NOT NULL DEFAULT '0',   `throttle` tinyint(4) NOT NULL DEFAULT '0',   `bootstrap` int(11) NOT NULL DEFAULT '0',   `schema_version` smallint(6) NOT NULL DEFAULT '-1',   `weight` int(11) NOT NULL DEFAULT '0',   PRIMARY KEY (`filename`),   KEY `weight` (`weight`) ) ENGINE=InnoDB DEFAULT CHARSET=utf8;
INSERT INTO `system` VALUES ('modules/advanced_forum/advanced_forum.module','advanced_forum','module','Enables the look and feel of other popular forum software.','1','0','0','5003','10');
INSERT INTO `system` VALUES ('modules/aggregator/aggregator.module','aggregator','module','Aggregates syndicated content (RSS, RDF, and Atom feeds).','0','0','0','-1','0');
INSERT INTO `system` VALUES ('modules/block/block.module','block','module','Controls the boxes that are displayed around the main content.','1','0','0','0','0');
INSERT INTO `system` VALUES ('modules/blog/blog.module','blog','module','Enables keeping easily and regularly updated user web pages or blogs.','0','0','0','-1','0');
INSERT INTO `system` VALUES ('modules/blogapi/blogapi.module','blogapi','module','Allows users to post content using applications that support XML-RPC blog APIs.','0','0','0','-1','0');
INSERT INTO `system` VALUES ('modules/book/book.module','book','module','Allows users to collaboratively author a book.','0','0','0','-1','0');
INSERT INTO `system` VALUES ('modules/color/color.module','color','module','Allows the user to change the color scheme of certain themes.','0','0','0','0','0');
INSERT INTO `system` VALUES ('modules/comment/comment.module','comment','module','Allows users to comment on and discuss published content.','1','0','0','1','0');
INSERT INTO `system` VALUES ('modules/contact/contact.module','contact','module','Enables the use of both personal and site-wide contact forms.','0','0','0','-1','0');
INSERT INTO `system` VALUES ('modules/drupal/drupal.module','drupal','module','Lets you register your site with a central server and improve ranking of Drupal projects by posting information on your installed modules and themes','0','0','0','-1','0');
INSERT INTO `system` VALUES ('modules/fckeditor/','fckeditor','module','Enables the usage of FCKeditor (WYSIWYG) instead of plain text fields.','0','0','0','4','0');
INSERT INTO `system` VALUES ('modules/filter/filter.module','filter','module','Handles the filtering of content in preparation for display.','1','0','0','0','0');
INSERT INTO `system` VALUES ('modules/forum/forum.module','forum','module','Enables threaded discussions about general topics.','1','0','0','0','0');
INSERT INTO `system` VALUES ('modules/help/help.module','help','module','Manages the display of online help.','1','0','0','0','0');
INSERT INTO `system` VALUES ('modules/legacy/legacy.module','legacy','module','Provides legacy handlers for upgrades from older Drupal installations.','0','0','0','-1','0');
INSERT INTO `system` VALUES ('modules/locale/locale.module','locale','module','Enables the translation of the user interface to languages other than English.','1','0','0','0','0');
INSERT INTO `system` VALUES ('modules/menu/menu.module','menu','module','Allows administrators to customize the site navigation menu.','1','0','0','0','0');
INSERT INTO `system` VALUES ('modules/node/node.module','node','module','Allows content to be submitted to the site and displayed on pages.','1','0','0','0','0');
INSERT INTO `system` VALUES ('modules/path/path.module','path','module','Allows users to rename URLs.','1','0','0','0','0');
INSERT INTO `system` VALUES ('modules/ping/ping.module','ping','module','Alerts other sites when your site has been updated.','0','0','0','-1','0');
INSERT INTO `system` VALUES ('modules/poll/poll.module','poll','module','Allows your site to capture votes on different topics in the form of multiple choice questions.','0','0','0','-1','0');
INSERT INTO `system` VALUES ('modules/profile/profile.module','profile','module','Supports configurable user profiles.','1','0','0','0','0');
INSERT INTO `system` VALUES ('modules/search/search.module','search','module','Enables site-wide keyword searching.','1','0','0','0','0');
INSERT INTO `system` VALUES ('modules/statistics/statistics.module','statistics','module','Logs access statistics for your site.','1','0','1','1000','0');
INSERT INTO `system` VALUES ('modules/system/system.module','system','module','Handles general site configuration for administrators.','1','0','0','1022','0');
INSERT INTO `system` VALUES ('modules/taxonomy/taxonomy.module','taxonomy','module','Enables the categorization of content.','1','0','0','0','0');
INSERT INTO `system` VALUES ('modules/throttle/throttle.module','throttle','module','Handles the auto-throttling mechanism, to control site congestion.','0','0','0','-1','0');
INSERT INTO `system` VALUES ('modules/tracker/tracker.module','tracker','module','Enables tracking of recent posts for users.','0','0','0','-1','0');
INSERT INTO `system` VALUES ('modules/upload/upload.module','upload','module','Allows users to upload and attach files to content.','1','0','0','0','0');
INSERT INTO `system` VALUES ('modules/user/user.module','user','module','Manages the user registration and login system.','1','0','0','0','0');
INSERT INTO `system` VALUES ('modules/watchdog/watchdog.module','watchdog','module','Logs and records system events.','1','0','0','0','0');
INSERT INTO `system` VALUES ('sites/all/modules/accounttypes/accounttypes.module','accounttypes','module','Adds a filter for role selection based on \'account type\'. Admin can create as many account types as desired and can assign any roles to each.','1','0','0','1','0');
INSERT INTO `system` VALUES ('sites/all/modules/acl/acl.module','acl','module','Access control list API. Has no features on its own.','1','0','0','5','0');
INSERT INTO `system` VALUES ('sites/all/modules/ad/ad.module','ad','module','An advertising system for Drupal powered websites.','0','0','0','-1','0');
INSERT INTO `system` VALUES ('sites/all/modules/ad/cache/file/ad_cache_file.module','ad_cache_file','module','Provides a file-caching mechanism to improve ad serving performance.','0','0','0','-1','0');
INSERT INTO `system` VALUES ('sites/all/modules/ad/cache/memcache/ad_cache_memcache.module','ad_cache_memcache','module','Integrates the ad module with memcached, allowing ads to be served directly out of RAM.','0','0','0','-1','0');
INSERT INTO `system` VALUES ('sites/all/modules/ad/embed/ad_embed.module','ad_embed','module','Embed ads in content.','0','0','0','-1','0');
INSERT INTO `system` VALUES ('sites/all/modules/ad/external/ad_external.module','ad_external','module','Enhances the ad module to support externally hosted ads.  Typically combined with IFrames.','0','0','0','-1','0');
INSERT INTO `system` VALUES ('sites/all/modules/ad/html/ad_html.module','ad_html','module','Enhances the ad module to support html-based ads, such as those defined by many advertising affiliate websites.','0','0','0','-1','0');
INSERT INTO `system` VALUES ('sites/all/modules/ad/image/ad_image.module','ad_image','module','Enhances the ad module to support banner ads.','0','0','0','-1','0');
INSERT INTO `system` VALUES ('sites/all/modules/ad/notify/ad_notify.module','ad_notify','module','Receive email notifications regarding ads.','0','0','0','-1','0');
INSERT INTO `system` VALUES ('sites/all/modules/ad/remote/ad_remote.module','ad_remote','module','Generates cut-and-paste source snippets allowing ads to be easily displayed on remote websites.','0','0','0','-1','0');
INSERT INTO `system` VALUES ('sites/all/modules/ad/report/ad_report.module','ad_report','module','Provides comprehensive charts and reports about advertising statistics.','0','0','0','-1','0');
INSERT INTO `system` VALUES ('sites/all/modules/ad/statistics/click_filter/click_filter.module','click_filter','module','Filter duplicate click statistics.','0','0','0','-1','0');
INSERT INTO `system` VALUES ('sites/all/modules/ad/text/ad_text.module','ad_text','module','Enhances the ad module to support static text ads.','0','0','0','-1','0');
INSERT INTO `system` VALUES ('sites/all/modules/alinks/alinks.module','alinks','module','Allows users to associates defined text to links.','1','0','0','3','0');
INSERT INTO `system` VALUES ('sites/all/modules/backup_migrate/backup_migrate.module','backup_migrate','module','Backup or migrate the Drupal Database quickly and without unnecessary data.','1','0','0','0','0');
INSERT INTO `system` VALUES ('sites/all/modules/captcha/captcha.module','captcha','module','Base CAPTCHA module for adding challenges to arbitrary forms.','1','0','0','2','0');
INSERT INTO `system` VALUES ('sites/all/modules/captcha/image_captcha/image_captcha.module','image_captcha','module','Provides an image based CAPTCHA.','1','0','0','0','0');
INSERT INTO `system` VALUES ('sites/all/modules/captcha/text_captcha/text_captcha.module','text_captcha','module','Provides a simple text based CAPTCHA.','0','0','0','-1','0');
INSERT INTO `system` VALUES ('sites/all/modules/cck/content.module','content','module','Allows administrators to define new content types.','1','0','1','1010','0');
INSERT INTO `system` VALUES ('sites/all/modules/cck/content_copy.module','content_copy','module','Enables ability to import/export field definitions.','1','0','0','0','0');
INSERT INTO `system` VALUES ('sites/all/modules/cck/fieldgroup.module','fieldgroup','module','Create field groups for CCK fields.','1','0','0','4','9');
INSERT INTO `system` VALUES ('sites/all/modules/cck/nodereference.module','nodereference','module','Defines a field type for referencing one node from another.','1','0','0','3','0');
INSERT INTO `system` VALUES ('sites/all/modules/cck/number.module','number','module','Defines numeric field types.','1','0','0','5','0');
INSERT INTO `system` VALUES ('sites/all/modules/cck/optionwidgets.module','optionwidgets','module','Defines selection, check box and radio button widgets for text and numeric fields.','1','0','0','1','0');
INSERT INTO `system` VALUES ('sites/all/modules/cck/text.module','text','module','Defines simple text field types.','1','0','0','5','0');
INSERT INTO `system` VALUES ('sites/all/modules/cck/userreference.module','userreference','module','Defines a field type for referencing a user from a node.','1','0','0','4','0');
INSERT INTO `system` VALUES ('sites/all/modules/content_access/content_access.module','content_access','module','Provides flexible content access control','1','0','0','0','0');
INSERT INTO `system` VALUES ('sites/all/modules/csplitter/csplitter.module','csplitter','module','Chinese words splitter for search module.','0','0','0','0','0');
INSERT INTO `system` VALUES ('sites/all/modules/emfield/contrib/emaudio/emaudio.module','emaudio','module','Defines a field type for displaying third party music, podcasts, and other audio, such as podOmatic and Odeo.','0','0','0','-1','0');
INSERT INTO `system` VALUES ('sites/all/modules/emfield/contrib/emimport/emimport.module','emimport','module','Imports media from certain third providers, such as FlickR.','0','0','0','-1','0');
INSERT INTO `system` VALUES ('sites/all/modules/emfield/contrib/emthumb/emthumb.module','emthumb','module','Allows custom thumbnails for Embedded Media Fields.','0','0','0','-1','0');
INSERT INTO `system` VALUES ('sites/all/modules/emfield/contrib/image_ncck/image_ncck.module','image_ncck','module','Defines a field type for displaying images from third party providers, such as Flickr.','0','0','0','-1','0');
INSERT INTO `system` VALUES ('sites/all/modules/emfield/contrib/video_cck/video_cck.module','video_cck','module','Defines a field type for displaying third party videos, such as YouTube and Google Video.','1','0','0','6','0');
INSERT INTO `system` VALUES ('sites/all/modules/emfield/emfield.module','emfield','module','Provides an engine for modules to integrate various 3rd party content providers, such as Video Neighborhood, Image Neighborhood, and Audio Neighborhood.','1','0','0','0','0');
INSERT INTO `system` VALUES ('sites/all/modules/filefield/filefield.module','filefield','module','Defines a file field type.','1','0','0','3','0');
INSERT INTO `system` VALUES ('sites/all/modules/filefield/filefield_meta/filefield_meta.module','filefield_meta','module','Add metadata gathering and storage to filefield.','0','0','0','-1','0');
INSERT INTO `system` VALUES ('sites/all/modules/forum_access/forum_access.module','forum_access','module','Allows forums to be set private and allows forums to be given moderators','1','0','1','1','2');
INSERT INTO `system` VALUES ('sites/all/modules/imageapi/imageapi.module','imageapi','module','ImageAPI supporting multiple toolkits.','1','0','0','0','0');
INSERT INTO `system` VALUES ('sites/all/modules/imageapi/imageapi_gd.module','imageapi_gd','module','Uses PHP\'s built-in GD2 image processing support.','1','0','0','0','0');
INSERT INTO `system` VALUES ('sites/all/modules/imageapi/imageapi_imagemagick.module','imageapi_imagemagick','module','Command Line ImageMagick support.','0','0','0','-1','0');
INSERT INTO `system` VALUES ('sites/all/modules/imagecache/imagecache.module','imagecache','module','Dynamic image manipulator and cache.','1','0','0','4','0');
INSERT INTO `system` VALUES ('sites/all/modules/imagecache/imagecache_ui.module','imagecache_ui','module','ImageCache User Interface.','1','0','0','0','0');
INSERT INTO `system` VALUES ('sites/all/modules/imagefield/imagefield.module','imagefield','module','Defines an image field type.','1','0','0','2','0');
INSERT INTO `system` VALUES ('sites/all/modules/imce/imce.module','imce','module','An image/file uploader and browser supporting personal directories and user quota.','1','0','0','0','0');
INSERT INTO `system` VALUES ('sites/all/modules/link/link.module','link','module','Defines simple link field types.','1','0','0','1','0');
INSERT INTO `system` VALUES ('sites/all/modules/mimedetect/mimedetect.module','mimedetect','module','Provides common mime type detection for Drupal sites.','1','0','0','0','0');
INSERT INTO `system` VALUES ('sites/all/modules/pathauto/pathauto.module','pathauto','module','Provides a mechanism for modules to automatically generate aliases for the content they manage.','0','0','0','7','1');
INSERT INTO `system` VALUES ('sites/all/modules/path_redirect/path_redirect.module','path_redirect','module','Redirect users from one URL to another.','1','0','1','4','0');
INSERT INTO `system` VALUES ('sites/all/modules/poormanscron/poormanscron.module','poormanscron','module','Internal scheduler for users without a cron application.','1','0','1','0','0');
INSERT INTO `system` VALUES ('sites/all/modules/privatemsg/privatemsg.module','privatemsg','module','Allow private messages between users.','1','0','0','5','0');
INSERT INTO `system` VALUES ('sites/all/modules/session_limit/session_limit.module','session_limit','module','Limit simultaneous user sessions.','1','0','1','0','0');
INSERT INTO `system` VALUES ('sites/all/modules/signature_forum/signature_forum.module','signature_forum','module','Tweaks signatures in ways inspired by other traditional forum software.','1','0','0','3','0');
INSERT INTO `system` VALUES ('sites/all/modules/smtp/smtp.module','smtp','module','Allows the sending of site email to an SMTP server.','1','0','0','0','0');
INSERT INTO `system` VALUES ('sites/all/modules/taxonomy_breadcrumb/taxonomy_breadcrumb.module','taxonomy_breadcrumb','module','Enables taxonomy based breadcrumbs and allows for node assosciations with taxonomy terms.','0','0','0','1','0');
INSERT INTO `system` VALUES ('sites/all/modules/tinymce/tinymce.module','tinymce','module','The most popular WYSIWYG editor for advanced content editing.','1','0','0','1','0');
INSERT INTO `system` VALUES ('sites/all/modules/tinymce_autoconf/tinymce_autoconf.module','tinymce_autoconf','module','Provides a secure configuration of TinyMCE with a single mouse click.','1','0','0','0','0');
INSERT INTO `system` VALUES ('sites/all/modules/token/token.module','token','module','Provides a shared API for replacement of textual placeholders with actual data.','1','0','0','1','10');
INSERT INTO `system` VALUES ('sites/all/modules/userexpiredmanager/userexpiredmanager.module','userexpiredmanager','module','Record User Expired Data.','1','0','0','0','0');
INSERT INTO `system` VALUES ('sites/all/modules/userpoints/userpoints.module','userpoints','module','Users earn points as they post nodes, comments, and vote on nodes.','1','0','0','8','0');
INSERT INTO `system` VALUES ('sites/all/modules/userpoints/userpoints_basic.module','userpoints_basic','module','Userpoints for core Drupal, such as posting nodes and comments, and moderating comments.','1','0','0','0','0');
INSERT INTO `system` VALUES ('sites/all/modules/userpoints/userpoints_service.module','userpoints_service','module','Exposes userpoints functionality via XML-RPC','0','0','0','-1','0');
INSERT INTO `system` VALUES ('sites/all/modules/userpoints/userpoints_views.module','userpoints_views','module','Adds userpoints related fields, sorts and filters to views. Benefits from the usernode module being installed, although not required.','1','0','0','0','0');
INSERT INTO `system` VALUES ('sites/all/modules/userpoints/userpoints_workflow_ng.module','userpoints_workflow_ng','module','Provides integration of Userpoints with Workflow-NG','0','0','0','-1','0');
INSERT INTO `system` VALUES ('sites/all/modules/userpoints_contrib/referral_points/referral_points.module','referral_points','module','Allows referrers to get bonus points percentage points for all user points awarded to their referrees.','0','0','0','-1','0');
INSERT INTO `system` VALUES ('sites/all/modules/userpoints_contrib/user2userpoints/user2userpoints.module','user2userpoints','module','Users are able to send points to other users.','0','0','0','-1','0');
INSERT INTO `system` VALUES ('sites/all/modules/userpoints_contrib/userpoints_autoapprove/userpoints_autoapprove.module','userpoints_autoapprove','module','Automatically approves outstanding transactions after a chosen period','0','0','0','-1','0');
INSERT INTO `system` VALUES ('sites/all/modules/userpoints_contrib/userpoints_cap/userpoints_cap.module','userpoints_cap','module','Limit the number of points a user can earn.','0','0','0','-1','0');
INSERT INTO `system` VALUES ('sites/all/modules/userpoints_contrib/userpoints_ecommerce/userpoints_ecommerce.module','userpoints_ecommerce','module','Interfaces userpoints with ecommerce, so users can get points for purchases, as well as use points as a payment method for checkout.','0','0','0','-1','0');
INSERT INTO `system` VALUES ('sites/all/modules/userpoints_contrib/userpoints_email/userpoints_email.module','userpoints_email','module','Userpoints email notification','0','0','0','-1','0');
INSERT INTO `system` VALUES ('sites/all/modules/userpoints_contrib/userpoints_expire/userpoints_expire.module','userpoints_expire','module','Inactive users lose a certain number of points every certain period.','0','0','0','-1','0');
INSERT INTO `system` VALUES ('sites/all/modules/userpoints_contrib/userpoints_invite/userpoints_invite.module','userpoints_invite','module','Users earn points when they invite other, and when others register.','0','0','0','-1','0');
INSERT INTO `system` VALUES ('sites/all/modules/userpoints_contrib/userpoints_nodelimit/userpoints_nodelimit.module','userpoints_nodelimit','module','Enables a limit on node creation based on user points','0','0','0','-1','0');
INSERT INTO `system` VALUES ('sites/all/modules/userpoints_contrib/userpoints_no_negative/userpoints_no_negative.module','userpoints_no_negative','module','Has no UI.  Once enabled, prevents transactions that would move accounts negative.  Allows currently negative users to make positive transactions.','0','0','0','-1','0');
INSERT INTO `system` VALUES ('sites/all/modules/userpoints_contrib/userpoints_reserve/userpoints_reserve.module','userpoints_reserve','module','Automatically set Ecommerce exchange rate based on a cash reserve.','0','0','0','-1','0');
INSERT INTO `system` VALUES ('sites/all/modules/userpoints_contrib/userpoints_reset/userpoints_reset.module','userpoints_reset','module','Resets all userpoints on the site.','0','0','0','-1','0');
INSERT INTO `system` VALUES ('sites/all/modules/userpoints_contrib/userpoints_retroactive/userpoints_retroactive.module','userpoints_retroactive','module','Calculate userpoints for nodes and comments created so far.','0','0','0','-1','0');
INSERT INTO `system` VALUES ('sites/all/modules/userpoints_contrib/userpoints_role/userpoints_role.module','userpoints_role','module','Users join/leave roles as they earn/lose certain points threshold.','0','0','0','-1','0');
INSERT INTO `system` VALUES ('sites/all/modules/userpoints_contrib/userpoints_role_exempt/userpoints_role_exempt.module','userpoints_role_exempt','module','Exempts certain roles from earning userpoints. Useful for admin and moderators.','0','0','0','-1','0');
INSERT INTO `system` VALUES ('sites/all/modules/userpoints_contrib/userpoints_singlenotify/userpoints_singlenotify.module','userpoints_singlenotify','module','Userpoints email single notification','0','0','0','-1','0');
INSERT INTO `system` VALUES ('sites/all/modules/user_stats/user_stats.module','user_stats','module','Provides post count and other user statistics. Integrates well with Workflow NG and Token (if installed).','1','0','0','4','0');
INSERT INTO `system` VALUES ('sites/all/modules/user_titles/user_titles.module','user_titles','module','Allow users to have titles based upon how many posts they have.','1','0','0','1','0');
INSERT INTO `system` VALUES ('sites/all/modules/views/views.module','views','module','The views module creates customized views of node lists.','1','0','0','16','10');
INSERT INTO `system` VALUES ('sites/all/modules/views/views_rss.module','views_rss','module','RSS plugin for the views feed selector argument.','1','0','0','0','0');
INSERT INTO `system` VALUES ('sites/all/modules/views/views_theme_wizard.module','views_theme_wizard','module','The views theme wizard helps create stub theming for views.','1','0','0','0','0');
INSERT INTO `system` VALUES ('sites/all/modules/views/views_ui.module','views_ui','module','The Views UI module allows you to create and edit views.','1','0','0','0','0');
INSERT INTO `system` VALUES ('sites/all/modules/webform/webform.module','webform','module','Enables the creation of forms and questionnaires.','1','0','0','5203','-1');
INSERT INTO `system` VALUES ('sites/all/modules/xmlsitemap/xmlsitemap.module','xmlsitemap','module','Creates an XML site map in accordance with the sitemaps.org specification.','1','0','1','0','0');
INSERT INTO `system` VALUES ('sites/all/modules/xmlsitemap/xmlsitemap_engines/xmlsitemap_engines.module','xmlsitemap_engines','module','Submits site map to search engines.','1','0','0','1','0');
INSERT INTO `system` VALUES ('sites/all/modules/xmlsitemap/xmlsitemap_node/xmlsitemap_node.module','xmlsitemap_node','module','Adds nodes to the site map.','1','0','0','3','0');
INSERT INTO `system` VALUES ('sites/all/modules/xmlsitemap/xmlsitemap_term/xmlsitemap_term.module','xmlsitemap_term','module','Adds taxonomy terms to the site map.','1','0','0','1','0');
INSERT INTO `system` VALUES ('sites/all/modules/xmlsitemap/xmlsitemap_user/xmlsitemap_user.module','xmlsitemap_user','module','Adds user profiles to the site map.','0','0','0','-1','0');
INSERT INTO `system` VALUES ('sites/all/themes/zgrchina/page.tpl.php','zgrchina','theme','themes/engines/phptemplate/phptemplate.engine','1','0','0','-1','0');
INSERT INTO `system` VALUES ('themes/bluemarine/page.tpl.php','bluemarine','theme','themes/engines/phptemplate/phptemplate.engine','0','0','0','-1','0');
INSERT INTO `system` VALUES ('themes/chameleon/chameleon.theme','chameleon','theme','themes/chameleon/chameleon.theme','0','0','0','-1','0');
INSERT INTO `system` VALUES ('themes/chameleon/marvin/style.css','marvin','theme','themes/chameleon/chameleon.theme','0','0','0','-1','0');
INSERT INTO `system` VALUES ('themes/engines/phptemplate/phptemplate.engine','phptemplate','theme_engine','','1','0','0','-1','0');
INSERT INTO `system` VALUES ('themes/garland/minnelli/style.css','minnelli','theme','themes/garland/page.tpl.php','0','0','0','-1','0');
INSERT INTO `system` VALUES ('themes/garland/page.tpl.php','garland','theme','themes/engines/phptemplate/phptemplate.engine','0','0','0','-1','0');
INSERT INTO `system` VALUES ('themes/pushbutton/page.tpl.php','pushbutton','theme','themes/engines/phptemplate/phptemplate.engine','0','0','0','-1','0');
CREATE TABLE `taxonomy_breadcrumb_term` (   `tid` int(10) unsigned NOT NULL DEFAULT '0',   `path` varchar(128) NOT NULL DEFAULT '',   PRIMARY KEY (`tid`) ) ENGINE=MyISAM DEFAULT CHARSET=utf8;
CREATE TABLE `taxonomy_breadcrumb_vocabulary` (   `vid` int(10) unsigned NOT NULL DEFAULT '0',   `path` varchar(128) NOT NULL DEFAULT '',   PRIMARY KEY (`vid`) ) ENGINE=MyISAM DEFAULT CHARSET=utf8;
CREATE TABLE `term_data` (   `tid` int(10) unsigned NOT NULL AUTO_INCREMENT,   `vid` int(10) unsigned NOT NULL DEFAULT '0',   `name` varchar(255) NOT NULL DEFAULT '',   `description` longtext,   `weight` tinyint(4) NOT NULL DEFAULT '0',   PRIMARY KEY (`tid`),   KEY `vid` (`vid`) ) ENGINE=InnoDB AUTO_INCREMENT=102 DEFAULT CHARSET=utf8 AUTO_INCREMENT=102;
INSERT INTO `term_data` VALUES ('1','1','新闻','','1');
INSERT INTO `term_data` VALUES ('2','1','站内快讯','','1');
INSERT INTO `term_data` VALUES ('3','1','国际音乐交流','','2');
INSERT INTO `term_data` VALUES ('4','2','教师联盟','','1');
INSERT INTO `term_data` VALUES ('5','2','联盟专家','','1');
INSERT INTO `term_data` VALUES ('6','2','联盟教师','','2');
INSERT INTO `term_data` VALUES ('7','3','视频中心','','1');
INSERT INTO `term_data` VALUES ('8','3','陈达谈钢琴','','1');
INSERT INTO `term_data` VALUES ('9','3','网友视频','','2');
INSERT INTO `term_data` VALUES ('10','3','嘉宾访谈','','3');
INSERT INTO `term_data` VALUES ('11','3','音乐小品','','4');
INSERT INTO `term_data` VALUES ('12','4','钢琴课堂','','1');
INSERT INTO `term_data` VALUES ('13','4','广仁课件','','1');
INSERT INTO `term_data` VALUES ('14','5','教师论坛','教师大本营，妙招分享，答疑解惑，互助互勉。','1');
INSERT INTO `term_data` VALUES ('15','5','钢琴教学','钢琴教学论坛，所有的教学问题请在这里提问','1');
INSERT INTO `term_data` VALUES ('21','6','用户积分','','0');
INSERT INTO `term_data` VALUES ('28','3','推荐系列','','2');
INSERT INTO `term_data` VALUES ('29','3','韦丹文访谈','','1');
INSERT INTO `term_data` VALUES ('30','3','韦丹文谈钢琴比赛','','1');
INSERT INTO `term_data` VALUES ('31','3','高山、徐晓金访谈','','1');
INSERT INTO `term_data` VALUES ('32','3','汤一诺访谈','','1');
INSERT INTO `term_data` VALUES ('33','3','皮特•塔卡什(Peter Takacs)访谈','','1');
INSERT INTO `term_data` VALUES ('34','3','阿里•瓦迪(Arie Vardi)访谈','','1');
INSERT INTO `term_data` VALUES ('36','3','塔玛什•翁格(Tamas Ungar)访谈','','0');
INSERT INTO `term_data` VALUES ('38','3','蔡纳访谈','','1');
INSERT INTO `term_data` VALUES ('39','7','陈达课堂','','0');
INSERT INTO `term_data` VALUES ('40','7','钢琴演奏基础','','1');
INSERT INTO `term_data` VALUES ('41','7','实例点评','','2');
INSERT INTO `term_data` VALUES ('42','8','逄勃工作室','','1');
INSERT INTO `term_data` VALUES ('43','8','工作室视频赏析','','1');
INSERT INTO `term_data` VALUES ('44','8','逄勃教学视频','','0');
INSERT INTO `term_data` VALUES ('45','3','演奏赏析','','5');
INSERT INTO `term_data` VALUES ('46','3','流行乐访','','7');
INSERT INTO `term_data` VALUES ('47','3','夏季学院','','7');
INSERT INTO `term_data` VALUES ('48','3','逄勃师生音乐会','','1');
INSERT INTO `term_data` VALUES ('49','3','专家音乐会','','2');
INSERT INTO `term_data` VALUES ('50','3','专家课堂','','3');
INSERT INTO `term_data` VALUES ('51','3','获奖学生音乐会','','4');
INSERT INTO `term_data` VALUES ('52','3','夏季学院推荐系列','','3');
INSERT INTO `term_data` VALUES ('53','3','逄勃师生音乐会','','2');
INSERT INTO `term_data` VALUES ('54','9','周老师介绍','','1');
INSERT INTO `term_data` VALUES ('55','9','经典文章','','2');
INSERT INTO `term_data` VALUES ('56','9','精彩影像','','3');
INSERT INTO `term_data` VALUES ('57','9','图片','','4');
INSERT INTO `term_data` VALUES ('58','9','周广仁专栏','','0');
INSERT INTO `term_data` VALUES ('59','3','专家音乐会','','1');
INSERT INTO `term_data` VALUES ('61','3','获奖学生音乐会','','3');
INSERT INTO `term_data` VALUES ('62','3','2009年周广仁钢琴夏季学院','2009年周广仁钢琴夏季学院','2');
INSERT INTO `term_data` VALUES ('63','3','2007年周广仁钢琴夏季学院','','2');
INSERT INTO `term_data` VALUES ('64','3','2006年周广仁钢琴夏季学院','2006年周广仁钢琴夏季学院','2');
INSERT INTO `term_data` VALUES ('65','3','专家音乐会','','1');
INSERT INTO `term_data` VALUES ('66','3','专家学生音乐会','','2');
INSERT INTO `term_data` VALUES ('67','3','获奖学生音乐会','','3');
INSERT INTO `term_data` VALUES ('68','3','专家音乐会','','1');
INSERT INTO `term_data` VALUES ('69','3','专家课堂','','2');
INSERT INTO `term_data` VALUES ('70','3','获奖学生音乐会','','3');
INSERT INTO `term_data` VALUES ('71','3','2010第四届周广仁钢琴夏季学院','','1');
INSERT INTO `term_data` VALUES ('72','3','开幕式协奏曲音乐会','','1');
INSERT INTO `term_data` VALUES ('73','3','陈曼春师生音乐会','','2');
INSERT INTO `term_data` VALUES ('75','3','逄勃学生音乐会','','4');
INSERT INTO `term_data` VALUES ('76','3','获奖学生音乐会','','5');
INSERT INTO `term_data` VALUES ('77','3','爵士经典','爵士经典','9');
INSERT INTO `term_data` VALUES ('78','3','2011第五届周广仁钢琴夏季学院','','0');
INSERT INTO `term_data` VALUES ('79','3','李斯特之夜——逄勃工作室音乐会','','0');
INSERT INTO `term_data` VALUES ('80','3','盛原独奏音乐会','','2');
INSERT INTO `term_data` VALUES ('81','3','逄勃工作室师生音乐会','','3');
INSERT INTO `term_data` VALUES ('82','3','佟博独奏音乐会','','4');
INSERT INTO `term_data` VALUES ('83','3','获奖学生音乐会','','5');
INSERT INTO `term_data` VALUES ('84','3','新人奖巡演','','0');
INSERT INTO `term_data` VALUES ('85','1','夏季学院照片集锦','','0');
INSERT INTO `term_data` VALUES ('86','1','2006照片集锦','','0');
INSERT INTO `term_data` VALUES ('87','1','2007照片集锦','','0');
INSERT INTO `term_data` VALUES ('88','1','2009照片集锦','','0');
INSERT INTO `term_data` VALUES ('89','1','2010照片集锦','','0');
INSERT INTO `term_data` VALUES ('90','1','2011照片集锦','','0');
INSERT INTO `term_data` VALUES ('91','3','2012第六届周广仁钢琴夏季学院','','0');
INSERT INTO `term_data` VALUES ('92','3','逄勃钢琴艺术工作室音乐会','','0');
INSERT INTO `term_data` VALUES ('93','3','青岛大剧院逄勃钢琴音乐会','','0');
INSERT INTO `term_data` VALUES ('94','3','王笑寒钢琴独奏会','','0');
INSERT INTO `term_data` VALUES ('95','3','获奖选手音乐会','','0');
INSERT INTO `term_data` VALUES ('96','3','2013第七届周广仁钢琴夏季学院','','0');
INSERT INTO `term_data` VALUES ('97','3','孙韵获奖学生音乐会','','1');
INSERT INTO `term_data` VALUES ('98','3','逄勃钢琴工作室音乐会','','2');
INSERT INTO `term_data` VALUES ('99','3','赵聆钢琴独奏音乐会','','3');
INSERT INTO `term_data` VALUES ('100','3','逄勃钢琴工作室王一诺钢琴独奏会','','4');
INSERT INTO `term_data` VALUES ('101','3','获奖选手音乐会','','5');
CREATE TABLE `term_hierarchy` (   `tid` int(10) unsigned NOT NULL DEFAULT '0',   `parent` int(10) unsigned NOT NULL DEFAULT '0',   PRIMARY KEY (`tid`,`parent`),   KEY `tid` (`tid`),   KEY `parent` (`parent`) ) ENGINE=InnoDB DEFAULT CHARSET=utf8;
INSERT INTO `term_hierarchy` VALUES ('1','0');
INSERT INTO `term_hierarchy` VALUES ('2','1');
INSERT INTO `term_hierarchy` VALUES ('3','1');
INSERT INTO `term_hierarchy` VALUES ('4','0');
INSERT INTO `term_hierarchy` VALUES ('5','4');
INSERT INTO `term_hierarchy` VALUES ('6','4');
INSERT INTO `term_hierarchy` VALUES ('7','0');
INSERT INTO `term_hierarchy` VALUES ('8','7');
INSERT INTO `term_hierarchy` VALUES ('9','7');
INSERT INTO `term_hierarchy` VALUES ('10','7');
INSERT INTO `term_hierarchy` VALUES ('11','7');
INSERT INTO `term_hierarchy` VALUES ('12','0');
INSERT INTO `term_hierarchy` VALUES ('13','12');
INSERT INTO `term_hierarchy` VALUES ('14','15');
INSERT INTO `term_hierarchy` VALUES ('15','0');
INSERT INTO `term_hierarchy` VALUES ('21','0');
INSERT INTO `term_hierarchy` VALUES ('28','0');
INSERT INTO `term_hierarchy` VALUES ('29','28');
INSERT INTO `term_hierarchy` VALUES ('30','28');
INSERT INTO `term_hierarchy` VALUES ('31','28');
INSERT INTO `term_hierarchy` VALUES ('32','28');
INSERT INTO `term_hierarchy` VALUES ('33','28');
INSERT INTO `term_hierarchy` VALUES ('34','28');
INSERT INTO `term_hierarchy` VALUES ('36','28');
INSERT INTO `term_hierarchy` VALUES ('38','28');
INSERT INTO `term_hierarchy` VALUES ('39','0');
INSERT INTO `term_hierarchy` VALUES ('40','39');
INSERT INTO `term_hierarchy` VALUES ('41','39');
INSERT INTO `term_hierarchy` VALUES ('42','0');
INSERT INTO `term_hierarchy` VALUES ('43','42');
INSERT INTO `term_hierarchy` VALUES ('44','42');
INSERT INTO `term_hierarchy` VALUES ('45','7');
INSERT INTO `term_hierarchy` VALUES ('46','7');
INSERT INTO `term_hierarchy` VALUES ('47','7');
INSERT INTO `term_hierarchy` VALUES ('48','62');
INSERT INTO `term_hierarchy` VALUES ('49','62');
INSERT INTO `term_hierarchy` VALUES ('50','62');
INSERT INTO `term_hierarchy` VALUES ('51','62');
INSERT INTO `term_hierarchy` VALUES ('52','0');
INSERT INTO `term_hierarchy` VALUES ('53','52');
INSERT INTO `term_hierarchy` VALUES ('54','58');
INSERT INTO `term_hierarchy` VALUES ('55','58');
INSERT INTO `term_hierarchy` VALUES ('56','58');
INSERT INTO `term_hierarchy` VALUES ('57','58');
INSERT INTO `term_hierarchy` VALUES ('58','0');
INSERT INTO `term_hierarchy` VALUES ('59','52');
INSERT INTO `term_hierarchy` VALUES ('61','52');
INSERT INTO `term_hierarchy` VALUES ('62','47');
INSERT INTO `term_hierarchy` VALUES ('63','47');
INSERT INTO `term_hierarchy` VALUES ('64','47');
INSERT INTO `term_hierarchy` VALUES ('65','63');
INSERT INTO `term_hierarchy` VALUES ('66','63');
INSERT INTO `term_hierarchy` VALUES ('67','63');
INSERT INTO `term_hierarchy` VALUES ('68','64');
INSERT INTO `term_hierarchy` VALUES ('69','64');
INSERT INTO `term_hierarchy` VALUES ('70','64');
INSERT INTO `term_hierarchy` VALUES ('71','47');
INSERT INTO `term_hierarchy` VALUES ('72','71');
INSERT INTO `term_hierarchy` VALUES ('73','71');
INSERT INTO `term_hierarchy` VALUES ('75','71');
INSERT INTO `term_hierarchy` VALUES ('76','71');
INSERT INTO `term_hierarchy` VALUES ('77','7');
INSERT INTO `term_hierarchy` VALUES ('78','47');
INSERT INTO `term_hierarchy` VALUES ('79','78');
INSERT INTO `term_hierarchy` VALUES ('80','78');
INSERT INTO `term_hierarchy` VALUES ('81','78');
INSERT INTO `term_hierarchy` VALUES ('82','78');
INSERT INTO `term_hierarchy` VALUES ('83','78');
INSERT INTO `term_hierarchy` VALUES ('84','7');
INSERT INTO `term_hierarchy` VALUES ('85','1');
INSERT INTO `term_hierarchy` VALUES ('86','85');
INSERT INTO `term_hierarchy` VALUES ('87','85');
INSERT INTO `term_hierarchy` VALUES ('88','85');
INSERT INTO `term_hierarchy` VALUES ('89','85');
INSERT INTO `term_hierarchy` VALUES ('90','85');
INSERT INTO `term_hierarchy` VALUES ('91','47');
INSERT INTO `term_hierarchy` VALUES ('92','91');
INSERT INTO `term_hierarchy` VALUES ('93','91');
INSERT INTO `term_hierarchy` VALUES ('94','91');
INSERT INTO `term_hierarchy` VALUES ('95','91');
INSERT INTO `term_hierarchy` VALUES ('96','47');
INSERT INTO `term_hierarchy` VALUES ('97','96');
INSERT INTO `term_hierarchy` VALUES ('98','96');
INSERT INTO `term_hierarchy` VALUES ('99','96');
INSERT INTO `term_hierarchy` VALUES ('100','96');
INSERT INTO `term_hierarchy` VALUES ('101','96');
CREATE TABLE `term_node` (   `nid` int(10) unsigned NOT NULL DEFAULT '0',   `tid` int(10) unsigned NOT NULL DEFAULT '0',   PRIMARY KEY (`tid`,`nid`),   KEY `nid` (`nid`),   KEY `tid` (`tid`) ) ENGINE=InnoDB DEFAULT CHARSET=utf8;
INSERT INTO `term_node` VALUES ('3','2');
INSERT INTO `term_node` VALUES ('7','2');
INSERT INTO `term_node` VALUES ('8','2');
INSERT INTO `term_node` VALUES ('9','3');
INSERT INTO `term_node` VALUES ('10','3');
INSERT INTO `term_node` VALUES ('18','5');
INSERT INTO `term_node` VALUES ('24','5');
INSERT INTO `term_node` VALUES ('25','13');
INSERT INTO `term_node` VALUES ('26','13');
INSERT INTO `term_node` VALUES ('27','13');
INSERT INTO `term_node` VALUES ('28','13');
INSERT INTO `term_node` VALUES ('29','13');
INSERT INTO `term_node` VALUES ('30','13');
INSERT INTO `term_node` VALUES ('37','9');
INSERT INTO `term_node` VALUES ('39','9');
INSERT INTO `term_node` VALUES ('40','9');
INSERT INTO `term_node` VALUES ('41','9');
INSERT INTO `term_node` VALUES ('42','9');
INSERT INTO `term_node` VALUES ('43','9');
INSERT INTO `term_node` VALUES ('44','9');
INSERT INTO `term_node` VALUES ('45','9');
INSERT INTO `term_node` VALUES ('46','9');
INSERT INTO `term_node` VALUES ('49','10');
INSERT INTO `term_node` VALUES ('49','33');
INSERT INTO `term_node` VALUES ('66','6');
INSERT INTO `term_node` VALUES ('68','6');
INSERT INTO `term_node` VALUES ('69','6');
INSERT INTO `term_node` VALUES ('70','6');
INSERT INTO `term_node` VALUES ('71','6');
INSERT INTO `term_node` VALUES ('72','6');
INSERT INTO `term_node` VALUES ('73','6');
INSERT INTO `term_node` VALUES ('74','13');
INSERT INTO `term_node` VALUES ('79','13');
INSERT INTO `term_node` VALUES ('88','13');
INSERT INTO `term_node` VALUES ('89','13');
INSERT INTO `term_node` VALUES ('90','13');
INSERT INTO `term_node` VALUES ('91','13');
INSERT INTO `term_node` VALUES ('92','13');
INSERT INTO `term_node` VALUES ('93','5');
INSERT INTO `term_node` VALUES ('94','5');
INSERT INTO `term_node` VALUES ('101','5');
INSERT INTO `term_node` VALUES ('102','5');
INSERT INTO `term_node` VALUES ('103','5');
INSERT INTO `term_node` VALUES ('110','2');
INSERT INTO `term_node` VALUES ('118','14');
INSERT INTO `term_node` VALUES ('119','14');
INSERT INTO `term_node` VALUES ('121','3');
INSERT INTO `term_node` VALUES ('122','6');
INSERT INTO `term_node` VALUES ('124','14');
INSERT INTO `term_node` VALUES ('125','14');
INSERT INTO `term_node` VALUES ('126','14');
INSERT INTO `term_node` VALUES ('129','14');
INSERT INTO `term_node` VALUES ('132','13');
INSERT INTO `term_node` VALUES ('134','14');
INSERT INTO `term_node` VALUES ('136','14');
INSERT INTO `term_node` VALUES ('137','14');
INSERT INTO `term_node` VALUES ('139','14');
INSERT INTO `term_node` VALUES ('140','14');
INSERT INTO `term_node` VALUES ('141','14');
INSERT INTO `term_node` VALUES ('142','6');
INSERT INTO `term_node` VALUES ('144','14');
INSERT INTO `term_node` VALUES ('145','6');
INSERT INTO `term_node` VALUES ('147','14');
INSERT INTO `term_node` VALUES ('148','14');
INSERT INTO `term_node` VALUES ('149','14');
INSERT INTO `term_node` VALUES ('150','6');
INSERT INTO `term_node` VALUES ('151','6');
INSERT INTO `term_node` VALUES ('152','14');
INSERT INTO `term_node` VALUES ('153','14');
INSERT INTO `term_node` VALUES ('154','14');
INSERT INTO `term_node` VALUES ('157','10');
INSERT INTO `term_node` VALUES ('157','34');
INSERT INTO `term_node` VALUES ('158','2');
INSERT INTO `term_node` VALUES ('159','6');
INSERT INTO `term_node` VALUES ('160','14');
INSERT INTO `term_node` VALUES ('161','6');
INSERT INTO `term_node` VALUES ('162','10');
INSERT INTO `term_node` VALUES ('162','33');
INSERT INTO `term_node` VALUES ('165','14');
INSERT INTO `term_node` VALUES ('166','14');
INSERT INTO `term_node` VALUES ('167','14');
INSERT INTO `term_node` VALUES ('169','14');
INSERT INTO `term_node` VALUES ('170','6');
INSERT INTO `term_node` VALUES ('171','6');
INSERT INTO `term_node` VALUES ('173','14');
INSERT INTO `term_node` VALUES ('174','14');
INSERT INTO `term_node` VALUES ('175','14');
INSERT INTO `term_node` VALUES ('176','14');
INSERT INTO `term_node` VALUES ('178','14');
INSERT INTO `term_node` VALUES ('179','14');
INSERT INTO `term_node` VALUES ('181','14');
INSERT INTO `term_node` VALUES ('182','14');
INSERT INTO `term_node` VALUES ('184','2');
INSERT INTO `term_node` VALUES ('185','6');
INSERT INTO `term_node` VALUES ('186','6');
INSERT INTO `term_node` VALUES ('187','6');
INSERT INTO `term_node` VALUES ('188','6');
INSERT INTO `term_node` VALUES ('189','6');
INSERT INTO `term_node` VALUES ('190','6');
INSERT INTO `term_node` VALUES ('191','13');
INSERT INTO `term_node` VALUES ('192','13');
INSERT INTO `term_node` VALUES ('193','13');
INSERT INTO `term_node` VALUES ('194','13');
INSERT INTO `term_node` VALUES ('196','6');
INSERT INTO `term_node` VALUES ('198','14');
INSERT INTO `term_node` VALUES ('199','10');
INSERT INTO `term_node` VALUES ('199','34');
INSERT INTO `term_node` VALUES ('200','2');
INSERT INTO `term_node` VALUES ('201','2');
INSERT INTO `term_node` VALUES ('202','2');
INSERT INTO `term_node` VALUES ('203','13');
INSERT INTO `term_node` VALUES ('204','13');
INSERT INTO `term_node` VALUES ('205','13');
INSERT INTO `term_node` VALUES ('206','13');
INSERT INTO `term_node` VALUES ('207','13');
INSERT INTO `term_node` VALUES ('208','13');
INSERT INTO `term_node` VALUES ('209','13');
INSERT INTO `term_node` VALUES ('210','13');
INSERT INTO `term_node` VALUES ('211','13');
INSERT INTO `term_node` VALUES ('212','13');
INSERT INTO `term_node` VALUES ('213','13');
INSERT INTO `term_node` VALUES ('214','13');
INSERT INTO `term_node` VALUES ('215','2');
INSERT INTO `term_node` VALUES ('216','13');
INSERT INTO `term_node` VALUES ('217','13');
INSERT INTO `term_node` VALUES ('218','13');
INSERT INTO `term_node` VALUES ('219','13');
INSERT INTO `term_node` VALUES ('221','13');
INSERT INTO `term_node` VALUES ('222','13');
INSERT INTO `term_node` VALUES ('223','13');
INSERT INTO `term_node` VALUES ('224','13');
INSERT INTO `term_node` VALUES ('225','13');
INSERT INTO `term_node` VALUES ('226','14');
INSERT INTO `term_node` VALUES ('231','14');
INSERT INTO `term_node` VALUES ('232','14');
INSERT INTO `term_node` VALUES ('233','14');
INSERT INTO `term_node` VALUES ('234','14');
INSERT INTO `term_node` VALUES ('235','14');
INSERT INTO `term_node` VALUES ('236','14');
INSERT INTO `term_node` VALUES ('237','14');
INSERT INTO `term_node` VALUES ('238','14');
INSERT INTO `term_node` VALUES ('239','14');
INSERT INTO `term_node` VALUES ('241','14');
INSERT INTO `term_node` VALUES ('242','6');
INSERT INTO `term_node` VALUES ('243','14');
INSERT INTO `term_node` VALUES ('244','14');
INSERT INTO `term_node` VALUES ('245','14');
INSERT INTO `term_node` VALUES ('246','14');
INSERT INTO `term_node` VALUES ('247','14');
INSERT INTO `term_node` VALUES ('248','14');
INSERT INTO `term_node` VALUES ('249','14');
INSERT INTO `term_node` VALUES ('250','14');
INSERT INTO `term_node` VALUES ('252','14');
INSERT INTO `term_node` VALUES ('253','14');
INSERT INTO `term_node` VALUES ('254','14');
INSERT INTO `term_node` VALUES ('255','14');
INSERT INTO `term_node` VALUES ('256','14');
INSERT INTO `term_node` VALUES ('257','14');
INSERT INTO `term_node` VALUES ('258','14');
INSERT INTO `term_node` VALUES ('259','14');
INSERT INTO `term_node` VALUES ('260','14');
INSERT INTO `term_node` VALUES ('261','14');
INSERT INTO `term_node` VALUES ('262','14');
INSERT INTO `term_node` VALUES ('263','2');
INSERT INTO `term_node` VALUES ('266','14');
INSERT INTO `term_node` VALUES ('267','14');
INSERT INTO `term_node` VALUES ('268','14');
INSERT INTO `term_node` VALUES ('269','14');
INSERT INTO `term_node` VALUES ('270','14');
INSERT INTO `term_node` VALUES ('271','14');
INSERT INTO `term_node` VALUES ('272','14');
INSERT INTO `term_node` VALUES ('273','14');
INSERT INTO `term_node` VALUES ('274','14');
INSERT INTO `term_node` VALUES ('275','14');
INSERT INTO `term_node` VALUES ('276','14');
INSERT INTO `term_node` VALUES ('277','14');
INSERT INTO `term_node` VALUES ('278','14');
INSERT INTO `term_node` VALUES ('280','14');
INSERT INTO `term_node` VALUES ('281','10');
INSERT INTO `term_node` VALUES ('281','33');
INSERT INTO `term_node` VALUES ('282','14');
INSERT INTO `term_node` VALUES ('283','14');
INSERT INTO `term_node` VALUES ('284','14');
INSERT INTO `term_node` VALUES ('285','14');
INSERT INTO `term_node` VALUES ('286','14');
INSERT INTO `term_node` VALUES ('287','14');
INSERT INTO `term_node` VALUES ('288','14');
INSERT INTO `term_node` VALUES ('289','14');
INSERT INTO `term_node` VALUES ('290','14');
INSERT INTO `term_node` VALUES ('291','14');
INSERT INTO `term_node` VALUES ('292','14');
INSERT INTO `term_node` VALUES ('293','14');
INSERT INTO `term_node` VALUES ('295','14');
INSERT INTO `term_node` VALUES ('296','14');
INSERT INTO `term_node` VALUES ('297','14');
INSERT INTO `term_node` VALUES ('298','14');
INSERT INTO `term_node` VALUES ('299','14');
INSERT INTO `term_node` VALUES ('301','14');
INSERT INTO `term_node` VALUES ('302','14');
INSERT INTO `term_node` VALUES ('303','14');
INSERT INTO `term_node` VALUES ('304','14');
INSERT INTO `term_node` VALUES ('305','14');
INSERT INTO `term_node` VALUES ('306','14');
INSERT INTO `term_node` VALUES ('307','14');
INSERT INTO `term_node` VALUES ('308','14');
INSERT INTO `term_node` VALUES ('309','14');
INSERT INTO `term_node` VALUES ('310','14');
INSERT INTO `term_node` VALUES ('311','14');
INSERT INTO `term_node` VALUES ('312','14');
INSERT INTO `term_node` VALUES ('313','14');
INSERT INTO `term_node` VALUES ('314','14');
INSERT INTO `term_node` VALUES ('315','14');
INSERT INTO `term_node` VALUES ('316','14');
INSERT INTO `term_node` VALUES ('317','14');
INSERT INTO `term_node` VALUES ('318','14');
INSERT INTO `term_node` VALUES ('319','14');
INSERT INTO `term_node` VALUES ('320','14');
INSERT INTO `term_node` VALUES ('321','14');
INSERT INTO `term_node` VALUES ('322','14');
INSERT INTO `term_node` VALUES ('323','14');
INSERT INTO `term_node` VALUES ('324','14');
INSERT INTO `term_node` VALUES ('326','14');
INSERT INTO `term_node` VALUES ('328','14');
INSERT INTO `term_node` VALUES ('331','14');
INSERT INTO `term_node` VALUES ('333','14');
INSERT INTO `term_node` VALUES ('334','14');
INSERT INTO `term_node` VALUES ('336','14');
INSERT INTO `term_node` VALUES ('337','14');
INSERT INTO `term_node` VALUES ('338','14');
INSERT INTO `term_node` VALUES ('339','14');
INSERT INTO `term_node` VALUES ('340','10');
INSERT INTO `term_node` VALUES ('340','36');
INSERT INTO `term_node` VALUES ('341','14');
INSERT INTO `term_node` VALUES ('342','14');
INSERT INTO `term_node` VALUES ('343','9');
INSERT INTO `term_node` VALUES ('344','14');
INSERT INTO `term_node` VALUES ('345','14');
INSERT INTO `term_node` VALUES ('346','14');
INSERT INTO `term_node` VALUES ('347','14');
INSERT INTO `term_node` VALUES ('348','6');
INSERT INTO `term_node` VALUES ('349','14');
INSERT INTO `term_node` VALUES ('350','14');
INSERT INTO `term_node` VALUES ('351','14');
INSERT INTO `term_node` VALUES ('352','14');
INSERT INTO `term_node` VALUES ('353','14');
INSERT INTO `term_node` VALUES ('354','14');
INSERT INTO `term_node` VALUES ('356','14');
INSERT INTO `term_node` VALUES ('357','14');
INSERT INTO `term_node` VALUES ('358','2');
INSERT INTO `term_node` VALUES ('361','14');
INSERT INTO `term_node` VALUES ('362','14');
INSERT INTO `term_node` VALUES ('363','14');
INSERT INTO `term_node` VALUES ('364','14');
INSERT INTO `term_node` VALUES ('365','14');
INSERT INTO `term_node` VALUES ('367','14');
INSERT INTO `term_node` VALUES ('368','14');
INSERT INTO `term_node` VALUES ('369','14');
INSERT INTO `term_node` VALUES ('370','14');
INSERT INTO `term_node` VALUES ('371','14');
INSERT INTO `term_node` VALUES ('373','9');
INSERT INTO `term_node` VALUES ('374','14');
INSERT INTO `term_node` VALUES ('376','2');
INSERT INTO `term_node` VALUES ('377','9');
INSERT INTO `term_node` VALUES ('378','14');
INSERT INTO `term_node` VALUES ('379','14');
INSERT INTO `term_node` VALUES ('381','13');
INSERT INTO `term_node` VALUES ('382','13');
INSERT INTO `term_node` VALUES ('383','13');
INSERT INTO `term_node` VALUES ('384','13');
INSERT INTO `term_node` VALUES ('385','14');
INSERT INTO `term_node` VALUES ('386','2');
INSERT INTO `term_node` VALUES ('387','14');
INSERT INTO `term_node` VALUES ('388','2');
INSERT INTO `term_node` VALUES ('389','14');
INSERT INTO `term_node` VALUES ('390','10');
INSERT INTO `term_node` VALUES ('390','34');
INSERT INTO `term_node` VALUES ('391','2');
INSERT INTO `term_node` VALUES ('392','14');
INSERT INTO `term_node` VALUES ('393','14');
INSERT INTO `term_node` VALUES ('394','14');
INSERT INTO `term_node` VALUES ('395','13');
INSERT INTO `term_node` VALUES ('396','13');
INSERT INTO `term_node` VALUES ('397','13');
INSERT INTO `term_node` VALUES ('398','14');
INSERT INTO `term_node` VALUES ('401','14');
INSERT INTO `term_node` VALUES ('403','2');
INSERT INTO `term_node` VALUES ('404','13');
INSERT INTO `term_node` VALUES ('405','13');
INSERT INTO `term_node` VALUES ('406','13');
INSERT INTO `term_node` VALUES ('407','13');
INSERT INTO `term_node` VALUES ('408','13');
INSERT INTO `term_node` VALUES ('411','10');
INSERT INTO `term_node` VALUES ('411','33');
INSERT INTO `term_node` VALUES ('412','13');
INSERT INTO `term_node` VALUES ('413','13');
INSERT INTO `term_node` VALUES ('414','13');
INSERT INTO `term_node` VALUES ('415','13');
INSERT INTO `term_node` VALUES ('416','13');
INSERT INTO `term_node` VALUES ('417','13');
INSERT INTO `term_node` VALUES ('418','13');
INSERT INTO `term_node` VALUES ('419','13');
INSERT INTO `term_node` VALUES ('420','13');
INSERT INTO `term_node` VALUES ('421','13');
INSERT INTO `term_node` VALUES ('422','13');
INSERT INTO `term_node` VALUES ('423','13');
INSERT INTO `term_node` VALUES ('424','13');
INSERT INTO `term_node` VALUES ('425','13');
INSERT INTO `term_node` VALUES ('426','13');
INSERT INTO `term_node` VALUES ('427','13');
INSERT INTO `term_node` VALUES ('428','13');
INSERT INTO `term_node` VALUES ('429','13');
INSERT INTO `term_node` VALUES ('430','13');
INSERT INTO `term_node` VALUES ('431','13');
INSERT INTO `term_node` VALUES ('432','13');
INSERT INTO `term_node` VALUES ('433','13');
INSERT INTO `term_node` VALUES ('434','13');
INSERT INTO `term_node` VALUES ('435','13');
INSERT INTO `term_node` VALUES ('436','13');
INSERT INTO `term_node` VALUES ('437','13');
INSERT INTO `term_node` VALUES ('438','13');
INSERT INTO `term_node` VALUES ('439','13');
INSERT INTO `term_node` VALUES ('440','14');
INSERT INTO `term_node` VALUES ('441','14');
INSERT INTO `term_node` VALUES ('442','14');
INSERT INTO `term_node` VALUES ('443','14');
INSERT INTO `term_node` VALUES ('444','14');
INSERT INTO `term_node` VALUES ('446','14');
INSERT INTO `term_node` VALUES ('447','14');
INSERT INTO `term_node` VALUES ('448','14');
INSERT INTO `term_node` VALUES ('449','14');
INSERT INTO `term_node` VALUES ('450','14');
INSERT INTO `term_node` VALUES ('451','14');
INSERT INTO `term_node` VALUES ('452','14');
INSERT INTO `term_node` VALUES ('453','14');
INSERT INTO `term_node` VALUES ('454','14');
INSERT INTO `term_node` VALUES ('455','14');
INSERT INTO `term_node` VALUES ('456','14');
INSERT INTO `term_node` VALUES ('460','14');
INSERT INTO `term_node` VALUES ('461','14');
INSERT INTO `term_node` VALUES ('462','14');
INSERT INTO `term_node` VALUES ('465','14');
INSERT INTO `term_node` VALUES ('466','14');
INSERT INTO `term_node` VALUES ('467','10');
INSERT INTO `term_node` VALUES ('467','36');
INSERT INTO `term_node` VALUES ('468','14');
INSERT INTO `term_node` VALUES ('469','14');
INSERT INTO `term_node` VALUES ('470','14');
INSERT INTO `term_node` VALUES ('471','14');
INSERT INTO `term_node` VALUES ('476','14');
INSERT INTO `term_node` VALUES ('477','14');
INSERT INTO `term_node` VALUES ('478','14');
INSERT INTO `term_node` VALUES ('479','14');
INSERT INTO `term_node` VALUES ('480','14');
INSERT INTO `term_node` VALUES ('481','14');
INSERT INTO `term_node` VALUES ('482','14');
INSERT INTO `term_node` VALUES ('483','14');
INSERT INTO `term_node` VALUES ('484','10');
INSERT INTO `term_node` VALUES ('484','34');
INSERT INTO `term_node` VALUES ('485','14');
INSERT INTO `term_node` VALUES ('486','14');
INSERT INTO `term_node` VALUES ('488','14');
INSERT INTO `term_node` VALUES ('489','14');
INSERT INTO `term_node` VALUES ('492','2');
INSERT INTO `term_node` VALUES ('494','10');
INSERT INTO `term_node` VALUES ('495','14');
INSERT INTO `term_node` VALUES ('498','14');
INSERT INTO `term_node` VALUES ('500','14');
INSERT INTO `term_node` VALUES ('505','10');
INSERT INTO `term_node` VALUES ('505','33');
INSERT INTO `term_node` VALUES ('507','14');
INSERT INTO `term_node` VALUES ('508','14');
INSERT INTO `term_node` VALUES ('509','14');
INSERT INTO `term_node` VALUES ('511','6');
INSERT INTO `term_node` VALUES ('513','14');
INSERT INTO `term_node` VALUES ('514','14');
INSERT INTO `term_node` VALUES ('518','14');
INSERT INTO `term_node` VALUES ('519','9');
INSERT INTO `term_node` VALUES ('520','14');
INSERT INTO `term_node` VALUES ('521','14');
INSERT INTO `term_node` VALUES ('523','10');
INSERT INTO `term_node` VALUES ('523','36');
INSERT INTO `term_node` VALUES ('524','14');
INSERT INTO `term_node` VALUES ('526','14');
INSERT INTO `term_node` VALUES ('529','40');
INSERT INTO `term_node` VALUES ('530','40');
INSERT INTO `term_node` VALUES ('531','40');
INSERT INTO `term_node` VALUES ('532','40');
INSERT INTO `term_node` VALUES ('534','9');
INSERT INTO `term_node` VALUES ('535','9');
INSERT INTO `term_node` VALUES ('536','10');
INSERT INTO `term_node` VALUES ('537','2');
INSERT INTO `term_node` VALUES ('539','43');
INSERT INTO `term_node` VALUES ('540','43');
INSERT INTO `term_node` VALUES ('541','43');
INSERT INTO `term_node` VALUES ('542','43');
INSERT INTO `term_node` VALUES ('546','14');
INSERT INTO `term_node` VALUES ('549','9');
INSERT INTO `term_node` VALUES ('550','14');
INSERT INTO `term_node` VALUES ('554','14');
INSERT INTO `term_node` VALUES ('555','2');
INSERT INTO `term_node` VALUES ('556','14');
INSERT INTO `term_node` VALUES ('557','13');
INSERT INTO `term_node` VALUES ('560','14');
INSERT INTO `term_node` VALUES ('561','9');
INSERT INTO `term_node` VALUES ('563','6');
INSERT INTO `term_node` VALUES ('564','6');
INSERT INTO `term_node` VALUES ('565','10');
INSERT INTO `term_node` VALUES ('566','14');
INSERT INTO `term_node` VALUES ('569','14');
INSERT INTO `term_node` VALUES ('570','14');
INSERT INTO `term_node` VALUES ('571','2');
INSERT INTO `term_node` VALUES ('572','6');
INSERT INTO `term_node` VALUES ('573','6');
INSERT INTO `term_node` VALUES ('582','14');
INSERT INTO `term_node` VALUES ('583','9');
INSERT INTO `term_node` VALUES ('586','13');
INSERT INTO `term_node` VALUES ('588','14');
INSERT INTO `term_node` VALUES ('589','14');
INSERT INTO `term_node` VALUES ('591','14');
INSERT INTO `term_node` VALUES ('592','9');
INSERT INTO `term_node` VALUES ('594','14');
INSERT INTO `term_node` VALUES ('595','14');
INSERT INTO `term_node` VALUES ('600','12');
INSERT INTO `term_node` VALUES ('601','12');
INSERT INTO `term_node` VALUES ('602','9');
INSERT INTO `term_node` VALUES ('604','14');
INSERT INTO `term_node` VALUES ('606','14');
INSERT INTO `term_node` VALUES ('608','14');
INSERT INTO `term_node` VALUES ('612','14');
INSERT INTO `term_node` VALUES ('613','9');
INSERT INTO `term_node` VALUES ('614','39');
INSERT INTO `term_node` VALUES ('614','40');
INSERT INTO `term_node` VALUES ('615','39');
INSERT INTO `term_node` VALUES ('615','40');
INSERT INTO `term_node` VALUES ('619','39');
INSERT INTO `term_node` VALUES ('619','40');
INSERT INTO `term_node` VALUES ('620','39');
INSERT INTO `term_node` VALUES ('620','40');
INSERT INTO `term_node` VALUES ('621','39');
INSERT INTO `term_node` VALUES ('621','40');
INSERT INTO `term_node` VALUES ('622','9');
INSERT INTO `term_node` VALUES ('623','14');
INSERT INTO `term_node` VALUES ('624','2');
INSERT INTO `term_node` VALUES ('625','14');
INSERT INTO `term_node` VALUES ('626','14');
INSERT INTO `term_node` VALUES ('629','2');
INSERT INTO `term_node` VALUES ('631','14');
INSERT INTO `term_node` VALUES ('632','14');
INSERT INTO `term_node` VALUES ('633','9');
INSERT INTO `term_node` VALUES ('636','39');
INSERT INTO `term_node` VALUES ('636','40');
INSERT INTO `term_node` VALUES ('637','39');
INSERT INTO `term_node` VALUES ('637','40');
INSERT INTO `term_node` VALUES ('638','39');
INSERT INTO `term_node` VALUES ('638','40');
INSERT INTO `term_node` VALUES ('639','39');
INSERT INTO `term_node` VALUES ('639','40');
INSERT INTO `term_node` VALUES ('640','39');
INSERT INTO `term_node` VALUES ('640','40');
INSERT INTO `term_node` VALUES ('641','39');
INSERT INTO `term_node` VALUES ('641','40');
INSERT INTO `term_node` VALUES ('643','9');
INSERT INTO `term_node` VALUES ('647','14');
INSERT INTO `term_node` VALUES ('652','14');
INSERT INTO `term_node` VALUES ('653','14');
INSERT INTO `term_node` VALUES ('654','14');
INSERT INTO `term_node` VALUES ('658','40');
INSERT INTO `term_node` VALUES ('659','40');
INSERT INTO `term_node` VALUES ('660','40');
INSERT INTO `term_node` VALUES ('661','40');
INSERT INTO `term_node` VALUES ('662','14');
INSERT INTO `term_node` VALUES ('663','14');
INSERT INTO `term_node` VALUES ('664','14');
INSERT INTO `term_node` VALUES ('666','10');
INSERT INTO `term_node` VALUES ('667','2');
INSERT INTO `term_node` VALUES ('668','14');
INSERT INTO `term_node` VALUES ('669','2');
INSERT INTO `term_node` VALUES ('671','14');
INSERT INTO `term_node` VALUES ('676','14');
INSERT INTO `term_node` VALUES ('677','14');
INSERT INTO `term_node` VALUES ('678','10');
INSERT INTO `term_node` VALUES ('678','33');
INSERT INTO `term_node` VALUES ('680','14');
INSERT INTO `term_node` VALUES ('681','9');
INSERT INTO `term_node` VALUES ('686','14');
INSERT INTO `term_node` VALUES ('687','10');
INSERT INTO `term_node` VALUES ('687','34');
INSERT INTO `term_node` VALUES ('689','14');
INSERT INTO `term_node` VALUES ('694','2');
INSERT INTO `term_node` VALUES ('696','10');
INSERT INTO `term_node` VALUES ('696','36');
INSERT INTO `term_node` VALUES ('698','45');
INSERT INTO `term_node` VALUES ('699','10');
INSERT INTO `term_node` VALUES ('699','34');
INSERT INTO `term_node` VALUES ('700','45');
INSERT INTO `term_node` VALUES ('701','45');
INSERT INTO `term_node` VALUES ('703','2');
INSERT INTO `term_node` VALUES ('704','2');
INSERT INTO `term_node` VALUES ('706','2');
INSERT INTO `term_node` VALUES ('707','9');
INSERT INTO `term_node` VALUES ('708','9');
INSERT INTO `term_node` VALUES ('709','9');
INSERT INTO `term_node` VALUES ('710','9');
INSERT INTO `term_node` VALUES ('711','9');
INSERT INTO `term_node` VALUES ('712','9');
INSERT INTO `term_node` VALUES ('713','9');
INSERT INTO `term_node` VALUES ('714','10');
INSERT INTO `term_node` VALUES ('714','36');
INSERT INTO `term_node` VALUES ('716','9');
INSERT INTO `term_node` VALUES ('717','10');
INSERT INTO `term_node` VALUES ('717','36');
INSERT INTO `term_node` VALUES ('718','9');
INSERT INTO `term_node` VALUES ('721','39');
INSERT INTO `term_node` VALUES ('721','40');
INSERT INTO `term_node` VALUES ('722','39');
INSERT INTO `term_node` VALUES ('722','40');
INSERT INTO `term_node` VALUES ('723','40');
INSERT INTO `term_node` VALUES ('724','13');
INSERT INTO `term_node` VALUES ('725','2');
INSERT INTO `term_node` VALUES ('726','13');
INSERT INTO `term_node` VALUES ('727','13');
INSERT INTO `term_node` VALUES ('728','13');
INSERT INTO `term_node` VALUES ('729','13');
INSERT INTO `term_node` VALUES ('730','13');
INSERT INTO `term_node` VALUES ('731','13');
INSERT INTO `term_node` VALUES ('732','13');
INSERT INTO `term_node` VALUES ('733','13');
INSERT INTO `term_node` VALUES ('734','13');
INSERT INTO `term_node` VALUES ('735','13');
INSERT INTO `term_node` VALUES ('736','13');
INSERT INTO `term_node` VALUES ('737','13');
INSERT INTO `term_node` VALUES ('738','13');
INSERT INTO `term_node` VALUES ('739','13');
INSERT INTO `term_node` VALUES ('740','13');
INSERT INTO `term_node` VALUES ('741','13');
INSERT INTO `term_node` VALUES ('742','13');
INSERT INTO `term_node` VALUES ('743','13');
INSERT INTO `term_node` VALUES ('744','7');
INSERT INTO `term_node` VALUES ('744','45');
INSERT INTO `term_node` VALUES ('745','9');
INSERT INTO `term_node` VALUES ('746','13');
INSERT INTO `term_node` VALUES ('747','13');
INSERT INTO `term_node` VALUES ('748','13');
INSERT INTO `term_node` VALUES ('749','13');
INSERT INTO `term_node` VALUES ('750','13');
INSERT INTO `term_node` VALUES ('751','13');
INSERT INTO `term_node` VALUES ('753','13');
INSERT INTO `term_node` VALUES ('754','13');
INSERT INTO `term_node` VALUES ('755','13');
INSERT INTO `term_node` VALUES ('756','10');
INSERT INTO `term_node` VALUES ('756','36');
INSERT INTO `term_node` VALUES ('758','13');
INSERT INTO `term_node` VALUES ('759','13');
INSERT INTO `term_node` VALUES ('760','13');
INSERT INTO `term_node` VALUES ('761','13');
INSERT INTO `term_node` VALUES ('762','13');
INSERT INTO `term_node` VALUES ('763','13');
INSERT INTO `term_node` VALUES ('764','13');
INSERT INTO `term_node` VALUES ('765','13');
INSERT INTO `term_node` VALUES ('766','13');
INSERT INTO `term_node` VALUES ('767','13');
INSERT INTO `term_node` VALUES ('768','13');
INSERT INTO `term_node` VALUES ('769','13');
INSERT INTO `term_node` VALUES ('770','13');
INSERT INTO `term_node` VALUES ('771','13');
INSERT INTO `term_node` VALUES ('772','13');
INSERT INTO `term_node` VALUES ('773','13');
INSERT INTO `term_node` VALUES ('774','13');
INSERT INTO `term_node` VALUES ('775','13');
INSERT INTO `term_node` VALUES ('776','13');
INSERT INTO `term_node` VALUES ('777','13');
INSERT INTO `term_node` VALUES ('778','13');
INSERT INTO `term_node` VALUES ('779','13');
INSERT INTO `term_node` VALUES ('780','13');
INSERT INTO `term_node` VALUES ('781','13');
INSERT INTO `term_node` VALUES ('782','13');
INSERT INTO `term_node` VALUES ('783','13');
INSERT INTO `term_node` VALUES ('784','13');
INSERT INTO `term_node` VALUES ('785','13');
INSERT INTO `term_node` VALUES ('786','13');
INSERT INTO `term_node` VALUES ('787','13');
INSERT INTO `term_node` VALUES ('788','13');
INSERT INTO `term_node` VALUES ('789','13');
INSERT INTO `term_node` VALUES ('790','13');
INSERT INTO `term_node` VALUES ('791','13');
INSERT INTO `term_node` VALUES ('792','13');
INSERT INTO `term_node` VALUES ('793','13');
INSERT INTO `term_node` VALUES ('794','13');
INSERT INTO `term_node` VALUES ('795','13');
INSERT INTO `term_node` VALUES ('797','13');
INSERT INTO `term_node` VALUES ('798','13');
INSERT INTO `term_node` VALUES ('799','13');
INSERT INTO `term_node` VALUES ('800','13');
INSERT INTO `term_node` VALUES ('801','13');
INSERT INTO `term_node` VALUES ('802','13');
INSERT INTO `term_node` VALUES ('803','13');
INSERT INTO `term_node` VALUES ('804','9');
INSERT INTO `term_node` VALUES ('805','12');
INSERT INTO `term_node` VALUES ('806','13');
INSERT INTO `term_node` VALUES ('807','13');
INSERT INTO `term_node` VALUES ('808','13');
INSERT INTO `term_node` VALUES ('809','10');
INSERT INTO `term_node` VALUES ('809','36');
INSERT INTO `term_node` VALUES ('810','9');
INSERT INTO `term_node` VALUES ('811','13');
INSERT INTO `term_node` VALUES ('812','13');
INSERT INTO `term_node` VALUES ('813','13');
INSERT INTO `term_node` VALUES ('814','13');
INSERT INTO `term_node` VALUES ('815','13');
INSERT INTO `term_node` VALUES ('816','13');
INSERT INTO `term_node` VALUES ('817','13');
INSERT INTO `term_node` VALUES ('818','13');
INSERT INTO `term_node` VALUES ('819','13');
INSERT INTO `term_node` VALUES ('820','13');
INSERT INTO `term_node` VALUES ('821','13');
INSERT INTO `term_node` VALUES ('822','13');
INSERT INTO `term_node` VALUES ('823','13');
INSERT INTO `term_node` VALUES ('824','13');
INSERT INTO `term_node` VALUES ('825','13');
INSERT INTO `term_node` VALUES ('826','13');
INSERT INTO `term_node` VALUES ('828','46');
INSERT INTO `term_node` VALUES ('829','46');
INSERT INTO `term_node` VALUES ('830','46');
INSERT INTO `term_node` VALUES ('831','46');
INSERT INTO `term_node` VALUES ('832','2');
INSERT INTO `term_node` VALUES ('833','9');
INSERT INTO `term_node` VALUES ('834','9');
INSERT INTO `term_node` VALUES ('835','13');
INSERT INTO `term_node` VALUES ('836','45');
INSERT INTO `term_node` VALUES ('841','9');
INSERT INTO `term_node` VALUES ('842','2');
INSERT INTO `term_node` VALUES ('844','2');
INSERT INTO `term_node` VALUES ('845','2');
INSERT INTO `term_node` VALUES ('846','2');
INSERT INTO `term_node` VALUES ('847','2');
INSERT INTO `term_node` VALUES ('848','13');
INSERT INTO `term_node` VALUES ('849','13');
INSERT INTO `term_node` VALUES ('850','13');
INSERT INTO `term_node` VALUES ('851','13');
INSERT INTO `term_node` VALUES ('852','13');
INSERT INTO `term_node` VALUES ('853','13');
INSERT INTO `term_node` VALUES ('854','13');
INSERT INTO `term_node` VALUES ('855','2');
INSERT INTO `term_node` VALUES ('856','13');
INSERT INTO `term_node` VALUES ('857','13');
INSERT INTO `term_node` VALUES ('858','13');
INSERT INTO `term_node` VALUES ('859','13');
INSERT INTO `term_node` VALUES ('860','2');
INSERT INTO `term_node` VALUES ('861','13');
INSERT INTO `term_node` VALUES ('862','13');
INSERT INTO `term_node` VALUES ('863','13');
INSERT INTO `term_node` VALUES ('864','13');
INSERT INTO `term_node` VALUES ('865','13');
INSERT INTO `term_node` VALUES ('866','13');
INSERT INTO `term_node` VALUES ('867','13');
INSERT INTO `term_node` VALUES ('868','13');
INSERT INTO `term_node` VALUES ('869','13');
INSERT INTO `term_node` VALUES ('870','13');
INSERT INTO `term_node` VALUES ('871','13');
INSERT INTO `term_node` VALUES ('872','13');
INSERT INTO `term_node` VALUES ('873','13');
INSERT INTO `term_node` VALUES ('874','13');
INSERT INTO `term_node` VALUES ('875','13');
INSERT INTO `term_node` VALUES ('876','13');
INSERT INTO `term_node` VALUES ('878','13');
INSERT INTO `term_node` VALUES ('879','2');
INSERT INTO `term_node` VALUES ('880','2');
INSERT INTO `term_node` VALUES ('881','9');
INSERT INTO `term_node` VALUES ('882','13');
INSERT INTO `term_node` VALUES ('883','13');
INSERT INTO `term_node` VALUES ('884','13');
INSERT INTO `term_node` VALUES ('885','13');
INSERT INTO `term_node` VALUES ('886','13');
INSERT INTO `term_node` VALUES ('887','13');
INSERT INTO `term_node` VALUES ('888','13');
INSERT INTO `term_node` VALUES ('889','13');
INSERT INTO `term_node` VALUES ('890','13');
INSERT INTO `term_node` VALUES ('891','13');
INSERT INTO `term_node` VALUES ('892','13');
INSERT INTO `term_node` VALUES ('893','13');
INSERT INTO `term_node` VALUES ('894','13');
INSERT INTO `term_node` VALUES ('895','13');
INSERT INTO `term_node` VALUES ('896','13');
INSERT INTO `term_node` VALUES ('897','13');
INSERT INTO `term_node` VALUES ('898','13');
INSERT INTO `term_node` VALUES ('899','13');
INSERT INTO `term_node` VALUES ('900','2');
INSERT INTO `term_node` VALUES ('901','2');
INSERT INTO `term_node` VALUES ('903','13');
INSERT INTO `term_node` VALUES ('904','13');
INSERT INTO `term_node` VALUES ('905','13');
INSERT INTO `term_node` VALUES ('906','13');
INSERT INTO `term_node` VALUES ('907','13');
INSERT INTO `term_node` VALUES ('908','13');
INSERT INTO `term_node` VALUES ('909','13');
INSERT INTO `term_node` VALUES ('910','13');
INSERT INTO `term_node` VALUES ('911','13');
INSERT INTO `term_node` VALUES ('912','13');
INSERT INTO `term_node` VALUES ('913','13');
INSERT INTO `term_node` VALUES ('914','13');
INSERT INTO `term_node` VALUES ('915','13');
INSERT INTO `term_node` VALUES ('916','13');
INSERT INTO `term_node` VALUES ('917','13');
INSERT INTO `term_node` VALUES ('918','13');
INSERT INTO `term_node` VALUES ('919','13');
INSERT INTO `term_node` VALUES ('920','13');
INSERT INTO `term_node` VALUES ('921','13');
INSERT INTO `term_node` VALUES ('922','13');
INSERT INTO `term_node` VALUES ('923','13');
INSERT INTO `term_node` VALUES ('924','13');
INSERT INTO `term_node` VALUES ('925','13');
INSERT INTO `term_node` VALUES ('926','13');
INSERT INTO `term_node` VALUES ('927','13');
INSERT INTO `term_node` VALUES ('928','13');
INSERT INTO `term_node` VALUES ('929','13');
INSERT INTO `term_node` VALUES ('930','13');
INSERT INTO `term_node` VALUES ('931','13');
INSERT INTO `term_node` VALUES ('932','13');
INSERT INTO `term_node` VALUES ('933','13');
INSERT INTO `term_node` VALUES ('934','13');
INSERT INTO `term_node` VALUES ('935','13');
INSERT INTO `term_node` VALUES ('936','13');
INSERT INTO `term_node` VALUES ('937','10');
INSERT INTO `term_node` VALUES ('938','13');
INSERT INTO `term_node` VALUES ('939','13');
INSERT INTO `term_node` VALUES ('940','13');
INSERT INTO `term_node` VALUES ('941','13');
INSERT INTO `term_node` VALUES ('942','13');
INSERT INTO `term_node` VALUES ('943','13');
INSERT INTO `term_node` VALUES ('944','13');
INSERT INTO `term_node` VALUES ('945','13');
INSERT INTO `term_node` VALUES ('946','13');
INSERT INTO `term_node` VALUES ('947','13');
INSERT INTO `term_node` VALUES ('948','13');
INSERT INTO `term_node` VALUES ('949','13');
INSERT INTO `term_node` VALUES ('950','13');
INSERT INTO `term_node` VALUES ('951','2');
INSERT INTO `term_node` VALUES ('953','9');
INSERT INTO `term_node` VALUES ('954','48');
INSERT INTO `term_node` VALUES ('954','62');
INSERT INTO `term_node` VALUES ('955','34');
INSERT INTO `term_node` VALUES ('957','10');
INSERT INTO `term_node` VALUES ('959','48');
INSERT INTO `term_node` VALUES ('959','62');
INSERT INTO `term_node` VALUES ('960','48');
INSERT INTO `term_node` VALUES ('960','62');
INSERT INTO `term_node` VALUES ('961','48');
INSERT INTO `term_node` VALUES ('961','62');
INSERT INTO `term_node` VALUES ('962','48');
INSERT INTO `term_node` VALUES ('962','62');
INSERT INTO `term_node` VALUES ('963','48');
INSERT INTO `term_node` VALUES ('963','62');
INSERT INTO `term_node` VALUES ('964','48');
INSERT INTO `term_node` VALUES ('964','62');
INSERT INTO `term_node` VALUES ('965','48');
INSERT INTO `term_node` VALUES ('965','62');
INSERT INTO `term_node` VALUES ('966','2');
INSERT INTO `term_node` VALUES ('967','45');
INSERT INTO `term_node` VALUES ('968','10');
INSERT INTO `term_node` VALUES ('969','10');
INSERT INTO `term_node` VALUES ('971','46');
INSERT INTO `term_node` VALUES ('972','46');
INSERT INTO `term_node` VALUES ('973','46');
INSERT INTO `term_node` VALUES ('974','46');
INSERT INTO `term_node` VALUES ('976','10');
INSERT INTO `term_node` VALUES ('978','49');
INSERT INTO `term_node` VALUES ('978','62');
INSERT INTO `term_node` VALUES ('979','49');
INSERT INTO `term_node` VALUES ('979','62');
INSERT INTO `term_node` VALUES ('980','45');
INSERT INTO `term_node` VALUES ('981','10');
INSERT INTO `term_node` VALUES ('983','10');
INSERT INTO `term_node` VALUES ('986','10');
INSERT INTO `term_node` VALUES ('987','51');
INSERT INTO `term_node` VALUES ('987','61');
INSERT INTO `term_node` VALUES ('989','10');
INSERT INTO `term_node` VALUES ('991','45');
INSERT INTO `term_node` VALUES ('992','6');
INSERT INTO `term_node` VALUES ('993','13');
INSERT INTO `term_node` VALUES ('994','2');
INSERT INTO `term_node` VALUES ('995','13');
INSERT INTO `term_node` VALUES ('996','13');
INSERT INTO `term_node` VALUES ('997','13');
INSERT INTO `term_node` VALUES ('998','13');
INSERT INTO `term_node` VALUES ('999','13');
INSERT INTO `term_node` VALUES ('1000','13');
INSERT INTO `term_node` VALUES ('1001','13');
INSERT INTO `term_node` VALUES ('1002','54');
INSERT INTO `term_node` VALUES ('1003','55');
INSERT INTO `term_node` VALUES ('1005','56');
INSERT INTO `term_node` VALUES ('1006','57');
INSERT INTO `term_node` VALUES ('1007','10');
INSERT INTO `term_node` VALUES ('1010','10');
INSERT INTO `term_node` VALUES ('1011','45');
INSERT INTO `term_node` VALUES ('1012','45');
INSERT INTO `term_node` VALUES ('1014','44');
INSERT INTO `term_node` VALUES ('1015','10');
INSERT INTO `term_node` VALUES ('1017','45');
INSERT INTO `term_node` VALUES ('1018','44');
INSERT INTO `term_node` VALUES ('1019','44');
INSERT INTO `term_node` VALUES ('1020','44');
INSERT INTO `term_node` VALUES ('1021','44');
INSERT INTO `term_node` VALUES ('1022','44');
INSERT INTO `term_node` VALUES ('1023','44');
INSERT INTO `term_node` VALUES ('1024','44');
INSERT INTO `term_node` VALUES ('1026','44');
INSERT INTO `term_node` VALUES ('1027','44');
INSERT INTO `term_node` VALUES ('1028','6');
INSERT INTO `term_node` VALUES ('1029','6');
INSERT INTO `term_node` VALUES ('1030','6');
INSERT INTO `term_node` VALUES ('1031','6');
INSERT INTO `term_node` VALUES ('1032','6');
INSERT INTO `term_node` VALUES ('1033','6');
INSERT INTO `term_node` VALUES ('1034','10');
INSERT INTO `term_node` VALUES ('1035','2');
INSERT INTO `term_node` VALUES ('1037','45');
INSERT INTO `term_node` VALUES ('1038','56');
INSERT INTO `term_node` VALUES ('1038','58');
INSERT INTO `term_node` VALUES ('1039','10');
INSERT INTO `term_node` VALUES ('1042','57');
INSERT INTO `term_node` VALUES ('1042','58');
INSERT INTO `term_node` VALUES ('1043','57');
INSERT INTO `term_node` VALUES ('1043','58');
INSERT INTO `term_node` VALUES ('1044','57');
INSERT INTO `term_node` VALUES ('1044','58');
INSERT INTO `term_node` VALUES ('1045','55');
INSERT INTO `term_node` VALUES ('1049','55');
INSERT INTO `term_node` VALUES ('1049','58');
INSERT INTO `term_node` VALUES ('1050','46');
INSERT INTO `term_node` VALUES ('1051','46');
INSERT INTO `term_node` VALUES ('1052','57');
INSERT INTO `term_node` VALUES ('1052','58');
INSERT INTO `term_node` VALUES ('1054','57');
INSERT INTO `term_node` VALUES ('1054','58');
INSERT INTO `term_node` VALUES ('1055','57');
INSERT INTO `term_node` VALUES ('1055','58');
INSERT INTO `term_node` VALUES ('1057','57');
INSERT INTO `term_node` VALUES ('1057','58');
INSERT INTO `term_node` VALUES ('1058','57');
INSERT INTO `term_node` VALUES ('1058','58');
INSERT INTO `term_node` VALUES ('1059','57');
INSERT INTO `term_node` VALUES ('1059','58');
INSERT INTO `term_node` VALUES ('1060','57');
INSERT INTO `term_node` VALUES ('1060','58');
INSERT INTO `term_node` VALUES ('1062','56');
INSERT INTO `term_node` VALUES ('1062','58');
INSERT INTO `term_node` VALUES ('1063','56');
INSERT INTO `term_node` VALUES ('1063','58');
INSERT INTO `term_node` VALUES ('1064','56');
INSERT INTO `term_node` VALUES ('1064','58');
INSERT INTO `term_node` VALUES ('1065','56');
INSERT INTO `term_node` VALUES ('1065','58');
INSERT INTO `term_node` VALUES ('1066','56');
INSERT INTO `term_node` VALUES ('1066','58');
INSERT INTO `term_node` VALUES ('1067','57');
INSERT INTO `term_node` VALUES ('1067','58');
INSERT INTO `term_node` VALUES ('1068','57');
INSERT INTO `term_node` VALUES ('1068','58');
INSERT INTO `term_node` VALUES ('1069','57');
INSERT INTO `term_node` VALUES ('1069','58');
INSERT INTO `term_node` VALUES ('1070','57');
INSERT INTO `term_node` VALUES ('1070','58');
INSERT INTO `term_node` VALUES ('1071','57');
INSERT INTO `term_node` VALUES ('1071','58');
INSERT INTO `term_node` VALUES ('1072','57');
INSERT INTO `term_node` VALUES ('1072','58');
INSERT INTO `term_node` VALUES ('1073','57');
INSERT INTO `term_node` VALUES ('1073','58');
INSERT INTO `term_node` VALUES ('1074','57');
INSERT INTO `term_node` VALUES ('1074','58');
INSERT INTO `term_node` VALUES ('1075','57');
INSERT INTO `term_node` VALUES ('1075','58');
INSERT INTO `term_node` VALUES ('1076','57');
INSERT INTO `term_node` VALUES ('1076','58');
INSERT INTO `term_node` VALUES ('1077','57');
INSERT INTO `term_node` VALUES ('1077','58');
INSERT INTO `term_node` VALUES ('1078','57');
INSERT INTO `term_node` VALUES ('1078','58');
INSERT INTO `term_node` VALUES ('1079','57');
INSERT INTO `term_node` VALUES ('1079','58');
INSERT INTO `term_node` VALUES ('1080','57');
INSERT INTO `term_node` VALUES ('1080','58');
INSERT INTO `term_node` VALUES ('1081','55');
INSERT INTO `term_node` VALUES ('1081','58');
INSERT INTO `term_node` VALUES ('1082','55');
INSERT INTO `term_node` VALUES ('1082','58');
INSERT INTO `term_node` VALUES ('1085','2');
INSERT INTO `term_node` VALUES ('1087','45');
INSERT INTO `term_node` VALUES ('1088','46');
INSERT INTO `term_node` VALUES ('1089','46');
INSERT INTO `term_node` VALUES ('1090','46');
INSERT INTO `term_node` VALUES ('1091','46');
INSERT INTO `term_node` VALUES ('1092','44');
INSERT INTO `term_node` VALUES ('1093','44');
INSERT INTO `term_node` VALUES ('1094','44');
INSERT INTO `term_node` VALUES ('1095','44');
INSERT INTO `term_node` VALUES ('1096','44');
INSERT INTO `term_node` VALUES ('1097','44');
INSERT INTO `term_node` VALUES ('1098','44');
INSERT INTO `term_node` VALUES ('1099','44');
INSERT INTO `term_node` VALUES ('1100','2');
INSERT INTO `term_node` VALUES ('1101','45');
INSERT INTO `term_node` VALUES ('1105','6');
INSERT INTO `term_node` VALUES ('1106','4');
INSERT INTO `term_node` VALUES ('1107','6');
INSERT INTO `term_node` VALUES ('1108','6');
INSERT INTO `term_node` VALUES ('1109','6');
INSERT INTO `term_node` VALUES ('1110','2');
INSERT INTO `term_node` VALUES ('1112','55');
INSERT INTO `term_node` VALUES ('1112','58');
INSERT INTO `term_node` VALUES ('1113','55');
INSERT INTO `term_node` VALUES ('1113','58');
INSERT INTO `term_node` VALUES ('1115','57');
INSERT INTO `term_node` VALUES ('1115','58');
INSERT INTO `term_node` VALUES ('1116','57');
INSERT INTO `term_node` VALUES ('1116','58');
INSERT INTO `term_node` VALUES ('1117','57');
INSERT INTO `term_node` VALUES ('1117','58');
INSERT INTO `term_node` VALUES ('1123','45');
INSERT INTO `term_node` VALUES ('1125','55');
INSERT INTO `term_node` VALUES ('1125','58');
INSERT INTO `term_node` VALUES ('1126','12');
INSERT INTO `term_node` VALUES ('1127','55');
INSERT INTO `term_node` VALUES ('1127','58');
INSERT INTO `term_node` VALUES ('1130','55');
INSERT INTO `term_node` VALUES ('1131','45');
INSERT INTO `term_node` VALUES ('1132','55');
INSERT INTO `term_node` VALUES ('1132','58');
INSERT INTO `term_node` VALUES ('1133','2');
INSERT INTO `term_node` VALUES ('1135','45');
INSERT INTO `term_node` VALUES ('1136','6');
INSERT INTO `term_node` VALUES ('1137','2');
INSERT INTO `term_node` VALUES ('1139','55');
INSERT INTO `term_node` VALUES ('1139','58');
INSERT INTO `term_node` VALUES ('1141','45');
INSERT INTO `term_node` VALUES ('1144','2');
INSERT INTO `term_node` VALUES ('1146','45');
INSERT INTO `term_node` VALUES ('1148','55');
INSERT INTO `term_node` VALUES ('1148','58');
INSERT INTO `term_node` VALUES ('1149','2');
INSERT INTO `term_node` VALUES ('1150','55');
INSERT INTO `term_node` VALUES ('1150','58');
INSERT INTO `term_node` VALUES ('1151','44');
INSERT INTO `term_node` VALUES ('1152','44');
INSERT INTO `term_node` VALUES ('1153','44');
INSERT INTO `term_node` VALUES ('1154','44');
INSERT INTO `term_node` VALUES ('1155','44');
INSERT INTO `term_node` VALUES ('1156','44');
INSERT INTO `term_node` VALUES ('1157','44');
INSERT INTO `term_node` VALUES ('1158','44');
INSERT INTO `term_node` VALUES ('1159','44');
INSERT INTO `term_node` VALUES ('1160','44');
INSERT INTO `term_node` VALUES ('1161','44');
INSERT INTO `term_node` VALUES ('1162','44');
INSERT INTO `term_node` VALUES ('1168','45');
INSERT INTO `term_node` VALUES ('1170','55');
INSERT INTO `term_node` VALUES ('1170','58');
INSERT INTO `term_node` VALUES ('1171','43');
INSERT INTO `term_node` VALUES ('1173','55');
INSERT INTO `term_node` VALUES ('1173','58');
INSERT INTO `term_node` VALUES ('1175','55');
INSERT INTO `term_node` VALUES ('1175','58');
INSERT INTO `term_node` VALUES ('1177','55');
INSERT INTO `term_node` VALUES ('1177','58');
INSERT INTO `term_node` VALUES ('1179','4');
INSERT INTO `term_node` VALUES ('1180','55');
INSERT INTO `term_node` VALUES ('1180','58');
INSERT INTO `term_node` VALUES ('1181','44');
INSERT INTO `term_node` VALUES ('1182','44');
INSERT INTO `term_node` VALUES ('1183','44');
INSERT INTO `term_node` VALUES ('1184','44');
INSERT INTO `term_node` VALUES ('1185','44');
INSERT INTO `term_node` VALUES ('1186','44');
INSERT INTO `term_node` VALUES ('1187','44');
INSERT INTO `term_node` VALUES ('1188','44');
INSERT INTO `term_node` VALUES ('1189','44');
INSERT INTO `term_node` VALUES ('1192','2');
INSERT INTO `term_node` VALUES ('1193','2');
INSERT INTO `term_node` VALUES ('1195','55');
INSERT INTO `term_node` VALUES ('1195','58');
INSERT INTO `term_node` VALUES ('1201','2');
INSERT INTO `term_node` VALUES ('1202','55');
INSERT INTO `term_node` VALUES ('1202','58');
INSERT INTO `term_node` VALUES ('1203','56');
INSERT INTO `term_node` VALUES ('1203','58');
INSERT INTO `term_node` VALUES ('1205','45');
INSERT INTO `term_node` VALUES ('1206','55');
INSERT INTO `term_node` VALUES ('1206','58');
INSERT INTO `term_node` VALUES ('1207','6');
INSERT INTO `term_node` VALUES ('1209','2');
INSERT INTO `term_node` VALUES ('1211','55');
INSERT INTO `term_node` VALUES ('1211','58');
INSERT INTO `term_node` VALUES ('1214','44');
INSERT INTO `term_node` VALUES ('1215','44');
INSERT INTO `term_node` VALUES ('1216','44');
INSERT INTO `term_node` VALUES ('1217','44');
INSERT INTO `term_node` VALUES ('1218','44');
INSERT INTO `term_node` VALUES ('1219','44');
INSERT INTO `term_node` VALUES ('1220','44');
INSERT INTO `term_node` VALUES ('1225','55');
INSERT INTO `term_node` VALUES ('1225','58');
INSERT INTO `term_node` VALUES ('1229','45');
INSERT INTO `term_node` VALUES ('1234','55');
INSERT INTO `term_node` VALUES ('1234','58');
INSERT INTO `term_node` VALUES ('1235','2');
INSERT INTO `term_node` VALUES ('1237','45');
INSERT INTO `term_node` VALUES ('1239','63');
INSERT INTO `term_node` VALUES ('1239','65');
INSERT INTO `term_node` VALUES ('1240','64');
INSERT INTO `term_node` VALUES ('1240','68');
INSERT INTO `term_node` VALUES ('1241','64');
INSERT INTO `term_node` VALUES ('1241','69');
INSERT INTO `term_node` VALUES ('1242','63');
INSERT INTO `term_node` VALUES ('1242','67');
INSERT INTO `term_node` VALUES ('1243','63');
INSERT INTO `term_node` VALUES ('1243','67');
INSERT INTO `term_node` VALUES ('1244','63');
INSERT INTO `term_node` VALUES ('1244','67');
INSERT INTO `term_node` VALUES ('1245','64');
INSERT INTO `term_node` VALUES ('1245','70');
INSERT INTO `term_node` VALUES ('1246','63');
INSERT INTO `term_node` VALUES ('1246','66');
INSERT INTO `term_node` VALUES ('1247','50');
INSERT INTO `term_node` VALUES ('1247','62');
INSERT INTO `term_node` VALUES ('1248','50');
INSERT INTO `term_node` VALUES ('1248','62');
INSERT INTO `term_node` VALUES ('1250','55');
INSERT INTO `term_node` VALUES ('1250','58');
INSERT INTO `term_node` VALUES ('1253','55');
INSERT INTO `term_node` VALUES ('1253','58');
INSERT INTO `term_node` VALUES ('1255','55');
INSERT INTO `term_node` VALUES ('1255','58');
INSERT INTO `term_node` VALUES ('1256','44');
INSERT INTO `term_node` VALUES ('1257','44');
INSERT INTO `term_node` VALUES ('1258','44');
INSERT INTO `term_node` VALUES ('1259','44');
INSERT INTO `term_node` VALUES ('1260','44');
INSERT INTO `term_node` VALUES ('1261','44');
INSERT INTO `term_node` VALUES ('1262','44');
INSERT INTO `term_node` VALUES ('1263','44');
INSERT INTO `term_node` VALUES ('1264','44');
INSERT INTO `term_node` VALUES ('1266','44');
INSERT INTO `term_node` VALUES ('1267','44');
INSERT INTO `term_node` VALUES ('1268','44');
INSERT INTO `term_node` VALUES ('1269','44');
INSERT INTO `term_node` VALUES ('1270','2');
INSERT INTO `term_node` VALUES ('1272','55');
INSERT INTO `term_node` VALUES ('1272','58');
INSERT INTO `term_node` VALUES ('1275','2');
INSERT INTO `term_node` VALUES ('1276','56');
INSERT INTO `term_node` VALUES ('1277','55');
INSERT INTO `term_node` VALUES ('1277','58');
INSERT INTO `term_node` VALUES ('1298','2');
INSERT INTO `term_node` VALUES ('1302','2');
INSERT INTO `term_node` VALUES ('1305','2');
INSERT INTO `term_node` VALUES ('1307','89');
INSERT INTO `term_node` VALUES ('1309','2');
INSERT INTO `term_node` VALUES ('1310','55');
INSERT INTO `term_node` VALUES ('1310','58');
INSERT INTO `term_node` VALUES ('1323','13');
INSERT INTO `term_node` VALUES ('1327','55');
INSERT INTO `term_node` VALUES ('1327','58');
INSERT INTO `term_node` VALUES ('1328','2');
INSERT INTO `term_node` VALUES ('1329','44');
INSERT INTO `term_node` VALUES ('1330','44');
INSERT INTO `term_node` VALUES ('1331','44');
INSERT INTO `term_node` VALUES ('1332','44');
INSERT INTO `term_node` VALUES ('1333','44');
INSERT INTO `term_node` VALUES ('1334','44');
INSERT INTO `term_node` VALUES ('1335','44');
INSERT INTO `term_node` VALUES ('1336','44');
INSERT INTO `term_node` VALUES ('1337','44');
INSERT INTO `term_node` VALUES ('1338','44');
INSERT INTO `term_node` VALUES ('1339','44');
INSERT INTO `term_node` VALUES ('1342','45');
INSERT INTO `term_node` VALUES ('1343','55');
INSERT INTO `term_node` VALUES ('1343','58');
INSERT INTO `term_node` VALUES ('1394','46');
INSERT INTO `term_node` VALUES ('1395','46');
INSERT INTO `term_node` VALUES ('1396','46');
INSERT INTO `term_node` VALUES ('1397','46');
INSERT INTO `term_node` VALUES ('1398','46');
INSERT INTO `term_node` VALUES ('1399','46');
INSERT INTO `term_node` VALUES ('1400','46');
INSERT INTO `term_node` VALUES ('1401','46');
INSERT INTO `term_node` VALUES ('1403','2');
INSERT INTO `term_node` VALUES ('1405','2');
INSERT INTO `term_node` VALUES ('1407','2');
INSERT INTO `term_node` VALUES ('1408','72');
INSERT INTO `term_node` VALUES ('1409','72');
INSERT INTO `term_node` VALUES ('1410','72');
INSERT INTO `term_node` VALUES ('1411','73');
INSERT INTO `term_node` VALUES ('1412','73');
INSERT INTO `term_node` VALUES ('1413','73');
INSERT INTO `term_node` VALUES ('1415','75');
INSERT INTO `term_node` VALUES ('1416','75');
INSERT INTO `term_node` VALUES ('1417','75');
INSERT INTO `term_node` VALUES ('1418','75');
INSERT INTO `term_node` VALUES ('1419','75');
INSERT INTO `term_node` VALUES ('1420','76');
INSERT INTO `term_node` VALUES ('1422','2');
INSERT INTO `term_node` VALUES ('1423','45');
INSERT INTO `term_node` VALUES ('1432','45');
INSERT INTO `term_node` VALUES ('1434','2');
INSERT INTO `term_node` VALUES ('1437','44');
INSERT INTO `term_node` VALUES ('1440','44');
INSERT INTO `term_node` VALUES ('1441','44');
INSERT INTO `term_node` VALUES ('1442','44');
INSERT INTO `term_node` VALUES ('1444','44');
INSERT INTO `term_node` VALUES ('1445','44');
INSERT INTO `term_node` VALUES ('1447','44');
INSERT INTO `term_node` VALUES ('1448','44');
INSERT INTO `term_node` VALUES ('1449','44');
INSERT INTO `term_node` VALUES ('1450','6');
INSERT INTO `term_node` VALUES ('1451','6');
INSERT INTO `term_node` VALUES ('1452','6');
INSERT INTO `term_node` VALUES ('1453','6');
INSERT INTO `term_node` VALUES ('1454','6');
INSERT INTO `term_node` VALUES ('1455','6');
INSERT INTO `term_node` VALUES ('1456','6');
INSERT INTO `term_node` VALUES ('1457','6');
INSERT INTO `term_node` VALUES ('1458','6');
INSERT INTO `term_node` VALUES ('1459','6');
INSERT INTO `term_node` VALUES ('1460','6');
INSERT INTO `term_node` VALUES ('1461','6');
INSERT INTO `term_node` VALUES ('1462','6');
INSERT INTO `term_node` VALUES ('1463','6');
INSERT INTO `term_node` VALUES ('1465','46');
INSERT INTO `term_node` VALUES ('1466','46');
INSERT INTO `term_node` VALUES ('1467','46');
INSERT INTO `term_node` VALUES ('1468','46');
INSERT INTO `term_node` VALUES ('1469','46');
INSERT INTO `term_node` VALUES ('1470','46');
INSERT INTO `term_node` VALUES ('1472','2');
INSERT INTO `term_node` VALUES ('1473','2');
INSERT INTO `term_node` VALUES ('1486','6');
INSERT INTO `term_node` VALUES ('1490','2');
INSERT INTO `term_node` VALUES ('1492','2');
INSERT INTO `term_node` VALUES ('1673','2');
INSERT INTO `term_node` VALUES ('1677','77');
INSERT INTO `term_node` VALUES ('1678','77');
INSERT INTO `term_node` VALUES ('1679','77');
INSERT INTO `term_node` VALUES ('1680','77');
INSERT INTO `term_node` VALUES ('1681','77');
INSERT INTO `term_node` VALUES ('1682','77');
INSERT INTO `term_node` VALUES ('1683','77');
INSERT INTO `term_node` VALUES ('1684','77');
INSERT INTO `term_node` VALUES ('1685','2');
INSERT INTO `term_node` VALUES ('1689','2');
INSERT INTO `term_node` VALUES ('1690','13');
INSERT INTO `term_node` VALUES ('1693','2');
INSERT INTO `term_node` VALUES ('1694','2');
INSERT INTO `term_node` VALUES ('1701','2');
INSERT INTO `term_node` VALUES ('1704','2');
INSERT INTO `term_node` VALUES ('1706','2');
INSERT INTO `term_node` VALUES ('1711','2');
INSERT INTO `term_node` VALUES ('1760','2');
INSERT INTO `term_node` VALUES ('1761','46');
INSERT INTO `term_node` VALUES ('1762','46');
INSERT INTO `term_node` VALUES ('1763','46');
INSERT INTO `term_node` VALUES ('1767','2');
INSERT INTO `term_node` VALUES ('1770','46');
INSERT INTO `term_node` VALUES ('1775','2');
INSERT INTO `term_node` VALUES ('1780','2');
INSERT INTO `term_node` VALUES ('1781','2');
INSERT INTO `term_node` VALUES ('1782','2');
INSERT INTO `term_node` VALUES ('1786','13');
INSERT INTO `term_node` VALUES ('1787','2');
INSERT INTO `term_node` VALUES ('1832','57');
INSERT INTO `term_node` VALUES ('1833','57');
INSERT INTO `term_node` VALUES ('1834','57');
INSERT INTO `term_node` VALUES ('1835','57');
INSERT INTO `term_node` VALUES ('1836','57');
INSERT INTO `term_node` VALUES ('1837','57');
INSERT INTO `term_node` VALUES ('1838','57');
INSERT INTO `term_node` VALUES ('1839','57');
INSERT INTO `term_node` VALUES ('1840','57');
INSERT INTO `term_node` VALUES ('1841','57');
INSERT INTO `term_node` VALUES ('1842','57');
INSERT INTO `term_node` VALUES ('1843','57');
INSERT INTO `term_node` VALUES ('1844','57');
INSERT INTO `term_node` VALUES ('1845','57');
INSERT INTO `term_node` VALUES ('1846','57');
INSERT INTO `term_node` VALUES ('1847','57');
INSERT INTO `term_node` VALUES ('1848','2');
INSERT INTO `term_node` VALUES ('1866','79');
INSERT INTO `term_node` VALUES ('1867','83');
INSERT INTO `term_node` VALUES ('1868','82');
INSERT INTO `term_node` VALUES ('1869','82');
INSERT INTO `term_node` VALUES ('1870','81');
INSERT INTO `term_node` VALUES ('1871','81');
INSERT INTO `term_node` VALUES ('1872','81');
INSERT INTO `term_node` VALUES ('1873','81');
INSERT INTO `term_node` VALUES ('1874','81');
INSERT INTO `term_node` VALUES ('1875','80');
INSERT INTO `term_node` VALUES ('1876','80');
INSERT INTO `term_node` VALUES ('1877','79');
INSERT INTO `term_node` VALUES ('1878','79');
INSERT INTO `term_node` VALUES ('1879','2');
INSERT INTO `term_node` VALUES ('1880','2');
INSERT INTO `term_node` VALUES ('1881','84');
INSERT INTO `term_node` VALUES ('1882','84');
INSERT INTO `term_node` VALUES ('1883','84');
INSERT INTO `term_node` VALUES ('1885','84');
INSERT INTO `term_node` VALUES ('1886','84');
INSERT INTO `term_node` VALUES ('1887','84');
INSERT INTO `term_node` VALUES ('1888','84');
INSERT INTO `term_node` VALUES ('1889','84');
INSERT INTO `term_node` VALUES ('1890','84');
INSERT INTO `term_node` VALUES ('1891','84');
INSERT INTO `term_node` VALUES ('1892','84');
INSERT INTO `term_node` VALUES ('1893','84');
INSERT INTO `term_node` VALUES ('1894','84');
INSERT INTO `term_node` VALUES ('1901','6');
INSERT INTO `term_node` VALUES ('2005','2');
INSERT INTO `term_node` VALUES ('2007','2');
INSERT INTO `term_node` VALUES ('2101','2');
INSERT INTO `term_node` VALUES ('2111','2');
INSERT INTO `term_node` VALUES ('2118','13');
INSERT INTO `term_node` VALUES ('2120','2');
INSERT INTO `term_node` VALUES ('2149','40');
INSERT INTO `term_node` VALUES ('2150','40');
INSERT INTO `term_node` VALUES ('2151','40');
INSERT INTO `term_node` VALUES ('2152','40');
INSERT INTO `term_node` VALUES ('2153','40');
INSERT INTO `term_node` VALUES ('2154','40');
INSERT INTO `term_node` VALUES ('2155','2');
INSERT INTO `term_node` VALUES ('2156','2');
INSERT INTO `term_node` VALUES ('2157','57');
INSERT INTO `term_node` VALUES ('2159','46');
INSERT INTO `term_node` VALUES ('2160','46');
INSERT INTO `term_node` VALUES ('2161','46');
INSERT INTO `term_node` VALUES ('2162','46');
INSERT INTO `term_node` VALUES ('2163','40');
INSERT INTO `term_node` VALUES ('2164','40');
INSERT INTO `term_node` VALUES ('2165','40');
INSERT INTO `term_node` VALUES ('2166','40');
INSERT INTO `term_node` VALUES ('2167','40');
INSERT INTO `term_node` VALUES ('2171','40');
INSERT INTO `term_node` VALUES ('2172','68');
INSERT INTO `term_node` VALUES ('2173','68');
INSERT INTO `term_node` VALUES ('2174','70');
INSERT INTO `term_node` VALUES ('2175','70');
INSERT INTO `term_node` VALUES ('2176','65');
INSERT INTO `term_node` VALUES ('2177','67');
INSERT INTO `term_node` VALUES ('2178','67');
INSERT INTO `term_node` VALUES ('2179','67');
INSERT INTO `term_node` VALUES ('2180','66');
INSERT INTO `term_node` VALUES ('2181','66');
INSERT INTO `term_node` VALUES ('2182','66');
INSERT INTO `term_node` VALUES ('2183','66');
INSERT INTO `term_node` VALUES ('2184','66');
INSERT INTO `term_node` VALUES ('2185','66');
INSERT INTO `term_node` VALUES ('2186','66');
INSERT INTO `term_node` VALUES ('2190','40');
INSERT INTO `term_node` VALUES ('2191','2');
INSERT INTO `term_node` VALUES ('2192','86');
INSERT INTO `term_node` VALUES ('2193','87');
INSERT INTO `term_node` VALUES ('2195','90');
INSERT INTO `term_node` VALUES ('2203','40');
INSERT INTO `term_node` VALUES ('2205','45');
INSERT INTO `term_node` VALUES ('2206','45');
INSERT INTO `term_node` VALUES ('2212','2');
INSERT INTO `term_node` VALUES ('2241','2');
INSERT INTO `term_node` VALUES ('2247','40');
INSERT INTO `term_node` VALUES ('2248','40');
INSERT INTO `term_node` VALUES ('2249','40');
INSERT INTO `term_node` VALUES ('2251','40');
INSERT INTO `term_node` VALUES ('2252','40');
INSERT INTO `term_node` VALUES ('2255','40');
INSERT INTO `term_node` VALUES ('2256','40');
INSERT INTO `term_node` VALUES ('2257','40');
INSERT INTO `term_node` VALUES ('2259','40');
INSERT INTO `term_node` VALUES ('2262','93');
INSERT INTO `term_node` VALUES ('2263','93');
INSERT INTO `term_node` VALUES ('2264','93');
INSERT INTO `term_node` VALUES ('2265','94');
INSERT INTO `term_node` VALUES ('2266','94');
INSERT INTO `term_node` VALUES ('2267','94');
INSERT INTO `term_node` VALUES ('2268','92');
INSERT INTO `term_node` VALUES ('2269','95');
INSERT INTO `term_node` VALUES ('2270','92');
INSERT INTO `term_node` VALUES ('2271','92');
INSERT INTO `term_node` VALUES ('2272','92');
INSERT INTO `term_node` VALUES ('2273','92');
INSERT INTO `term_node` VALUES ('2274','92');
INSERT INTO `term_node` VALUES ('2275','92');
INSERT INTO `term_node` VALUES ('2276','92');
INSERT INTO `term_node` VALUES ('2277','92');
INSERT INTO `term_node` VALUES ('2306','2');
INSERT INTO `term_node` VALUES ('2319','2');
INSERT INTO `term_node` VALUES ('2452','2');
INSERT INTO `term_node` VALUES ('2461','2');
INSERT INTO `term_node` VALUES ('2462','45');
INSERT INTO `term_node` VALUES ('2463','45');
INSERT INTO `term_node` VALUES ('2464','46');
INSERT INTO `term_node` VALUES ('2465','46');
INSERT INTO `term_node` VALUES ('2466','46');
INSERT INTO `term_node` VALUES ('2467','40');
INSERT INTO `term_node` VALUES ('2468','40');
INSERT INTO `term_node` VALUES ('2469','40');
INSERT INTO `term_node` VALUES ('2470','40');
INSERT INTO `term_node` VALUES ('2471','40');
INSERT INTO `term_node` VALUES ('2472','40');
INSERT INTO `term_node` VALUES ('2481','2');
INSERT INTO `term_node` VALUES ('2482','2');
INSERT INTO `term_node` VALUES ('2483','2');
INSERT INTO `term_node` VALUES ('2484','2');
INSERT INTO `term_node` VALUES ('2495','97');
INSERT INTO `term_node` VALUES ('2496','97');
INSERT INTO `term_node` VALUES ('2497','97');
INSERT INTO `term_node` VALUES ('2498','98');
INSERT INTO `term_node` VALUES ('2499','98');
INSERT INTO `term_node` VALUES ('2500','99');
INSERT INTO `term_node` VALUES ('2501','100');
INSERT INTO `term_node` VALUES ('2502','101');
INSERT INTO `term_node` VALUES ('2509','2');
INSERT INTO `term_node` VALUES ('2512','2');
INSERT INTO `term_node` VALUES ('2514','2');
INSERT INTO `term_node` VALUES ('2515','2');
